--
-- Host: localhost    Database: letto_base
-- ------------------------------------------------------


--
-- Table structure for table `Cpu`
--

CREATE TABLE `Cpu` (
  `ID` int NOT NULL AUTO_INCREMENT,
  `APPLICATION` varchar(255) DEFAULT NULL,
  `CPULOAD` double DEFAULT NULL,
  `TIME` timestamp NULL DEFAULT NULL,
  PRIMARY KEY (`ID`)
) ENGINE=InnoDB AUTO_INCREMENT=3195 DEFAULT CHARSET=utf8mb4 COLLATE=utf8mb4_0900_ai_ci;

--
-- Dumping data for table `Cpu`
--

INSERT INTO `Cpu` VALUES (2262,'lettohtlstp',0.0041168290609309485,'2022-10-01 09:37:46'),(2263,'lettohtlstp',0.004471576548818417,'2022-10-01 09:38:46'),(2265,'lettohtlstp',0.008733292723496402,'2022-10-01 09:39:46'),(2267,'lettohtlstp',0.00907744361544426,'2022-10-01 09:40:46'),(2269,'lettohtlstp',0.0043046162653363855,'2022-10-01 09:41:46'),(2272,'lettohtlstp',0.0028264863399526706,'2022-10-01 09:42:46'),(3192,'lettohtlstp',0.01567430848585636,'2022-10-01 09:43:46'),(3193,'lettohtlstp',0.004390567926521033,'2022-10-01 09:44:46'),(3194,'lettohtlstp',0.0024886673622546915,'2022-10-01 09:45:46');

--
-- Table structure for table `FilesForTestDetails`
--

CREATE TABLE `FilesForTestDetails` (
  `TestDetail_ID` int DEFAULT NULL,
  `FILES` longtext,
  KEY `FK_FilesForTestDetails_TestDetail_ID` (`TestDetail_ID`),
  CONSTRAINT `FK_FilesForTestDetails_TestDetail_ID` FOREIGN KEY (`TestDetail_ID`) REFERENCES `testDetails` (`id`)
) ENGINE=InnoDB DEFAULT CHARSET=utf8mb4 COLLATE=utf8mb4_0900_ai_ci;

--
-- Dumping data for table `FilesForTestDetails`
--


--
-- Table structure for table `Info`
--

CREATE TABLE `Info` (
  `ID` int NOT NULL AUTO_INCREMENT,
  `NAME` varchar(40) NOT NULL,
  `WERT` varchar(100) NOT NULL,
  PRIMARY KEY (`ID`)
) ENGINE=InnoDB AUTO_INCREMENT=11 DEFAULT CHARSET=utf8mb4 COLLATE=utf8mb4_0900_ai_ci;

--
-- Dumping data for table `Info`
--

INSERT INTO `Info` VALUES (1,'version','193.170.118.80,Mon May 04 19:13:14 CEST 2015'),(4,'db_change','6500'),(10,'init','');

--
-- Table structure for table `LogMsg`
--

CREATE TABLE `LogMsg` (
  `id` int NOT NULL AUTO_INCREMENT,
  `CPULOAD` double DEFAULT NULL,
  `IDPREV` int DEFAULT NULL,
  `METHODNAME` varchar(255) DEFAULT NULL,
  `MSG` longtext,
  `TIME` datetime DEFAULT NULL,
  `TIMEINMILLIS` bigint DEFAULT NULL,
  `TYP` int DEFAULT NULL,
  `idUser` int DEFAULT NULL,
  PRIMARY KEY (`id`),
  KEY `FK_LogMsg_idUser` (`idUser`),
  CONSTRAINT `FK_LogMsg_idUser` FOREIGN KEY (`idUser`) REFERENCES `user` (`id`)
) ENGINE=InnoDB DEFAULT CHARSET=utf8mb4 COLLATE=utf8mb4_0900_ai_ci;

--
-- Dumping data for table `LogMsg`
--


--
-- Table structure for table `MoodleFile`
--

CREATE TABLE `MoodleFile` (
  `id` int NOT NULL AUTO_INCREMENT,
  `BREITE` int DEFAULT NULL,
  `FILENAME` varchar(100) DEFAULT NULL,
  `TAGALT` varchar(100) DEFAULT NULL,
  `TAGHEIGHT` int DEFAULT NULL,
  `TAGSTYLE` varchar(100) DEFAULT NULL,
  `TAGTITLE` varchar(100) DEFAULT NULL,
  `TAGWIDTH` int DEFAULT NULL,
  `idImage` varchar(100) DEFAULT NULL,
  `idText` bigint DEFAULT NULL,
  `files_ORDER` int DEFAULT NULL,
  PRIMARY KEY (`id`),
  KEY `FK_MoodleFile_idImage` (`idImage`),
  KEY `FK_MoodleFile_idText` (`idText`),
  CONSTRAINT `FK_MoodleFile_idImage` FOREIGN KEY (`idImage`) REFERENCES `images` (`MD5`),
  CONSTRAINT `FK_MoodleFile_idText` FOREIGN KEY (`idText`) REFERENCES `moodleText` (`id`)
) ENGINE=InnoDB AUTO_INCREMENT=3055 DEFAULT CHARSET=utf8mb4 COLLATE=utf8mb4_0900_ai_ci;

--
-- Dumping data for table `MoodleFile`
--

INSERT INTO `MoodleFile` VALUES (2280,0,'Clipboard.png','',0,'','',5,'6dd7774d667fd069333acfc79646',2279,0),(2281,0,'Clipboard.png','',0,'','',15,'7276d3109302f65936a55fae1fb9aa0',2279,1),(2297,0,'Clipboard.png','',0,'','',5,'6dd7774d667fd069333acfc79646',2296,0),(2298,0,'LeTTo_Logo_animated_100.gif','',0,'','',2,'525c15c31e66eab77f1be8e845931b',2296,1),(2314,0,'Clipboard.png','',0,'','',5,'6dd7774d667fd069333acfc79646',2313,0),(2315,0,'Clipboard.png','',0,'','',5,'1769dd3d6ad813cfa2458d2afb473ba9',2313,1),(2333,0,'Clipboard.png','',0,'','',5,'6dd7774d667fd069333acfc79646',2332,0),(2334,0,'Clipboard.png','',0,'','',5,'1769dd3d6ad813cfa2458d2afb473ba9',2332,1),(2350,0,'Clipboard.png','',0,'','',5,'6dd7774d667fd069333acfc79646',2349,0),(2368,0,'Clipboard.png','',0,'','',5,'6dd7774d667fd069333acfc79646',2367,0),(2384,0,'Clipboard.png','',0,'','',5,'6dd7774d667fd069333acfc79646',2383,0),(2402,0,'Clipboard.png','',0,'','',5,'6dd7774d667fd069333acfc79646',2401,0),(2403,0,'Clipboard.png','',0,'','',5,'1769dd3d6ad813cfa2458d2afb473ba9',2401,1),(2404,0,'LeTTo_Logo_animated_100.gif','',0,'','',2,'525c15c31e66eab77f1be8e845931b',2401,2),(2436,0,'Clipboard.png','',0,'','',5,'6dd7774d667fd069333acfc79646',2435,0),(2613,0,'Clipboard.png','',0,'','',50,'5774cec878624c2dea29aff334bc787',2612,0),(2815,0,'Clipboard.png','',0,'','',50,'bfcbd89c9af61e1a9bc87c3daff2b1d',2814,0),(2826,0,'Clipboard.png','',0,'','',50,'5774cec878624c2dea29aff334bc787',2825,0),(3054,0,'1ZT9_P4aMWc[1]','',0,'','',50,'2de2caa0c1df48586e76bb5a53ee87b9',3053,0);

--
-- Table structure for table `SEQUENCE`
--

CREATE TABLE `SEQUENCE` (
  `SEQ_NAME` varchar(50) NOT NULL,
  `SEQ_COUNT` decimal(38,0) DEFAULT NULL,
  PRIMARY KEY (`SEQ_NAME`)
) ENGINE=InnoDB DEFAULT CHARSET=utf8mb4 COLLATE=utf8mb4_0900_ai_ci;

--
-- Dumping data for table `SEQUENCE`
--

INSERT INTO `SEQUENCE` VALUES ('SEQ_GEN',3200);

--
-- Table structure for table `SPRING_SESSION`
--

CREATE TABLE `SPRING_SESSION` (
  `PRIMARY_ID` char(36) NOT NULL,
  `SESSION_ID` char(36) NOT NULL,
  `CREATION_TIME` bigint NOT NULL,
  `LAST_ACCESS_TIME` bigint NOT NULL,
  `MAX_INACTIVE_INTERVAL` int NOT NULL,
  `EXPIRY_TIME` bigint NOT NULL,
  `PRINCIPAL_NAME` varchar(100) DEFAULT NULL,
  PRIMARY KEY (`PRIMARY_ID`),
  UNIQUE KEY `SPRING_SESSION_IX1` (`SESSION_ID`),
  KEY `SPRING_SESSION_IX2` (`EXPIRY_TIME`),
  KEY `SPRING_SESSION_IX3` (`PRINCIPAL_NAME`)
) ENGINE=InnoDB DEFAULT CHARSET=utf8mb4 COLLATE=utf8mb4_0900_ai_ci ROW_FORMAT=DYNAMIC;

--
-- Dumping data for table `SPRING_SESSION`
--


--
-- Table structure for table `SPRING_SESSION_ATTRIBUTES`
--

CREATE TABLE `SPRING_SESSION_ATTRIBUTES` (
  `SESSION_PRIMARY_ID` char(36) NOT NULL,
  `ATTRIBUTE_NAME` varchar(200) NOT NULL,
  `ATTRIBUTE_BYTES` blob NOT NULL,
  PRIMARY KEY (`SESSION_PRIMARY_ID`,`ATTRIBUTE_NAME`),
  CONSTRAINT `SPRING_SESSION_ATTRIBUTES_FK` FOREIGN KEY (`SESSION_PRIMARY_ID`) REFERENCES `SPRING_SESSION` (`PRIMARY_ID`) ON DELETE CASCADE
) ENGINE=InnoDB DEFAULT CHARSET=utf8mb4 COLLATE=utf8mb4_0900_ai_ci ROW_FORMAT=DYNAMIC;

--
-- Dumping data for table `SPRING_SESSION_ATTRIBUTES`
--


--
-- Table structure for table `abteilung`
--

CREATE TABLE `abteilung` (
  `id` int NOT NULL AUTO_INCREMENT,
  `AV` varchar(100) DEFAULT NULL,
  `EMAIL` varchar(100) DEFAULT NULL,
  `INFO` varchar(100) DEFAULT NULL,
  `KURZBEZEICHNUNG` varchar(20) NOT NULL,
  `NAME` varchar(100) NOT NULL,
  `OULEHRER` varchar(40) DEFAULT NULL,
  `OUSCHUELER` varchar(40) DEFAULT NULL,
  `TELEFON` varchar(100) DEFAULT NULL,
  `WEB` varchar(100) DEFAULT NULL,
  `idSchule` int NOT NULL,
  `abteilungs_ORDER` int DEFAULT NULL,
  PRIMARY KEY (`id`),
  KEY `FK_abteilung_idSchule` (`idSchule`),
  CONSTRAINT `FK_abteilung_idSchule` FOREIGN KEY (`idSchule`) REFERENCES `schule` (`id`)
) ENGINE=InnoDB AUTO_INCREMENT=2 DEFAULT CHARSET=utf8mb4 COLLATE=utf8mb4_0900_ai_ci;

--
-- Dumping data for table `abteilung`
--

INSERT INTO `abteilung` VALUES (1,NULL,NULL,NULL,'ABT','ABT',NULL,NULL,NULL,NULL,1,NULL);

--
-- Table structure for table `activity`
--

CREATE TABLE `activity` (
  `id` int NOT NULL AUTO_INCREMENT,
  `IDLK` int DEFAULT NULL,
  `NAME` varchar(100) DEFAULT NULL,
  `PATH` longtext,
  `VISIBLE` tinyint(1) DEFAULT '0',
  `idActivityType` int DEFAULT NULL,
  `idDokument` int DEFAULT NULL,
  `idLehrerKlasse` int DEFAULT NULL,
  `idParentActivity` int DEFAULT NULL,
  `idQuestion` bigint DEFAULT NULL,
  `ERSTELLER_ID` int DEFAULT NULL,
  `idLink` int DEFAULT NULL,
  `idProject` int DEFAULT NULL,
  `idTest` int DEFAULT NULL,
  `activities_ORDER` int DEFAULT '0',
  `folder_ORDER` int DEFAULT '0',
  PRIMARY KEY (`id`),
  KEY `FK_activity_idLehrerKlasse` (`idLehrerKlasse`),
  KEY `FK_activity_idLink` (`idLink`),
  KEY `FK_activity_ERSTELLER_ID` (`ERSTELLER_ID`),
  KEY `FK_activity_idDokument` (`idDokument`),
  KEY `FK_activity_idQuestion` (`idQuestion`),
  KEY `FK_activity_idActivityType` (`idActivityType`),
  KEY `FK_activity_idParentActivity` (`idParentActivity`),
  KEY `FK_activity_idProject` (`idProject`),
  KEY `FK_activity_idTest` (`idTest`),
  CONSTRAINT `FK_activity_ERSTELLER_ID` FOREIGN KEY (`ERSTELLER_ID`) REFERENCES `user` (`id`),
  CONSTRAINT `FK_activity_idActivityType` FOREIGN KEY (`idActivityType`) REFERENCES `activitytype` (`id`),
  CONSTRAINT `FK_activity_idDokument` FOREIGN KEY (`idDokument`) REFERENCES `dokumente` (`id`),
  CONSTRAINT `FK_activity_idLehrerKlasse` FOREIGN KEY (`idLehrerKlasse`) REFERENCES `lehrerKlasse` (`id`),
  CONSTRAINT `FK_activity_idLink` FOREIGN KEY (`idLink`) REFERENCES `inetlinks` (`id`),
  CONSTRAINT `FK_activity_idParentActivity` FOREIGN KEY (`idParentActivity`) REFERENCES `activity` (`id`),
  CONSTRAINT `FK_activity_idProject` FOREIGN KEY (`idProject`) REFERENCES `projekte` (`id`),
  CONSTRAINT `FK_activity_idQuestion` FOREIGN KEY (`idQuestion`) REFERENCES `question` (`id`),
  CONSTRAINT `FK_activity_idTest` FOREIGN KEY (`idTest`) REFERENCES `tests` (`id`)
) ENGINE=InnoDB DEFAULT CHARSET=utf8mb4 COLLATE=utf8mb4_0900_ai_ci;

--
-- Dumping data for table `activity`
--


--
-- Table structure for table `activitytype`
--

CREATE TABLE `activitytype` (
  `id` int NOT NULL AUTO_INCREMENT,
  `DESCRIPTION` varchar(100) DEFAULT NULL,
  `IMAGENAME` varchar(100) DEFAULT NULL,
  PRIMARY KEY (`id`)
) ENGINE=InnoDB AUTO_INCREMENT=100404 DEFAULT CHARSET=utf8mb4 COLLATE=utf8mb4_0900_ai_ci;

--
-- Dumping data for table `activitytype`
--

INSERT INTO `activitytype` VALUES (1,'Projekt','projekt.svg'),(77,'HtmlQuestion','htmlquestion.png'),(2658,'Test','test.jpg'),(87551,'Folder','folder.png'),(100401,'Dokument','pdf-24.png'),(100402,'Abgabe','abgabe.png'),(100403,'InetLink','link.svg');

--
-- Table structure for table `answer`
--

CREATE TABLE `answer` (
  `id` int NOT NULL AUTO_INCREMENT,
  `ANSWER` longtext,
  `CORRECTANSWERFORMAT` int DEFAULT NULL,
  `CORRECTANSWERLENGTH` int DEFAULT NULL,
  `EINHEIT` varchar(255) DEFAULT NULL,
  `FEEDBACK` longtext,
  `FORMAT` varchar(20) DEFAULT NULL,
  `FRACTION` double DEFAULT NULL,
  `MAXIMA` longtext,
  `TEXT` longtext,
  `TOLERANCE` varchar(20) DEFAULT NULL,
  `idAnswer` bigint DEFAULT NULL,
  `answers_ORDER` int DEFAULT NULL,
  PRIMARY KEY (`id`),
  KEY `FK_answer_idAnswer` (`idAnswer`),
  CONSTRAINT `FK_answer_idAnswer` FOREIGN KEY (`idAnswer`) REFERENCES `subquestion` (`id`)
) ENGINE=InnoDB AUTO_INCREMENT=3122 DEFAULT CHARSET=utf8mb4 COLLATE=utf8mb4_0900_ai_ci;

--
-- Dumping data for table `answer`
--

INSERT INTO `answer` VALUES (2288,'1',2,5,'','','html',100,'1','Seite gelesen','1.0%',2287,0),(2305,'4.3',2,5,'','','html',100,'x','x','1.0%',2304,0),(2322,'a',2,5,'','','html',100,'','A','1.0%',2321,0),(2323,'b',2,5,'','','html',0,'','B','1.0%',2321,1),(2324,'c',2,5,'','','html',0,'','C','1.0%',2321,2),(2341,'5arg0.9273',2,5,'','','html',100,'z','z','1.0%',2340,0),(2357,'300mV',2,5,'','','html',100,'U','U','1.0%',2356,0),(2359,'2.2kOhm',2,5,'','','html',100,'R','R','0',2358,0),(2375,'0.991',2,5,'','','html',100,'u','u','a0.001',2374,0),(2391,'U/I',2,5,'symbolfull;constvarsnone','','html',100,'erg','U/I','1.0%',2390,0),(2393,'sin(x)/x',2,5,'symbolfull;constvarsnone','','html',100,'erg2','sin(x)/x','1.0%',2392,0),(2411,'4.3',2,5,'','','html',100,'x','x','1.0%',2410,0),(2413,'5arg0.9273',2,5,'','','html',100,'z','z','1.0%',2412,0),(2415,'300mV',2,5,'','','html',100,'U','U','1.0%',2414,0),(2417,'2.2kOhm',2,5,'','','html',100,'R','R','0',2416,0),(2419,'0.991',2,5,'','','html',100,'u','u','a0.001',2418,0),(2421,'U/I',2,5,'symbolfull;constvarsnone','','html',100,'erg','U/I','1.0%',2420,0),(2423,'sin(x)/x',2,5,'symbolfull;constvarsnone','','html',100,'erg2','sin(x)/x','1.0%',2422,0),(2425,'a',2,5,'','','html',100,'','A','1.0%',2424,0),(2426,'b',2,5,'','','html',0,'','B','1.0%',2424,1),(2427,'c',2,5,'','','html',0,'','C','1.0%',2424,2),(2443,'4.3',2,5,'','','html',100,'x','x','1.0%',2442,0),(2445,'5arg0.9273',2,5,'','','html',100,'z','z','1.0%',2444,0),(2447,'300mV',2,5,'','','html',100,'U','U','1.0%',2446,0),(2449,'2.2kOhm',2,5,'','','html',100,'R','R','0',2448,0),(2451,'0.991',2,5,'','','html',100,'u','u','a0.001',2450,0),(2453,'U/I',2,5,'symbolfull;constvarsnone','','html',100,'erg','U/I','1.0%',2452,0),(2455,'sin(x)/x',2,5,'symbolfull;constvarsnone','','html',100,'erg2','sin(x)/x','1.0%',2454,0),(2469,'[5.53553390593,3.53553390593]',2,5,'','','html',100,'erg','[5/sqrt(2)+2,5/sqrt(2)]','1%',2468,0),(2482,'[0.002898,4.774]',2,5,'','','html',100,'[T,a]','[T,a]','5%',2481,0),(2493,'[2,9]',2,5,'','','html',100,'P','[P_1,P_2]','4%',2492,0),(2506,'matrix([2,9],[-5,-2],[10,-4])',2,5,'','','html',100,'[P,P1,P2]','[[P_1,P_2],[P1_1,P1_2],[P2_1,P2_2]]','4%',2505,0),(2518,'matrix([2,9],[8,-8])',2,5,'','','html',100,'[P1,P2]','[[P1_1,P1_2],[P2_1,P2_2]]','4%',2517,0),(2531,'matrix([4,0],[4,-1],[-2,-4])',2,5,'','','html',100,'D','[[A_1,A_2],[B_1,B_2],[C_1,C_2]]','a0.1',2530,0),(2544,'matrix([-5,-3],[-5,-1],[-2,-1],[-2,-3])',2,5,'','','html',100,'D','[[A_1,A_2],[A_1,h+A_2],[b+A_1,h+A_2],[b+A_1,A_2]]','a0.3',2543,0),(2554,'y=-3+2*x',2,5,'','','html',100,'G','y = 2*x-3','0.1',2553,0),(2564,'y=-3+2*x',2,5,'','','html',100,'G','y = 2*x-3','0.1',2563,0),(2574,'y=-4+x^2',2,5,'','','html',100,'G','y = x^2-4','4%',2573,0),(2584,'-4+x^2',2,5,'','','html',100,'G','x^2-4','a0.5',2583,0),(2596,'28.54V',2,5,'','','html',100,'Us','Us','1%',2595,0),(2608,'5.102ms',2,5,'','','html',100,'1/f','1/f','1%',2607,0),(2620,'\"\"',2,5,'','','html',0,'','','1.0%',2619,0),(2622,'',2,5,'','','html',100,'p1','lor(land([58,435] = vget(Q0,1),[1204,435] = vget(Q0,3)),land([1204,435] = vget(Q0,1),[58,435] = vget(Q0,3)))','a10',2621,0),(2624,'',2,5,'','','html',100,'p2','wenn(vget(Q0,1,0) < vget(Q0,3,0),land(2 = pvlinek(Q0,0),-2 = pvlinek(Q0,1)),land(2 = pvlinek(Q0,1),-2 = pvlinek(Q0,0)))','30%',2623,0),(2637,'matrix([-1,0],[3,0],[5,0])',2,5,'','','html',0,'L','[[x1,0],[x1+dx2,0],[x1+dx3+dx2,0]]','1%',2636,0),(2639,'1. Nullstelle',2,5,'','','html',100,'q1','land(pvhaspoint(Q0,[x1,0]),pvpoints(Q0) = 3)','a0.05',2638,0),(2640,'',2,5,'','','html',60,'q1a','pvhaspoint(Q0,[x1,0])','1%',2638,1),(2642,'2. Nullstelle',2,5,'','','html',100,'q2','land(pvhaspoint(Q0,[x1+dx2,0]),pvpoints(Q0) = 3)','a0.05',2641,0),(2643,'',2,5,'','','html',60,'q2a','pvhaspoint(Q0,[x1+dx2,0])','1%',2641,1),(2645,'3. Nullstelle',2,5,'','','html',100,'q3','land(pvhaspoint(Q0,[x1+dx3+dx2,0]),pvpoints(Q0) = 3)','a0.05',2644,0),(2646,'',2,5,'','','html',60,'q3a','pvhaspoint(Q0,[x1+dx3+dx2,0])','1%',2644,1),(2648,'Anzahl der Nullstellen',2,5,'','','html',100,'q4','pvpoints(Q0) = 3','1%',2647,0),(2659,'matrix([3,2])',2,5,'','','html',100,'matrix(erg)','matrix([3,k])','1%',2658,0),(2661,'Steigung',2,5,'','','html',100,'q1','k=vget(Q0,0,1)/(-2+vget(Q0,0,0))','2%',2660,0),(2675,'matrix([0,0],[0.05,0.050042],[0.1,0.10033],[0.15,0.15114],[0.2,0.20271],[0.25,0.25534],[0.3,0.30934],[0.35,0.36503],[0.4,0.42279],[0.45,0.48306],[0.5,0.5463],[0.55,0.61311],[0.6,0.68414],[0.65,0.7602],[0.7,0.84229],[0.75,0.9316],[0.8,1.0296],[0.85,1.1383],[0.9,1.2602],[0.95,1.3984],[1,1.5574],[1.05,1.7433],[1.1,1.9648],[1.15,2.2345],[1.2,2.5722],[1.25,3.0096],[1.3,3.6021],[1.35,4.4552],[1.4,5.7979],[1.45,8.2381],[1.5,14.101],[1.55,48.078],[1.6,-34.233],[1.65,-12.599],[1.7,-7.6966],[1.75,-5.5204],[1.8,-4.2863],[1.85,-3.4881],[1.9,-2.9271],[1.95,-2.5095],[2,-2.185],[2.05,-1.9246],[2.1,-1.7098],[2.15,-1.529],[2.2,-1.3738],[2.25,-1.2386],[2.3,-1.1192],[2.35,-1.0125],[2.4,-0.91601],[2.45,-0.82802],[2.5,-0.74702],[2.55,-0.67186],[2.6,-0.6016],[2.65,-0.53544],[2.7,-0.47273],[2.75,-0.41292],[2.8,-0.35553],[2.85,-0.30015],[2.9,-0.24641],[2.95,-0.19397],[3,-0.14255],[3.05,-0.09185],[3.1,-0.041617],[3.15,0.0084075],[3.2,0.058474],[3.25,0.10883],[3.3,0.15975],[3.35,0.21148],[3.4,0.26432],[3.45,0.31857],[3.5,0.37459],[3.55,0.43274],[3.6,0.49347],[3.65,0.55727],[3.7,0.62473],[3.75,0.69655],[3.8,0.77356],[3.85,0.85676],[3.9,0.94742],[3.95,1.0471],[4,1.1578],[4.05,1.2821],[4.1,1.4235],[4.15,1.5866],[4.2,1.7778],[4.25,2.0063],[4.3,2.2858],[4.35,2.6376],[4.4,3.0963],[4.45,3.7233],[4.5,4.6373],[4.55,6.1038],[4.6,8.8602],[4.65,16.008],[4.7,80.713],[4.75,-26.575],[4.8,-11.385],[4.85,-7.2209],[4.9,-5.2675],[4.95,-4.1291],[5,-3.3805],[5.05,-2.8486],[5.1,-2.4494],[5.15,-2.1374],[5.2,-1.8856],[5.25,-1.6773],[5.3,-1.5013],[5.35,-1.3498],[5.4,-1.2175],[5.45,-1.1005],[5.5,-0.99558],[5.55,-0.90067],[5.6,-0.81394],[5.65,-0.734],[5.7,-0.65973],[5.75,-0.5902],[5.8,-0.52467],[5.85,-0.46248],[5.9,-0.40311],[5.95,-0.34609],[6,-0.29101],[6.05,-0.23751],[6.1,-0.18526],[6.15,-0.13398],[6.2,-0.083378],[6.25,-0.033197],[6.3,0.016816],[6.35,0.066914],[6.4,0.11735],[6.45,0.16838],[6.5,0.22028],[6.55,0.27333],[6.6,0.32786],[6.65,0.3842],[6.7,0.44276],[6.75,0.50397],[6.8,0.56834],[6.85,0.63648],[6.9,0.70911],[6.95,0.78708],[7,0.87145],[7.05,0.96351],[7.1,1.0649],[7.15,1.1777],[7.2,1.3046],[7.25,1.4493],[7.3,1.6166],[7.35,1.8133],[7.4,2.0493],[7.45,2.3392],[7.5,2.706],[7.55,3.1877],[7.6,3.8523],[7.65,4.8342],[7.7,6.4429],[7.75,9.5824],[7.8,18.507],[7.85,251.15],[7.9,-21.715],[7.95,-10.383],[8,-6.7997],[8.05,-5.0361],[8.1,-3.9824],[8.15,-3.2789],[8.2,-2.7737],[8.25,-2.3917],[8.3,-2.0914],[8.35,-1.8479],[8.4,-1.6457],[8.45,-1.4743],[8.5,-1.3264],[8.55,-1.1969],[8.6,-1.082],[8.65,-0.97898],[8.7,-0.88556],[8.75,-0.80006],[8.8,-0.72115],[8.85,-0.64773],[8.9,-0.57892],[8.95,-0.51399],[9,-0.45232],[9.05,-0.39337],[9.1,-0.3367],[9.15,-0.28191],[9.2,-0.22864],[9.25,-0.17658],[9.3,-0.12543],[9.35,-0.074918],[9.4,-0.024783],[9.45,0.025227],[9.5,0.075364],[9.55,0.12588],[9.6,0.17704],[9.65,0.22911],[9.7,0.28239],[9.75,0.3372],[9.8,0.39388],[9.85,0.45285],[9.9,0.51455],[9.95,0.57952])',2,5,'','','html',100,'M','pvfunc(tan(x),x,minx,maxx,(maxx-minx)/200)','1%',2674,0),(2677,'Funktion sehr genau',2,5,'','','html',100,'q1','pvcompare(pvfunc(tan(x),x,minx,maxx,(maxx-minx)/200),Q0,minx,maxx,miny,maxy)','1%',2676,0),(2678,'Funktion genau',2,5,'','','html',80,'q1','pvcompare(pvfunc(tan(x),x,minx,maxx,(maxx-minx)/200),Q0,minx,maxx,miny,maxy)','2%',2676,1),(2679,'Funktion ok',2,5,'','','html',60,'q1','pvcompare(pvfunc(tan(x),x,minx,maxx,(maxx-minx)/200),Q0,minx,maxx,miny,maxy)','4%',2676,2),(2680,'ungenau',2,5,'','','html',40,'q1','pvcompare(pvfunc(tan(x),x,minx,maxx,(maxx-minx)/200),Q0,minx,maxx,miny,maxy)','8%',2676,3),(2690,'matrix([0,1],[0.1,0.995],[0.2,0.98007],[0.3,0.95534],[0.4,0.92106],[0.5,0.87758],[0.6,0.82534],[0.7,0.76484],[0.8,0.69671],[0.9,0.62161],[1,0.5403],[1.1,0.4536],[1.2,0.36236],[1.3,0.2675],[1.4,0.16997],[1.5,0.070737],[1.6,-0.0292],[1.7,-0.12884],[1.8,-0.2272],[1.9,-0.32329],[2,-0.41615],[2.1,-0.50485],[2.2,-0.5885],[2.3,-0.66628],[2.4,-0.73739],[2.5,-0.80114],[2.6,-0.85689],[2.7,-0.90407],[2.8,-0.94222],[2.9,-0.97096],[3,-0.98999],[3.1,-0.99914],[3.2,-0.99829],[3.3,-0.98748],[3.4,-0.9668],[3.5,-0.93646],[3.6,-0.89676],[3.7,-0.8481],[3.8,-0.79097],[3.9,-0.72593],[4,-0.65364],[4.1,-0.57482],[4.2,-0.49026],[4.3,-0.4008],[4.4,-0.30733],[4.5,-0.2108],[4.6,-0.11215],[4.7,-0.012389],[4.8,0.087499],[4.9,0.18651],[5,0.28366],[5.1,0.37798],[5.2,0.46852],[5.3,0.55437],[5.4,0.63469],[5.5,0.70867],[5.6,0.77557],[5.7,0.83471],[5.8,0.88552],[5.9,0.92748],[6,0.96017],[6.1,0.98327],[6.2,0.99654],[6.3,0.99986],[6.4,0.99318],[6.5,0.97659],[6.6,0.95023],[6.7,0.91438],[6.8,0.8694],[6.9,0.81573],[7,0.7539],[7.1,0.68455],[7.2,0.60835],[7.3,0.52608],[7.4,0.43855],[7.5,0.34664],[7.6,0.25126],[7.7,0.15337],[7.8,0.053955],[7.9,-0.046002],[8,-0.1455],[8.1,-0.24354],[8.2,-0.33915],[8.3,-0.43138],[8.4,-0.51929],[8.5,-0.60201],[8.6,-0.67872],[8.7,-0.74865],[8.8,-0.81109],[8.9,-0.86544],[9,-0.91113],[9.1,-0.94772],[9.2,-0.97484],[9.3,-0.99223],[9.4,-0.99969],[9.5,-0.99717],[9.6,-0.98469],[9.7,-0.96236],[9.8,-0.93043],[9.9,-0.88919],[10,-0.83907])',2,5,'','','html',100,'','pvfunc(cos(x),x,0,10,0.1)','1%',2689,0),(2692,'Funktion sehr genau',2,5,'','','html',100,'q1','pvcompare(pvfunc(cos(x),x,0,10,0.1),Q0,0,10,-2,2)','1%',2691,0),(2693,'Funktion genau',2,5,'','','html',80,'q1','pvcompare(pvfunc(cos(x),x,0,10,0.1),Q0,0,10,-2,2)','2%',2691,1),(2694,'Funktion ok',2,5,'','','html',60,'q1','pvcompare(pvfunc(cos(x),x,0,10,0.1),Q0,0,10,-2,2)','4%',2691,2),(2695,'ungenau',2,5,'','','html',40,'q1','pvcompare(pvfunc(cos(x),x,0,10,0.1),Q0,0,10,-2,2)','8%',2691,3),(2705,'[-1,-1]',2,5,'','','html',100,'[-1,-1]','[-1,-1]','3%',2704,0),(2707,'3.Quadrant',2,5,'','','html',100,'q1','land(vget(Q0,0) < 0,vget(Q0,1) < 0)','1%',2706,0),(2716,'[3,4]',2,5,'','','html',100,'P','[3,4]','3%',2715,0),(2718,'OK',2,5,'','','html',100,'Q0=P','Q0 = [3,4]','4%',2717,0),(2720,'\"\"',2,5,'','','html',100,'','','3%',2719,0),(2722,'OK',2,5,'','','html',100,'Q2=P','Q2 = [3,4]','4%',2721,0),(2731,'matrix([-2,-5],[6,1],[1,9])',2,5,'','','html',100,'P','[[-2,-5],[6,1],[1,9]]','3%',2730,0),(2733,'OK',2,5,'','','html',100,'q1','land(land(pvhaspoint(Q0,[-2,-5]),pvhaspoint(Q0,[6,1])),pvhaspoint(Q0,[1,9]))','4%',2732,0),(2735,'\"\"',2,5,'','','html',100,'','','3%',2734,0),(2737,'OK',2,5,'','','html',100,'q3','land(land(pvhaspoint(Q2,[-2,-5]),pvhaspoint(Q2,[6,1])),pvhaspoint(Q2,[1,9]))','4%',2736,0),(2746,'matrix([3,4],[6,-2])',2,5,'','','html',100,'M','[[3,4],[6,-2]]','3%',2745,0),(2748,'OK',2,5,'','','html',100,'pvsortx(Q0)=pvsortx(M)','pvsortx(Q0) = pvsortx([[3,4],[6,-2]])','4%',2747,0),(2750,'\"\"',2,5,'','','html',100,'','','3%',2749,0),(2752,'OK',2,5,'','','html',100,'pvsortx(Q2)=pvsortx(M)','pvsortx(Q2) = pvsortx([[3,4],[6,-2]])','4%',2751,0),(2763,'y=-3+2*x',2,5,'','','html',100,'G','y = k*x+d','5%',2762,0),(2765,'matrix([0,-3],[2,1])',2,5,'','','html',100,'M','[[0,d],[2,2*k+d]]','5%',2764,0),(2767,'OK',2,5,'','','html',100,'q3','land(pvlinek(Q2,0) = k,pvlined(Q2,0) = d)','5%',2766,0),(2778,'matrix([0,-3],[2,1],[0,-1],[2,3])',2,5,'','','html',100,'M','[[0,d],[2,2*k+d],[0,d+2],[2,2*k+d+2]]','5%',2777,0),(2780,'parallel',2,5,'','','html',100,'q1','pvlinek(Q0,0) = pvlinek(Q0,1)','5%',2779,0),(2789,'3',2,5,'','','html',100,'erg','3','3%',2788,0),(2791,'OK',2,5,'','','html',100,'Q0=3','Q0 = 3','4%',2790,0),(2793,'\"\"',2,5,'','','html',100,'','','3%',2792,0),(2795,'OK',2,5,'','','html',100,'Q2=4','Q2 = 4','4%',2794,0),(2804,'3',2,5,'','','html',100,'erg','3','3%',2803,0),(2806,'OK',2,5,'','','html',100,'Q0=3','Q0 = 3','4%',2805,0),(2808,'\"\"',2,5,'','','html',100,'','','3%',2807,0),(2810,'OK',2,5,'','','html',100,'Q2=4','Q2 = 4','4%',2809,0),(2822,'',2,5,'','','html',100,'','[0]','1%',2821,0),(2833,'[0,2]',2,5,'=','','html',100,'','[0,2]','1.0%',2832,0),(2852,'[0]',2,5,'','','html',100,'','[0]','1%',2851,0),(2870,'2.8284',2,5,'','','html',100,'A','2^(3/2)','1.0%',2869,0),(2882,'[1.37,0.01843]',2,5,'calc','','html',100,'[T1,T2]','[T1,T2]','5%',2881,0),(2883,'[0.01843,1.37]',2,5,'calc','','html',100,'[T2,T1]','[T2,T1]','5%',2881,1),(2899,'46.86°',2,5,'°','','html',100,'cabs(w)','sqrt(realpart(vin([x2-x1,y2-y1],[x3-x1,y3-y1]))^2+imagpart(vin([x2-x1,y2-y1],[x3-x1,y3-y1]))^2)/(sqrt(realpart(vabs([x2-x1,y2-y1]))^2+imagpart(vabs([x2-x1,y2-y1]))^2)*sqrt(realpart(vabs([x3-x1,y3-y1]))^2+imagpart(vabs([x3-x1,y3-y1]))^2))','1.0%',2898,0),(2901,'7.4302',2,5,'','','html',100,'vabs(B-C)','vabs([x2-x3,y2-y3])','1%',2900,0),(2919,'[15,19,21]',2,5,',frac','','html',100,'B','defracmix(frac([g2,z2,n2])+frac([g1,z1,n1]))','1.0%',2918,0),(2929,'x*(4*x+3*y*x^2+y^2)',2,5,'term','','html',100,'f','x*y^2+3*x^3*y+4*x^2','1%',2928,0),(2939,'\"\"',2,5,'','','html',100,'','','1.0%',2938,0),(3027,'4Ohm',2,5,'','','html',100,'R','4Ohm','1%',3026,0),(3029,'250mS',2,5,'S','','html',100,'G','0.25S','1%',3028,0),(3061,'28.44',2,5,'','','html',100,'n','(-cround(sqrt(b^2+a^2),4)^2)+b^2+a^2','1%',3060,0),(3063,'28.44',2,5,'','','html',100,'n','(-cround(sqrt(b^2+a^2),4)^2)+b^2+a^2','a0.001',3062,0),(3065,'28.44',2,5,'','','html',100,'n','(-cround(sqrt(b^2+a^2),4)^2)+b^2+a^2','1%',3064,0),(3067,'',2,5,'','','html',100,'Q2/c=0','Q2/cround(sqrt(b^2+a^2),4) = 0','a0.001',3066,0),(3085,'5',2,5,';calc','','html',100,'erg','5','1%',3084,0),(3087,'c^2=a^2+b^2',2,5,'symbolfull','','html',100,'c^2=a^2+b^2','c^2 = b^2+a^2','1%',3086,0),(3097,'',2,5,'','','html',100,'','Auto','1.0%',3096,0),(3099,'',2,5,'','','html',100,'','Räder','1.0%',3098,0),(3101,'',2,5,'','','html',100,'','Fahrrad','1.0%',3100,0),(3102,'',2,5,'','','html',50,'','fahrrad','1.0%',3100,1),(3103,'',2,5,'','','html',30,'','farrad','1.0%',3100,2),(3104,'',2,5,'','','html',0,'','Haus','1.0%',3100,3),(3114,'',2,5,'','','html',100,'','Auto','1.0%',3113,0),(3116,'',2,5,'','','html',100,'','Räder','1.0%',3115,0),(3118,'',2,5,'','','html',100,'','Fahrrad','1.0%',3117,0),(3119,'',2,5,'','','html',50,'','fahrrad','1.0%',3117,1),(3120,'',2,5,'','','html',30,'','farrad','1.0%',3117,2),(3121,'',2,5,'','','html',0,'','Haus','1.0%',3117,3);

--
-- Table structure for table `beurtGruppe`
--

CREATE TABLE `beurtGruppe` (
  `id` int NOT NULL AUTO_INCREMENT,
  `GEWICHTUNG` double DEFAULT NULL,
  `BEURTGRUPPENDEF_ID` int DEFAULT NULL,
  `BEURTEILUNGSCONFIG_ID` int DEFAULT NULL,
  PRIMARY KEY (`id`),
  KEY `FK_beurtGruppe_BEURTGRUPPENDEF_ID` (`BEURTGRUPPENDEF_ID`),
  KEY `FK_beurtGruppe_BEURTEILUNGSCONFIG_ID` (`BEURTEILUNGSCONFIG_ID`),
  CONSTRAINT `FK_beurtGruppe_BEURTEILUNGSCONFIG_ID` FOREIGN KEY (`BEURTEILUNGSCONFIG_ID`) REFERENCES `beurteilungsconfig` (`id`),
  CONSTRAINT `FK_beurtGruppe_BEURTGRUPPENDEF_ID` FOREIGN KEY (`BEURTGRUPPENDEF_ID`) REFERENCES `beurtGruppenDef` (`id`)
) ENGINE=InnoDB AUTO_INCREMENT=7768345 DEFAULT CHARSET=utf8mb4 COLLATE=utf8mb4_0900_ai_ci;

--
-- Dumping data for table `beurtGruppe`
--

INSERT INTO `beurtGruppe` VALUES (7768342,2,7768329,6167759),(7768343,5,7768330,6167759),(7768344,1,7768331,6167759);

--
-- Table structure for table `beurtGruppeLK`
--

CREATE TABLE `beurtGruppeLK` (
  `id` int NOT NULL AUTO_INCREMENT,
  `GEWICHTUNG` double DEFAULT NULL,
  `BEURTGRUPPENDEF_ID` int DEFAULT NULL,
  `LEHRERKLASSE_ID` int DEFAULT NULL,
  PRIMARY KEY (`id`),
  KEY `FK_beurtGruppeLK_LEHRERKLASSE_ID` (`LEHRERKLASSE_ID`),
  KEY `FK_beurtGruppeLK_BEURTGRUPPENDEF_ID` (`BEURTGRUPPENDEF_ID`),
  CONSTRAINT `FK_beurtGruppeLK_BEURTGRUPPENDEF_ID` FOREIGN KEY (`BEURTGRUPPENDEF_ID`) REFERENCES `beurtGruppenDef` (`id`),
  CONSTRAINT `FK_beurtGruppeLK_LEHRERKLASSE_ID` FOREIGN KEY (`LEHRERKLASSE_ID`) REFERENCES `lehrerKlasse` (`id`)
) ENGINE=InnoDB DEFAULT CHARSET=utf8mb4 COLLATE=utf8mb4_0900_ai_ci;

--
-- Dumping data for table `beurtGruppeLK`
--


--
-- Table structure for table `beurtGruppenDef`
--

CREATE TABLE `beurtGruppenDef` (
  `id` int NOT NULL AUTO_INCREMENT,
  `GRUPPE` varchar(255) DEFAULT NULL,
  PRIMARY KEY (`id`)
) ENGINE=InnoDB AUTO_INCREMENT=7768332 DEFAULT CHARSET=utf8mb4 COLLATE=utf8mb4_0900_ai_ci;

--
-- Dumping data for table `beurtGruppenDef`
--

INSERT INTO `beurtGruppenDef` VALUES (7768329,'Mitarbeitsgruppe'),(7768330,'Prüfungsgruppe'),(7768331,'Hausübungsgruppe');

--
-- Table structure for table `beurteilung`
--

CREATE TABLE `beurteilung` (
  `id` int NOT NULL AUTO_INCREMENT,
  `BEZEICHNERBEURTEILUNGSART` varchar(255) DEFAULT NULL,
  `DATUM` datetime DEFAULT NULL,
  `FRAGETEXT` longtext,
  `GEWICHT` double DEFAULT NULL,
  `INPUT` varchar(255) DEFAULT NULL,
  `NOTE` varchar(255) DEFAULT NULL,
  `PROZENT` double DEFAULT NULL,
  `TESTALLOWED` tinyint(1) DEFAULT '0',
  `idBeurteilungart` int DEFAULT NULL,
  `idFremdLehrer` int DEFAULT NULL,
  `idKlassenBeurteilung` int DEFAULT NULL,
  `idLehrerKlasse` int DEFAULT NULL,
  `idSubBeurteilung` int DEFAULT NULL,
  `idUser` int DEFAULT NULL,
  `idActivity` int DEFAULT NULL,
  PRIMARY KEY (`id`),
  KEY `FK_beurteilung_idBeurteilungart` (`idBeurteilungart`),
  KEY `FK_beurteilung_idSubBeurteilung` (`idSubBeurteilung`),
  KEY `FK_beurteilung_idLehrerKlasse` (`idLehrerKlasse`),
  KEY `FK_beurteilung_idUser` (`idUser`),
  KEY `FK_beurteilung_idKlassenBeurteilung` (`idKlassenBeurteilung`),
  KEY `FK_beurteilung_idFremdLehrer` (`idFremdLehrer`),
  KEY `FK_beurteilung_idActivity` (`idActivity`),
  CONSTRAINT `FK_beurteilung_idActivity` FOREIGN KEY (`idActivity`) REFERENCES `activity` (`id`),
  CONSTRAINT `FK_beurteilung_idBeurteilungart` FOREIGN KEY (`idBeurteilungart`) REFERENCES `beurteilungsartGlobal` (`id`),
  CONSTRAINT `FK_beurteilung_idFremdLehrer` FOREIGN KEY (`idFremdLehrer`) REFERENCES `user` (`id`),
  CONSTRAINT `FK_beurteilung_idKlassenBeurteilung` FOREIGN KEY (`idKlassenBeurteilung`) REFERENCES `klassenbeurteilung` (`id`),
  CONSTRAINT `FK_beurteilung_idLehrerKlasse` FOREIGN KEY (`idLehrerKlasse`) REFERENCES `lehrerKlasse` (`id`),
  CONSTRAINT `FK_beurteilung_idSubBeurteilung` FOREIGN KEY (`idSubBeurteilung`) REFERENCES `beurteilung` (`id`),
  CONSTRAINT `FK_beurteilung_idUser` FOREIGN KEY (`idUser`) REFERENCES `user` (`id`)
) ENGINE=InnoDB DEFAULT CHARSET=utf8mb4 COLLATE=utf8mb4_0900_ai_ci;

--
-- Dumping data for table `beurteilung`
--


--
-- Table structure for table `beurteilungsart`
--

CREATE TABLE `beurteilungsart` (
  `id` int NOT NULL AUTO_INCREMENT,
  `BEZEICHNUNG` varchar(255) DEFAULT NULL,
  `GEWICHTUNG` double DEFAULT NULL,
  `PROZANZEIGE` tinyint(1) DEFAULT '0',
  `PROZVISIBLE` tinyint(1) DEFAULT '0',
  `SHOWFRAGENTEXT` tinyint(1) DEFAULT '0',
  `SUBBEURTEILUNGEN` varchar(255) DEFAULT NULL,
  `ZWISCHENNOTEN` tinyint(1) DEFAULT '0',
  `BEURTGRUPPE_ID` int DEFAULT NULL,
  `idConfig` int DEFAULT NULL,
  `idBeurteilungsart` int DEFAULT NULL,
  `beurteilungsarten_ORDER` int DEFAULT NULL,
  `USEMINPROZ` tinyint(1) DEFAULT NULL,
  PRIMARY KEY (`id`),
  KEY `FK_beurteilungsart_BEURTGRUPPE_ID` (`BEURTGRUPPE_ID`),
  KEY `FK_beurteilungsart_idBeurteilungsart` (`idBeurteilungsart`),
  KEY `FK_beurteilungsart_idConfig` (`idConfig`),
  CONSTRAINT `FK_beurteilungsart_BEURTGRUPPE_ID` FOREIGN KEY (`BEURTGRUPPE_ID`) REFERENCES `beurtGruppe` (`id`),
  CONSTRAINT `FK_beurteilungsart_idBeurteilungsart` FOREIGN KEY (`idBeurteilungsart`) REFERENCES `beurteilungsartGlobal` (`id`),
  CONSTRAINT `FK_beurteilungsart_idConfig` FOREIGN KEY (`idConfig`) REFERENCES `beurteilungsconfig` (`id`)
) ENGINE=InnoDB AUTO_INCREMENT=8237115 DEFAULT CHARSET=utf8mb4 COLLATE=utf8mb4_0900_ai_ci;

--
-- Dumping data for table `beurteilungsart`
--

INSERT INTO `beurteilungsart` VALUES (6167760,'',5,0,1,0,'',1,7768343,6167759,6167751,1,NULL),(6167766,'',1,0,1,0,'',0,7768342,6167759,6167752,2,NULL),(6167780,'',1,0,0,0,'',0,7768344,6167759,74,3,NULL),(6167785,'',2,0,1,0,'Prüfung,Mitarbeit,!Protokoll',1,7768343,6167759,12376432,4,NULL),(6167792,'',0,0,0,0,'',1,NULL,6167759,6167757,5,NULL),(6167799,'',3,0,1,0,'Mitarbeit, !Protokoll',1,7768342,6167759,6167758,6,NULL),(6671147,'',1,0,1,0,'',1,7768343,6167759,21134563,0,NULL),(8237106,'',2,0,1,0,'',0,7768342,6167759,73,7,NULL),(8237114,'',5,0,1,0,'',1,7768343,6167759,71,8,NULL);

--
-- Table structure for table `beurteilungsartGlobal`
--

CREATE TABLE `beurteilungsartGlobal` (
  `id` int NOT NULL AUTO_INCREMENT,
  `ABK` varchar(255) DEFAULT NULL,
  `ANONYM` tinyint(1) DEFAULT '0',
  `CHECKPOSSIBLE` tinyint(1) DEFAULT '0',
  `ERLAUBTEVERSUCHE` int DEFAULT NULL,
  `GESUNDHEITSCHECK` tinyint(1) DEFAULT '0',
  `NAME` varchar(255) DEFAULT NULL,
  `ONLINE` tinyint(1) DEFAULT '0',
  `TESTVERSUCHANLEGEN` tinyint(1) DEFAULT '0',
  `VISIBLE` tinyint(1) DEFAULT '0',
  PRIMARY KEY (`id`)
) ENGINE=InnoDB AUTO_INCREMENT=21134564 DEFAULT CHARSET=utf8mb4 COLLATE=utf8mb4_0900_ai_ci;

--
-- Dumping data for table `beurteilungsartGlobal`
--

INSERT INTO `beurteilungsartGlobal` VALUES (71,'T',0,0,1,0,'Test',1,0,0),(72,'SA',0,0,1,0,'Schularbeit',1,0,0),(73,'SMÜ',0,0,1,0,'SMÜ',1,0,0),(74,'HÜ',0,1,0,0,'Hausübung',1,0,1),(75,'RÜ',0,1,0,0,'Rechenübung',1,0,1),(76,'Summe',0,0,1,0,'Summe',0,0,0),(6167751,NULL,0,0,NULL,0,'Prüfung',0,0,0),(6167752,NULL,0,0,NULL,0,'Mitarbeit',0,0,0),(6167757,NULL,0,0,NULL,0,'Allgemeines',0,0,0),(6167758,NULL,0,0,NULL,0,'Projekt',0,0,0),(12376432,NULL,0,0,NULL,0,'Labor',0,0,0),(21134563,NULL,0,0,NULL,0,'Werkstätte',0,0,0);

--
-- Table structure for table `beurteilungsconfig`
--

CREATE TABLE `beurteilungsconfig` (
  `id` int NOT NULL AUTO_INCREMENT,
  `ANZEIGEKATALOG` int DEFAULT NULL,
  `BESCHREIBUNG` varchar(255) DEFAULT NULL,
  `CALCNOTE` tinyint(1) DEFAULT '0',
  `DEFAULTSCHEMA` tinyint(1) DEFAULT '0',
  `GEGENSTAENDE` varchar(255) DEFAULT NULL,
  `GRUPPIERUNG` tinyint(1) DEFAULT '0',
  `MINPROZENT` double DEFAULT NULL,
  `NAME` varchar(255) DEFAULT NULL,
  `SCHOWNOTENSCHUELER` tinyint(1) DEFAULT '0',
  `SCHULSTUFEN` varchar(255) DEFAULT NULL,
  `SUMMELEHRER` tinyint(1) DEFAULT '0',
  `USEDMODES` varchar(255) DEFAULT NULL,
  `idUser` int DEFAULT NULL,
  PRIMARY KEY (`id`),
  KEY `FK_beurteilungsconfig_idUser` (`idUser`),
  CONSTRAINT `FK_beurteilungsconfig_idUser` FOREIGN KEY (`idUser`) REFERENCES `user` (`id`)
) ENGINE=InnoDB AUTO_INCREMENT=6167760 DEFAULT CHARSET=utf8mb4 COLLATE=utf8mb4_0900_ai_ci;

--
-- Dumping data for table `beurteilungsconfig`
--

INSERT INTO `beurteilungsconfig` VALUES (6167759,0,'',1,1,NULL,0,37.5,'default',0,NULL,0,NULL,NULL);

--
-- Table structure for table `bewertungen`
--

CREATE TABLE `bewertungen` (
  `id` int NOT NULL AUTO_INCREMENT,
  `MINPROZENT` double DEFAULT NULL,
  `PROZENT` double DEFAULT NULL,
  `SYMBOL` varchar(100) NOT NULL,
  `TEXT` varchar(255) DEFAULT NULL,
  `idBeurteilungsart` int DEFAULT NULL,
  `bewertungen_ORDER` int DEFAULT NULL,
  PRIMARY KEY (`id`),
  KEY `FK_bewertungen_idBeurteilungsart` (`idBeurteilungsart`),
  CONSTRAINT `FK_bewertungen_idBeurteilungsart` FOREIGN KEY (`idBeurteilungsart`) REFERENCES `beurteilungsart` (`id`)
) ENGINE=InnoDB AUTO_INCREMENT=8237120 DEFAULT CHARSET=utf8mb4 COLLATE=utf8mb4_0900_ai_ci;

--
-- Dumping data for table `bewertungen`
--

INSERT INTO `bewertungen` VALUES (6167761,89,93.75,'1','Sehr Gut',6167760,0),(6167762,76,81.25,'2','Gut',6167760,1),(6167763,61,68.75,'3','Befriedigend',6167760,2),(6167764,50.1,56.25,'4','Genügend',6167760,3),(6167765,0,43.75,'5','Nicht Genügend',6167760,4),(6167767,87.5,93.75,'+','+',6167766,0),(6167768,75,80,'+~','+~',6167766,1),(6167769,62.5,67,'~','~',6167766,2),(6167781,80,93.75,'+','+',6167780,0),(6167782,50,75,'~','~',6167780,1),(6167783,0,38,'-','-',6167780,2),(6167784,0,0,'Â¥','HÜ fehlt',6167780,3),(6167786,87.5,93.75,'1','1',6167785,0),(6167787,75,81.25,'2','2',6167785,1),(6167788,62.5,68.75,'3','3',6167785,2),(6167789,50,56.25,'4','4',6167785,3),(6167790,0,43.75,'5','5',6167785,4),(6167791,0,-1,'Â¥','Â¥',6167785,5),(6167793,0,-1,'E','Elterngespräch',6167792,0),(6167794,0,-1,'T','Telefonat',6167792,1),(6167795,0,-1,'K','Längere Krankheit',6167792,2),(6167796,0,-1,'D','Disziplin',6167792,3),(6167797,0,-1,'F','Frühwarnungsgespräch',6167792,4),(6167798,0,-1,'X','Sonstiges',6167792,5),(6167800,90,93.75,'1','Sehr Gut',6167799,0),(6167801,80,85,'2','Gut',6167799,1),(6167802,66,75,'3','Befriedigend',6167799,2),(6167803,50,55,'4','Genügend',6167799,3),(6167804,0,38,'5','Nicht genügend',6167799,4),(6195713,50,55,'~-','~-',6167766,3),(6195714,0,38,'-','-',6167766,4),(6196504,0,0,'Â¥',NULL,6167799,5),(6671290,87.5,93.75,'1','Sehr Gut',6671147,0),(6671291,75,81.25,'2','Gut',6671147,1),(6671292,62.5,68.75,'3','Befriedigend',6671147,2),(6671293,50.1,56.25,'4','Genügend',6671147,3),(6671294,0,43.75,'5','Nicht Genügend',6671147,4),(6671295,0,-1,'Â¥',NULL,6671147,5),(8237107,87.5,93.75,'+','+',8237106,0),(8237108,75,80,'+~','+~',8237106,1),(8237109,62.5,67,'~','~',8237106,2),(8237110,50,55,'~-','~-',8237106,3),(8237111,0,38,'-','-',8237106,4),(8237115,89,93.75,'1','Sehr Gut',8237114,0),(8237116,76,81.25,'2','Gut',8237114,1),(8237117,61,68.75,'3','Befriedigend',8237114,2),(8237118,50.1,56.25,'4','Genügend',8237114,3),(8237119,0,43.75,'5','Nicht Genügend',8237114,4);

--
-- Table structure for table `category`
--

CREATE TABLE `category` (
  `id` int NOT NULL AUTO_INCREMENT,
  `EINHEITENKORR` tinyint(1) DEFAULT '0',
  `EINHEITENKORRTEXT` longtext,
  `GLOBALCATEGORY` tinyint(1) DEFAULT '0',
  `IDSCHOOL` int DEFAULT NULL,
  `LEVEL` int DEFAULT NULL,
  `NAME` varchar(255) DEFAULT NULL,
  `PRIVATECATEGORY` tinyint(1) DEFAULT '0',
  `USEINTERNALCALC` tinyint(1) DEFAULT '0',
  `KOMP_ID` int DEFAULT NULL,
  `idParent` int DEFAULT NULL,
  `categories_ORDER` int DEFAULT NULL,
  `CATEGORYLINK` longtext,
  PRIMARY KEY (`id`),
  KEY `FK_category_idParent` (`idParent`),
  KEY `FK_category_KOMP_ID` (`KOMP_ID`),
  CONSTRAINT `FK_category_idParent` FOREIGN KEY (`idParent`) REFERENCES `category` (`id`)
) ENGINE=InnoDB AUTO_INCREMENT=3132 DEFAULT CHARSET=utf8mb4 COLLATE=utf8mb4_0900_ai_ci;

--
-- Dumping data for table `category`
--

INSERT INTO `category` VALUES (2268,0,'',0,0,0,'LeTTo',0,0,NULL,2651,10,NULL),(2270,0,'',1,0,0,'Demobeispiele-LeTTo',0,0,NULL,2268,0,NULL),(2273,0,'',0,0,0,'LeTTo-Onramp',0,0,NULL,2270,0,NULL),(2274,0,'',0,0,0,'LeTTo-Onramp Parts',0,0,NULL,2273,0,NULL),(2456,0,'',0,0,0,'Plugins',0,0,NULL,2270,1,NULL),(2457,0,'',0,0,0,'Plot',0,0,NULL,2456,0,NULL),(2458,0,'',0,0,0,'interaktive_Eingabe',0,0,NULL,2457,0,NULL),(2459,0,'',0,0,0,'direkte-Auswertung',0,0,NULL,2458,0,NULL),(2609,0,'',0,0,0,'berechnete Auswertung ',0,0,NULL,2458,1,NULL),(2651,NULL,NULL,0,0,NULL,'',0,0,NULL,NULL,NULL,NULL),(2652,NULL,NULL,0,0,NULL,'_temp',0,0,NULL,2651,1,NULL),(2653,NULL,NULL,0,0,NULL,'Antriebstechnik',0,0,NULL,2651,2,NULL),(2654,NULL,NULL,0,0,NULL,'Automatisierungstechnik',0,0,NULL,2651,3,NULL),(2655,NULL,NULL,0,0,NULL,'Elektronik',0,0,NULL,2651,4,NULL),(2656,NULL,NULL,0,0,NULL,'Energiesysteme',0,0,NULL,2651,5,NULL),(2657,NULL,NULL,0,0,NULL,'Informatik',0,0,NULL,2651,6,NULL),(2658,NULL,NULL,0,0,NULL,'Mechatronik',0,0,NULL,2651,7,NULL),(2659,NULL,NULL,0,0,NULL,'Physik',0,0,NULL,2651,8,NULL),(2660,NULL,NULL,0,0,NULL,'CPE',0,0,NULL,2651,9,NULL),(2661,NULL,NULL,0,0,NULL,'Labor',0,0,NULL,2651,10,NULL),(2811,0,'',0,0,0,'stumme_Karte',0,0,NULL,2457,1,NULL),(2902,0,'',0,0,0,'Parser',0,0,NULL,2270,2,NULL),(2903,0,'',0,0,0,'Zahlen-Darstellung',0,0,NULL,2902,0,NULL),(2969,0,'',0,0,0,'pv-Funktionen für Punktemengen',0,0,NULL,2902,1,NULL),(2998,0,'',0,0,0,'Mengen',0,0,NULL,2902,2,NULL),(3015,0,'',0,0,0,'VorBerechnung',0,0,NULL,2902,3,NULL),(3030,0,'',0,0,0,'Polynome',0,0,NULL,2902,4,NULL),(3048,0,'',0,0,0,'Fragetypen',0,0,NULL,2270,3,NULL),(3131,0,'',0,0,0,'Datensätze',0,0,NULL,2270,4,NULL);

--
-- Table structure for table `category_gegenstand`
--

CREATE TABLE `category_gegenstand` (
  `categories_ID` int NOT NULL,
  `gegenstaende_ID` int NOT NULL,
  `gegenstaende_ORDER` int DEFAULT NULL,
  PRIMARY KEY (`categories_ID`,`gegenstaende_ID`),
  KEY `FK_category_gegenstand_gegenstaende_ID` (`gegenstaende_ID`),
  CONSTRAINT `FK_category_gegenstand_categories_ID` FOREIGN KEY (`categories_ID`) REFERENCES `category` (`id`),
  CONSTRAINT `FK_category_gegenstand_gegenstaende_ID` FOREIGN KEY (`gegenstaende_ID`) REFERENCES `gegenstand` (`id`)
) ENGINE=InnoDB DEFAULT CHARSET=utf8mb4 COLLATE=utf8mb4_0900_ai_ci;

--
-- Dumping data for table `category_gegenstand`
--


--
-- Table structure for table `category_kompetenz`
--

CREATE TABLE `category_kompetenz` (
  `kompetenzCategories_ID` int NOT NULL,
  `kompetenzen_ID` int NOT NULL,
  `kompetenzen_ORDER` int DEFAULT NULL,
  PRIMARY KEY (`kompetenzCategories_ID`,`kompetenzen_ID`),
  KEY `FK_category_kompetenz_kompetenzen_ID` (`kompetenzen_ID`),
  CONSTRAINT `FK_category_kompetenz_kompetenzCategories_ID` FOREIGN KEY (`kompetenzCategories_ID`) REFERENCES `category` (`id`)
) ENGINE=InnoDB DEFAULT CHARSET=utf8mb4 COLLATE=utf8mb4_0900_ai_ci;

--
-- Dumping data for table `category_kompetenz`
--


--
-- Table structure for table `category_question`
--

CREATE TABLE `category_question` (
  `categories_ID` int NOT NULL,
  `questions_ID` bigint NOT NULL,
  `questions_ORDER` int DEFAULT NULL,
  PRIMARY KEY (`categories_ID`,`questions_ID`),
  KEY `FK_category_question_questions_ID` (`questions_ID`),
  CONSTRAINT `FK_category_question_questions_ID` FOREIGN KEY (`questions_ID`) REFERENCES `question` (`id`)
) ENGINE=InnoDB DEFAULT CHARSET=utf8mb4 COLLATE=utf8mb4_0900_ai_ci;

--
-- Dumping data for table `category_question`
--


--
-- Table structure for table `configuser`
--

CREATE TABLE `configuser` (
  `id` int NOT NULL AUTO_INCREMENT,
  `NAME` varchar(255) DEFAULT NULL,
  `TEXT` longtext,
  `TYP` int DEFAULT NULL,
  `USER_ID` int DEFAULT NULL,
  PRIMARY KEY (`id`),
  KEY `FK_configuser_USER_ID` (`USER_ID`),
  CONSTRAINT `FK_configuser_USER_ID` FOREIGN KEY (`USER_ID`) REFERENCES `user` (`id`)
) ENGINE=InnoDB AUTO_INCREMENT=2267 DEFAULT CHARSET=utf8mb4 COLLATE=utf8mb4_0900_ai_ci;

--
-- Dumping data for table `configuser`
--

INSERT INTO `configuser` VALUES (2266,'lastSelectedCategory','3048',3,2);

--
-- Table structure for table `datasetDefinition`
--

CREATE TABLE `datasetDefinition` (
  `id` int NOT NULL AUTO_INCREMENT,
  `DECIMALS` varchar(20) DEFAULT NULL,
  `DISTRIBUTION` varchar(20) DEFAULT NULL,
  `EINHEIT` varchar(255) DEFAULT NULL,
  `ITEMCOUNT` int DEFAULT NULL,
  `ITEMS` longtext,
  `MAXIMUM` varchar(20) DEFAULT NULL,
  `MINIMUM` varchar(20) DEFAULT NULL,
  `NAME` varchar(40) DEFAULT NULL,
  `STATUS` varchar(40) DEFAULT NULL,
  `TYPE` varchar(30) DEFAULT NULL,
  `ZAHLENBEREICH` text,
  `ZIFFERN` int DEFAULT NULL,
  `idParent` bigint DEFAULT NULL,
  `datasetDefinitions_ORDER` int DEFAULT NULL,
  PRIMARY KEY (`id`),
  KEY `FK_datasetDefinition_idParent` (`idParent`),
  CONSTRAINT `FK_datasetDefinition_idParent` FOREIGN KEY (`idParent`) REFERENCES `question` (`id`)
) ENGINE=InnoDB AUTO_INCREMENT=3186 DEFAULT CHARSET=utf8mb4 COLLATE=utf8mb4_0900_ai_ci;

--
-- Dumping data for table `datasetDefinition`
--

INSERT INTO `datasetDefinition` VALUES (2277,'0','uniform','',40,'4.3;2.8;2;7.7;5;4.2;4;4.2;2;4.2;3.5;2.6;3.6;7.8;5.8;7.7;4.2;2.8;2.6;5.4;5.2;7.7;6.2;2.1;5.2;2.1;5.1;6.3;5.2;4.2;2.6;5.2;2.1;4.1;4.6;5.4;6.2;7.5;4.3;4.3','7.8','2','x','shared','calculated','F2:2-8',2,2275,0),(2278,'0','uniform','=V',40,'0.3;0.3;0.3;0.3;0.3;0.3;0.3;0.3;0.3;0.3;0.3;0.3;0.3;0.3;0.3;0.3;0.3;0.3;0.3;0.3;0.3;0.3;0.3;0.3;0.3;0.3;0.3;0.3;0.3;0.3;0.3;0.3;0.3;0.3;0.3;0.3;0.3;0.3;0.3;0.3','0.3','0.3','U','shared','calculated','300m',13,2275,1),(2291,'0','uniform','',40,'4.3;2.8;2;7.7;5;4.2;4;4.2;2;4.2;3.5;2.6;3.6;7.8;5.8;7.7;4.2;2.8;2.6;5.4;5.2;7.7;6.2;2.1;5.2;2.1;5.1;6.3;5.2;4.2;2.6;5.2;2.1;4.1;4.6;5.4;6.2;7.5;4.3;4.3','7.8','2','x','shared','calculated','F2:2-8',2,2289,0),(2292,'0','uniform','=karti',40,'(3+4*%i);(3+4*%i);(3+4*%i);(3+4*%i);(3+4*%i);(3+4*%i);(3+4*%i);(3+4*%i);(3+4*%i);(3+4*%i);(3+4*%i);(3+4*%i);(3+4*%i);(3+4*%i);(3+4*%i);(3+4*%i);(3+4*%i);(3+4*%i);(3+4*%i);(3+4*%i);(3+4*%i);(3+4*%i);(3+4*%i);(3+4*%i);(3+4*%i);(3+4*%i);(3+4*%i);(3+4*%i);(3+4*%i);(3+4*%i);(3+4*%i);(3+4*%i);(3+4*%i);(3+4*%i);(3+4*%i);(3+4*%i);(3+4*%i);(3+4*%i);(3+4*%i);(3+4*%i)','5','5','z','shared','calculated','C:3i4 ',13,2289,1),(2293,'0','uniform','=V',40,'0.3;0.3;0.3;0.3;0.3;0.3;0.3;0.3;0.3;0.3;0.3;0.3;0.3;0.3;0.3;0.3;0.3;0.3;0.3;0.3;0.3;0.3;0.3;0.3;0.3;0.3;0.3;0.3;0.3;0.3;0.3;0.3;0.3;0.3;0.3;0.3;0.3;0.3;0.3;0.3','0.3','0.3','U','shared','calculated','300m',13,2289,2),(2294,'3','uniform','=Ohm',40,'2200;2200;2200;2200;2200;2200;2200;2200;2200;2200;2200;2200;2200;2200;2200;2200;2200;2200;2200;2200;2200;2200;2200;2200;2200;2200;2200;2200;2200;2200;2200;2200;2200;2200;2200;2200;2200;2200;2200;2200','2200','2200','R','shared','calculated','2200',13,2289,3),(2295,'0','uniform','',40,'0.991;0.991;0.991;0.991;0.991;0.991;0.991;0.991;0.991;0.991;0.991;0.991;0.991;0.991;0.991;0.991;0.991;0.991;0.991;0.991;0.991;0.991;0.991;0.991;0.991;0.991;0.991;0.991;0.991;0.991;0.991;0.991;0.991;0.991;0.991;0.991;0.991;0.991;0.991;0.991','0.991','0.991','u','shared','calculated','F3:0.991',3,2289,4),(2308,'0','uniform','',40,'4.3;2.8;2;7.7;5;4.2;4;4.2;2;4.2;3.5;2.6;3.6;7.8;5.8;7.7;4.2;2.8;2.6;5.4;5.2;7.7;6.2;2.1;5.2;2.1;5.1;6.3;5.2;4.2;2.6;5.2;2.1;4.1;4.6;5.4;6.2;7.5;4.3;4.3','7.8','2','x','shared','calculated','F2:2-8',2,2306,0),(2309,'0','uniform','=karti',40,'(3+4*%i);(3+4*%i);(3+4*%i);(3+4*%i);(3+4*%i);(3+4*%i);(3+4*%i);(3+4*%i);(3+4*%i);(3+4*%i);(3+4*%i);(3+4*%i);(3+4*%i);(3+4*%i);(3+4*%i);(3+4*%i);(3+4*%i);(3+4*%i);(3+4*%i);(3+4*%i);(3+4*%i);(3+4*%i);(3+4*%i);(3+4*%i);(3+4*%i);(3+4*%i);(3+4*%i);(3+4*%i);(3+4*%i);(3+4*%i);(3+4*%i);(3+4*%i);(3+4*%i);(3+4*%i);(3+4*%i);(3+4*%i);(3+4*%i);(3+4*%i);(3+4*%i);(3+4*%i)','5','5','z','shared','calculated','C:3i4 ',13,2306,1),(2310,'0','uniform','=V',40,'0.3;0.3;0.3;0.3;0.3;0.3;0.3;0.3;0.3;0.3;0.3;0.3;0.3;0.3;0.3;0.3;0.3;0.3;0.3;0.3;0.3;0.3;0.3;0.3;0.3;0.3;0.3;0.3;0.3;0.3;0.3;0.3;0.3;0.3;0.3;0.3;0.3;0.3;0.3;0.3','0.3','0.3','U','shared','calculated','300m',13,2306,2),(2311,'3','uniform','=Ohm',40,'2200;2200;2200;2200;2200;2200;2200;2200;2200;2200;2200;2200;2200;2200;2200;2200;2200;2200;2200;2200;2200;2200;2200;2200;2200;2200;2200;2200;2200;2200;2200;2200;2200;2200;2200;2200;2200;2200;2200;2200','2200','2200','R','shared','calculated','2200',13,2306,3),(2312,'0','uniform','',40,'0.991;0.991;0.991;0.991;0.991;0.991;0.991;0.991;0.991;0.991;0.991;0.991;0.991;0.991;0.991;0.991;0.991;0.991;0.991;0.991;0.991;0.991;0.991;0.991;0.991;0.991;0.991;0.991;0.991;0.991;0.991;0.991;0.991;0.991;0.991;0.991;0.991;0.991;0.991;0.991','0.991','0.991','u','shared','calculated','F3:0.991',3,2306,4),(2327,'0','uniform','',40,'4.3;2.8;2;7.7;5;4.2;4;4.2;2;4.2;3.5;2.6;3.6;7.8;5.8;7.7;4.2;2.8;2.6;5.4;5.2;7.7;6.2;2.1;5.2;2.1;5.1;6.3;5.2;4.2;2.6;5.2;2.1;4.1;4.6;5.4;6.2;7.5;4.3;4.3','7.8','2','x','shared','calculated','F2:2-8',2,2325,0),(2328,'0','uniform','=karti',40,'(3+4*%i);(3+4*%i);(3+4*%i);(3+4*%i);(3+4*%i);(3+4*%i);(3+4*%i);(3+4*%i);(3+4*%i);(3+4*%i);(3+4*%i);(3+4*%i);(3+4*%i);(3+4*%i);(3+4*%i);(3+4*%i);(3+4*%i);(3+4*%i);(3+4*%i);(3+4*%i);(3+4*%i);(3+4*%i);(3+4*%i);(3+4*%i);(3+4*%i);(3+4*%i);(3+4*%i);(3+4*%i);(3+4*%i);(3+4*%i);(3+4*%i);(3+4*%i);(3+4*%i);(3+4*%i);(3+4*%i);(3+4*%i);(3+4*%i);(3+4*%i);(3+4*%i);(3+4*%i)','5','5','z','shared','calculated','C:3i4 ',13,2325,1),(2329,'0','uniform','=V',40,'0.3;0.3;0.3;0.3;0.3;0.3;0.3;0.3;0.3;0.3;0.3;0.3;0.3;0.3;0.3;0.3;0.3;0.3;0.3;0.3;0.3;0.3;0.3;0.3;0.3;0.3;0.3;0.3;0.3;0.3;0.3;0.3;0.3;0.3;0.3;0.3;0.3;0.3;0.3;0.3','0.3','0.3','U','shared','calculated','300m',13,2325,2),(2330,'3','uniform','=Ohm',40,'2200;2200;2200;2200;2200;2200;2200;2200;2200;2200;2200;2200;2200;2200;2200;2200;2200;2200;2200;2200;2200;2200;2200;2200;2200;2200;2200;2200;2200;2200;2200;2200;2200;2200;2200;2200;2200;2200;2200;2200','2200','2200','R','shared','calculated','2200',13,2325,3),(2331,'0','uniform','',40,'0.991;0.991;0.991;0.991;0.991;0.991;0.991;0.991;0.991;0.991;0.991;0.991;0.991;0.991;0.991;0.991;0.991;0.991;0.991;0.991;0.991;0.991;0.991;0.991;0.991;0.991;0.991;0.991;0.991;0.991;0.991;0.991;0.991;0.991;0.991;0.991;0.991;0.991;0.991;0.991','0.991','0.991','u','shared','calculated','F3:0.991',3,2325,4),(2344,'0','uniform','',40,'4.3;2.8;2;7.7;5;4.2;4;4.2;2;4.2;3.5;2.6;3.6;7.8;5.8;7.7;4.2;2.8;2.6;5.4;5.2;7.7;6.2;2.1;5.2;2.1;5.1;6.3;5.2;4.2;2.6;5.2;2.1;4.1;4.6;5.4;6.2;7.5;4.3;4.3','7.8','2','x','shared','calculated','F2:2-8',2,2342,0),(2345,'0','uniform','=karti',40,'(3+4*%i);(3+4*%i);(3+4*%i);(3+4*%i);(3+4*%i);(3+4*%i);(3+4*%i);(3+4*%i);(3+4*%i);(3+4*%i);(3+4*%i);(3+4*%i);(3+4*%i);(3+4*%i);(3+4*%i);(3+4*%i);(3+4*%i);(3+4*%i);(3+4*%i);(3+4*%i);(3+4*%i);(3+4*%i);(3+4*%i);(3+4*%i);(3+4*%i);(3+4*%i);(3+4*%i);(3+4*%i);(3+4*%i);(3+4*%i);(3+4*%i);(3+4*%i);(3+4*%i);(3+4*%i);(3+4*%i);(3+4*%i);(3+4*%i);(3+4*%i);(3+4*%i);(3+4*%i)','5','5','z','shared','calculated','C:3i4 ',13,2342,1),(2346,'0','uniform','=V',40,'0.3;0.3;0.3;0.3;0.3;0.3;0.3;0.3;0.3;0.3;0.3;0.3;0.3;0.3;0.3;0.3;0.3;0.3;0.3;0.3;0.3;0.3;0.3;0.3;0.3;0.3;0.3;0.3;0.3;0.3;0.3;0.3;0.3;0.3;0.3;0.3;0.3;0.3;0.3;0.3','0.3','0.3','U','shared','calculated','300m',13,2342,2),(2347,'3','uniform','=Ohm',40,'2200;2200;2200;2200;2200;2200;2200;2200;2200;2200;2200;2200;2200;2200;2200;2200;2200;2200;2200;2200;2200;2200;2200;2200;2200;2200;2200;2200;2200;2200;2200;2200;2200;2200;2200;2200;2200;2200;2200;2200','2200','2200','R','shared','calculated','2200',13,2342,3),(2348,'0','uniform','',40,'0.991;0.991;0.991;0.991;0.991;0.991;0.991;0.991;0.991;0.991;0.991;0.991;0.991;0.991;0.991;0.991;0.991;0.991;0.991;0.991;0.991;0.991;0.991;0.991;0.991;0.991;0.991;0.991;0.991;0.991;0.991;0.991;0.991;0.991;0.991;0.991;0.991;0.991;0.991;0.991','0.991','0.991','u','shared','calculated','F3:0.991',3,2342,4),(2362,'0','uniform','',40,'4.3;2.8;2;7.7;5;4.2;4;4.2;2;4.2;3.5;2.6;3.6;7.8;5.8;7.7;4.2;2.8;2.6;5.4;5.2;7.7;6.2;2.1;5.2;2.1;5.1;6.3;5.2;4.2;2.6;5.2;2.1;4.1;4.6;5.4;6.2;7.5;4.3;4.3','7.8','2','x','shared','calculated','F2:2-8',2,2360,0),(2363,'0','uniform','=karti',40,'(3+4*%i);(3+4*%i);(3+4*%i);(3+4*%i);(3+4*%i);(3+4*%i);(3+4*%i);(3+4*%i);(3+4*%i);(3+4*%i);(3+4*%i);(3+4*%i);(3+4*%i);(3+4*%i);(3+4*%i);(3+4*%i);(3+4*%i);(3+4*%i);(3+4*%i);(3+4*%i);(3+4*%i);(3+4*%i);(3+4*%i);(3+4*%i);(3+4*%i);(3+4*%i);(3+4*%i);(3+4*%i);(3+4*%i);(3+4*%i);(3+4*%i);(3+4*%i);(3+4*%i);(3+4*%i);(3+4*%i);(3+4*%i);(3+4*%i);(3+4*%i);(3+4*%i);(3+4*%i)','5','5','z','shared','calculated','C:3i4 ',13,2360,1),(2364,'0','uniform','=V',40,'0.3;0.3;0.3;0.3;0.3;0.3;0.3;0.3;0.3;0.3;0.3;0.3;0.3;0.3;0.3;0.3;0.3;0.3;0.3;0.3;0.3;0.3;0.3;0.3;0.3;0.3;0.3;0.3;0.3;0.3;0.3;0.3;0.3;0.3;0.3;0.3;0.3;0.3;0.3;0.3','0.3','0.3','U','shared','calculated','300m',13,2360,2),(2365,'3','uniform','=Ohm',40,'2200;2200;2200;2200;2200;2200;2200;2200;2200;2200;2200;2200;2200;2200;2200;2200;2200;2200;2200;2200;2200;2200;2200;2200;2200;2200;2200;2200;2200;2200;2200;2200;2200;2200;2200;2200;2200;2200;2200;2200','2200','2200','R','shared','calculated','2200',13,2360,3),(2366,'0','uniform','',40,'0.991;0.991;0.991;0.991;0.991;0.991;0.991;0.991;0.991;0.991;0.991;0.991;0.991;0.991;0.991;0.991;0.991;0.991;0.991;0.991;0.991;0.991;0.991;0.991;0.991;0.991;0.991;0.991;0.991;0.991;0.991;0.991;0.991;0.991;0.991;0.991;0.991;0.991;0.991;0.991','0.991','0.991','u','shared','calculated','F3:0.991',3,2360,4),(2378,'0','uniform','',40,'4.3;2.8;2;7.7;5;4.2;4;4.2;2;4.2;3.5;2.6;3.6;7.8;5.8;7.7;4.2;2.8;2.6;5.4;5.2;7.7;6.2;2.1;5.2;2.1;5.1;6.3;5.2;4.2;2.6;5.2;2.1;4.1;4.6;5.4;6.2;7.5;4.3;4.3','7.8','2','x','shared','calculated','F2:2-8',2,2376,0),(2379,'0','uniform','=karti',40,'(3+4*%i);(3+4*%i);(3+4*%i);(3+4*%i);(3+4*%i);(3+4*%i);(3+4*%i);(3+4*%i);(3+4*%i);(3+4*%i);(3+4*%i);(3+4*%i);(3+4*%i);(3+4*%i);(3+4*%i);(3+4*%i);(3+4*%i);(3+4*%i);(3+4*%i);(3+4*%i);(3+4*%i);(3+4*%i);(3+4*%i);(3+4*%i);(3+4*%i);(3+4*%i);(3+4*%i);(3+4*%i);(3+4*%i);(3+4*%i);(3+4*%i);(3+4*%i);(3+4*%i);(3+4*%i);(3+4*%i);(3+4*%i);(3+4*%i);(3+4*%i);(3+4*%i);(3+4*%i)','5','5','z','shared','calculated','C:3i4 ',13,2376,1),(2380,'0','uniform','=V',40,'0.3;0.3;0.3;0.3;0.3;0.3;0.3;0.3;0.3;0.3;0.3;0.3;0.3;0.3;0.3;0.3;0.3;0.3;0.3;0.3;0.3;0.3;0.3;0.3;0.3;0.3;0.3;0.3;0.3;0.3;0.3;0.3;0.3;0.3;0.3;0.3;0.3;0.3;0.3;0.3','0.3','0.3','U','shared','calculated','300m',13,2376,2),(2381,'3','uniform','=Ohm',40,'2200;2200;2200;2200;2200;2200;2200;2200;2200;2200;2200;2200;2200;2200;2200;2200;2200;2200;2200;2200;2200;2200;2200;2200;2200;2200;2200;2200;2200;2200;2200;2200;2200;2200;2200;2200;2200;2200;2200;2200','2200','2200','R','shared','calculated','2200',13,2376,3),(2382,'0','uniform','',40,'0.991;0.991;0.991;0.991;0.991;0.991;0.991;0.991;0.991;0.991;0.991;0.991;0.991;0.991;0.991;0.991;0.991;0.991;0.991;0.991;0.991;0.991;0.991;0.991;0.991;0.991;0.991;0.991;0.991;0.991;0.991;0.991;0.991;0.991;0.991;0.991;0.991;0.991;0.991;0.991','0.991','0.991','u','shared','calculated','F3:0.991',3,2376,4),(2396,'0','uniform','',40,'4.3;2.8;2;7.7;5;4.2;4;4.2;2;4.2;3.5;2.6;3.6;7.8;5.8;7.7;4.2;2.8;2.6;5.4;5.2;7.7;6.2;2.1;5.2;2.1;5.1;6.3;5.2;4.2;2.6;5.2;2.1;4.1;4.6;5.4;6.2;7.5;4.3;4.3','7.8','2','x','shared','calculated','F2:2-8',2,2394,0),(2397,'0','uniform','=karti',40,'(3+4*%i);(3+4*%i);(3+4*%i);(3+4*%i);(3+4*%i);(3+4*%i);(3+4*%i);(3+4*%i);(3+4*%i);(3+4*%i);(3+4*%i);(3+4*%i);(3+4*%i);(3+4*%i);(3+4*%i);(3+4*%i);(3+4*%i);(3+4*%i);(3+4*%i);(3+4*%i);(3+4*%i);(3+4*%i);(3+4*%i);(3+4*%i);(3+4*%i);(3+4*%i);(3+4*%i);(3+4*%i);(3+4*%i);(3+4*%i);(3+4*%i);(3+4*%i);(3+4*%i);(3+4*%i);(3+4*%i);(3+4*%i);(3+4*%i);(3+4*%i);(3+4*%i);(3+4*%i)','5','5','z','shared','calculated','C:3i4 ',13,2394,1),(2398,'0','uniform','=V',40,'0.3;0.3;0.3;0.3;0.3;0.3;0.3;0.3;0.3;0.3;0.3;0.3;0.3;0.3;0.3;0.3;0.3;0.3;0.3;0.3;0.3;0.3;0.3;0.3;0.3;0.3;0.3;0.3;0.3;0.3;0.3;0.3;0.3;0.3;0.3;0.3;0.3;0.3;0.3;0.3','0.3','0.3','U','shared','calculated','300m',13,2394,2),(2399,'3','uniform','=Ohm',40,'2200;2200;2200;2200;2200;2200;2200;2200;2200;2200;2200;2200;2200;2200;2200;2200;2200;2200;2200;2200;2200;2200;2200;2200;2200;2200;2200;2200;2200;2200;2200;2200;2200;2200;2200;2200;2200;2200;2200;2200','2200','2200','R','shared','calculated','2200',13,2394,3),(2400,'0','uniform','',40,'0.991;0.991;0.991;0.991;0.991;0.991;0.991;0.991;0.991;0.991;0.991;0.991;0.991;0.991;0.991;0.991;0.991;0.991;0.991;0.991;0.991;0.991;0.991;0.991;0.991;0.991;0.991;0.991;0.991;0.991;0.991;0.991;0.991;0.991;0.991;0.991;0.991;0.991;0.991;0.991','0.991','0.991','u','shared','calculated','F3:0.991',3,2394,4),(2430,'0','uniform','',40,'4.3;2.8;2;7.7;5;4.2;4;4.2;2;4.2;3.5;2.6;3.6;7.8;5.8;7.7;4.2;2.8;2.6;5.4;5.2;7.7;6.2;2.1;5.2;2.1;5.1;6.3;5.2;4.2;2.6;5.2;2.1;4.1;4.6;5.4;6.2;7.5;4.3;4.3','7.8','2','x','shared','calculated','F2:2-8',2,2428,0),(2431,'0','uniform','=karti',40,'(3+4*%i);(3+4*%i);(3+4*%i);(3+4*%i);(3+4*%i);(3+4*%i);(3+4*%i);(3+4*%i);(3+4*%i);(3+4*%i);(3+4*%i);(3+4*%i);(3+4*%i);(3+4*%i);(3+4*%i);(3+4*%i);(3+4*%i);(3+4*%i);(3+4*%i);(3+4*%i);(3+4*%i);(3+4*%i);(3+4*%i);(3+4*%i);(3+4*%i);(3+4*%i);(3+4*%i);(3+4*%i);(3+4*%i);(3+4*%i);(3+4*%i);(3+4*%i);(3+4*%i);(3+4*%i);(3+4*%i);(3+4*%i);(3+4*%i);(3+4*%i);(3+4*%i);(3+4*%i)','5','5','z','shared','calculated','C:3i4 ',13,2428,1),(2432,'0','uniform','=V',40,'0.3;0.3;0.3;0.3;0.3;0.3;0.3;0.3;0.3;0.3;0.3;0.3;0.3;0.3;0.3;0.3;0.3;0.3;0.3;0.3;0.3;0.3;0.3;0.3;0.3;0.3;0.3;0.3;0.3;0.3;0.3;0.3;0.3;0.3;0.3;0.3;0.3;0.3;0.3;0.3','0.3','0.3','U','shared','calculated','300m',13,2428,2),(2433,'3','uniform','=Ohm',40,'2200;2200;2200;2200;2200;2200;2200;2200;2200;2200;2200;2200;2200;2200;2200;2200;2200;2200;2200;2200;2200;2200;2200;2200;2200;2200;2200;2200;2200;2200;2200;2200;2200;2200;2200;2200;2200;2200;2200;2200','2200','2200','R','shared','calculated','2200',13,2428,3),(2434,'0','uniform','',40,'0.991;0.991;0.991;0.991;0.991;0.991;0.991;0.991;0.991;0.991;0.991;0.991;0.991;0.991;0.991;0.991;0.991;0.991;0.991;0.991;0.991;0.991;0.991;0.991;0.991;0.991;0.991;0.991;0.991;0.991;0.991;0.991;0.991;0.991;0.991;0.991;0.991;0.991;0.991;0.991','0.991','0.991','u','shared','calculated','F3:0.991',3,2428,4),(2472,'3','uniform','',40,'4.774;2.724;2.568;4.07;2.42;4.261;4.87;4.18;4.87;4.18;3.586;4.774;4.703;4.213;4.18;4.703;2.469;3.329;4.07;2.789;4.147;2.42;3.232;2.805;2.42;4.064;4.064;4.703;3.159;4.83;2.285;4.07;2.42;3.634;3.031;2.645;4.029;3.329;2.204;3.634','4.87','2.204','a','shared','calculated','2-5',13,2470,0),(2473,'3','uniform','',40,'2.721;2.395;2.721;2.74;-2.945;1.45;2.148;2.589;1.911;2.655;1.214;-1.786;-1.58;1.731;2.589;-2.372;1.911;-2.777;-1.933;-1.513;1.134;2.514;-1.786;2.589;-2.372;-1.547;-2.73;1.58;-2.846;1.829;1.594;1.214;-1.001;-1.999;2.742;-2.277;2.221;1.566;2.742;-2.767','2.945','1.001','b','shared','calculated','1-3,-3--1',13,2470,1),(2474,'3','uniform','',40,'0.002898;0.04248;0.02853;0.08643;0.06964;0.007954;0.08628;0.01192;0.02672;0.06907;0.08573;0.01925;0.06964;0.09864;0.0758;0.04528;0.0175;0.06412;0.09549;0.04528;0.02672;0.05512;0.02672;0.06964;0.0231;0.008585;0.002974;0.03581;0.003375;0.06627;0.05675;0.04248;0.06148;0.05139;0.06917;0.02672;0.04248;0.06964;0.04156;0.01192','0.09864','0.002898','T','shared','calculated','0.001-0.1',13,2470,2),(2485,'0','uniform','',40,'[2,9];[5,-4];[-2,-6];[-2,0];[2,5];[0,9];[3,10];[0,-4];[5,2];[-3,0];[-4,-10];[-6,-10];[-7,-4];[8,6];[-10,-6];[0,-10];[6,-7];[-6,-10];[-6,-9];[4,-6];[-5,-4];[-7,-4];[-4,-8];[-10,8];[5,-3];[-2,6];[5,2];[2,0];[5,2];[4,9];[-4,1];[-10,-6];[4,4];[-7,-7];[0,-4];[4,7];[0,-10];[-3,-7];[7,6];[7,0]','10','0','P','shared','calculated','V2:I-10-10',13,2483,0),(2496,'0','uniform','',40,'[2,9];[5,-4];[-2,-6];[-2,0];[2,5];[0,9];[3,10];[0,-4];[5,2];[-3,0];[-4,-10];[-6,-10];[-7,-4];[8,6];[-10,-6];[0,-10];[6,-7];[-6,-10];[-6,-9];[4,-6];[-5,-4];[-7,-4];[-4,-8];[-10,8];[5,-3];[-2,6];[5,2];[2,0];[5,2];[4,9];[-4,1];[-10,-6];[4,4];[-7,-7];[0,-4];[4,7];[0,-10];[-3,-7];[7,6];[7,0]','10','0','P','shared','calculated','V2:I-10-10',13,2494,0),(2497,'0','uniform','',40,'[-5,-2];[8,-9];[-2,-3];[3,1];[3,-9];[2,0];[-3,-6];[0,2];[8,-1];[2,-1];[-6,-4];[1,-6];[-6,-6];[-6,10];[2,-4];[8,-7];[-3,7];[4,6];[-9,-8];[8,-8];[5,10];[8,-6];[-3,-9];[7,5];[-2,1];[1,7];[10,-8];[3,10];[-6,-7];[8,-1];[2,-9];[-1,4];[-1,8];[6,4];[2,-1];[10,0];[-5,-1];[-3,2];[3,10];[-3,-8]','10','0','P1','shared','calculated','V2:I-10-10',13,2494,1),(2498,'0','uniform','',40,'[10,-4];[-10,-7];[6,-1];[2,-5];[2,2];[-1,5];[-3,-10];[-1,-7];[-5,-6];[6,-3];[-7,-10];[9,6];[-5,4];[-7,5];[10,-7];[5,1];[5,-2];[3,5];[3,0];[-1,1];[3,7];[0,-1];[-9,-10];[9,-4];[5,6];[4,-1];[-4,5];[-10,6];[-7,-3];[3,-2];[-3,4];[9,-3];[0,-1];[-1,-7];[0,2];[2,-2];[7,2];[-1,-3];[3,-1];[2,3]','10','0','P2','shared','calculated','V2:I-10-10',13,2494,2),(2509,'0','uniform','',40,'[2,9];[5,-4];[-2,-6];[-2,0];[2,5];[0,9];[3,10];[0,-4];[5,2];[-3,0];[-4,-10];[-6,-10];[-7,-4];[8,6];[-10,-6];[0,-10];[6,-7];[-6,-10];[-6,-9];[4,-6];[-5,-4];[-7,-4];[-4,-8];[-10,8];[5,-3];[-2,6];[5,2];[2,0];[5,2];[4,9];[-4,1];[-10,-6];[4,4];[-7,-7];[0,-4];[4,7];[0,-10];[-3,-7];[7,6];[7,0]','10','0','P1','shared','calculated','V2:I-10-10',13,2507,0),(2510,'0','uniform','',40,'[8,-8];[-8,4];[-4,4];[0,8];[-3,4];[-5,-7];[-8,-6];[-8,2];[-4,0];[-7,4];[0,7];[8,-10];[1,-1];[7,9];[8,-3];[8,9];[4,-9];[-9,-8];[5,-7];[-3,6];[-10,9];[-6,3];[4,-10];[-8,2];[-10,-4];[-9,6];[-4,-10];[5,-1];[-3,-2];[-6,4];[10,1];[9,-8];[1,0];[0,7];[10,-1];[8,-7];[4,5];[9,-10];[2,-5];[8,9]','10','0','P2','shared','calculated','V2:I-10-10',13,2507,1),(2521,'0','uniform','',40,'[4,0];[5,9];[5,-1];[0,2];[4,4];[-5,-1];[4,-5];[0,0];[-2,4];[9,-5];[-10,4];[-4,-2];[6,-4];[5,0];[5,1];[-8,-9];[0,0];[-9,1];[6,9];[0,4];[-4,-1];[-4,5];[9,6];[-4,9];[4,5];[4,5];[-7,0];[5,-4];[-5,5];[5,1];[-5,-3];[-10,7];[9,-7];[0,0];[-6,0];[-9,1];[9,0];[6,0];[1,10];[-8,0]','10','0','A','shared','calculated','V2:I-10-10',13,2519,0),(2522,'0','uniform','',40,'[4,-1];[-5,0];[10,8];[8,-8];[-8,0];[8,-2];[7,10];[-10,-2];[-6,8];[0,-5];[-8,-4];[2,-10];[-5,-7];[-8,0];[-1,7];[10,9];[-5,10];[-5,8];[-6,-5];[-8,-4];[-3,-8];[0,7];[0,-6];[5,5];[-10,2];[-6,6];[-5,-7];[-2,2];[-5,-2];[10,1];[5,8];[0,0];[8,-9];[2,0];[0,-6];[7,-5];[6,5];[-6,-7];[-5,-5];[-10,2]','10','0','B','shared','calculated','V2:I-10-10',13,2519,1),(2523,'0','uniform','',40,'[-2,-4];[3,6];[6,-7];[-6,4];[0,-7];[-3,-7];[5,0];[3,-4];[0,-6];[5,-4];[-1,7];[0,-6];[0,-2];[6,4];[-8,7];[-7,9];[-4,3];[-6,-3];[-5,-4];[0,2];[0,-4];[8,-7];[-6,-5];[0,2];[3,-4];[8,-4];[10,0];[-10,-4];[8,-3];[9,-2];[9,-2];[-8,0];[-7,-1];[4,10];[7,5];[-6,-2];[6,3];[-2,0];[-9,8];[0,-7]','10','0','C','shared','calculated','V2:I-10-10',13,2519,2),(2534,'0','uniform','',40,'[-5,-3];[-7,-5];[-10,-4];[-1,-10];[-1,-3];[0,-8];[-8,0];[-2,1];[-7,-9];[-2,1];[-7,-7];[-4,-9];[-9,0];[-9,0];[0,-3];[0,0];[-6,-8];[-1,-2];[-7,-7];[-6,-9];[-1,-4];[-1,-6];[-5,-9];[-6,-4];[-5,0];[-1,-9];[-7,-6];[-5,0];[-1,-5];[0,-7];[-10,-2];[-7,-6];[-4,0];[1,1];[-3,-7];[-1,-1];[-3,2];[1,0];[-3,-7];[-10,-7]','10','0','A','shared','calculated','V2:I-10-2',13,2532,0),(2535,'0','uniform','',40,'3;4;5;4;3;4;3;4;4;4;5;5;4;4;3;5;5;3;4;3;2;4;3;5;2;2;4;5;2;2;4;3;4;4;5;2;5;4;4;4','5','2','b','shared','calculated','I2-5',13,2532,1),(2536,'0','uniform','',40,'2;5;5;5;4;5;4;2;2;5;5;5;2;5;3;2;3;5;5;5;4;3;2;5;2;2;5;5;4;5;5;5;2;2;3;5;5;4;3;2','5','2','h','shared','calculated','I2-5',13,2532,2),(2587,'3','uniform','V',40,'28.54;11.46;2.945;2.544;6.421;21.86;140.7;36.12;11.46;6.421;53.14;17.87;118.8;4.096;89.15;36.12;6.214;11.46;2.847;118.8;53.14;42.09;13.82;9.847;62.76;54.73;189.7;89.15;41.91;157.4;2.847;36.12;106.1;106.1;157.4;148.6;118.8;142.5;89.15;6.421','189.7','2.544','Us','shared','calculated','2-230',13,2585,0),(2588,'3','uniform','Hz',40,'196;195;27.39;105.3;81.08;136.5;135.4;110;136.5;195;103.8;156.5;110.8;101.9;15.28;48.32;111;120.2;47.81;110.5;120.2;120;169.3;47.81;47.81;27.39;195;135.4;195;101.9;156.5;186.5;36.62;36.62;178.4;188.5;88.03;96.63;15.28;168.7','196','15.28','f','shared','calculated','10-200',13,2585,1),(2599,'3','uniform','V',40,'28.54;11.46;2.945;2.544;6.421;21.86;140.7;36.12;11.46;6.421;53.14;17.87;118.8;4.096;89.15;36.12;6.214;11.46;2.847;118.8;53.14;42.09;13.82;9.847;62.76;54.73;189.7;89.15;41.91;157.4;2.847;36.12;106.1;106.1;157.4;148.6;118.8;142.5;89.15;6.421','189.7','2.544','Us','shared','calculated','2-230',13,2597,0),(2600,'3','uniform','Hz',40,'196;195;27.39;105.3;81.08;136.5;135.4;110;136.5;195;103.8;156.5;110.8;101.9;15.28;48.32;111;120.2;47.81;110.5;120.2;120;169.3;47.81;47.81;27.39;195;135.4;195;101.9;156.5;186.5;36.62;36.62;178.4;188.5;88.03;96.63;15.28;168.7','196','15.28','f','shared','calculated','10-200',13,2597,1),(2627,'0','uniform','',40,'-1;-3;-1;-1;-3;-3;-2;-4;-1;-2;-3;-1;-3;-1;-1;-3;-1;-1;-1;-3;-2;-2;-2;-4;-1;-1;-4;-3;-1;-1;-1;-2;-1;-4;-3;-1;-4;-4;-4;-4','4','1','x1','shared','calculated','I-4--1',12,2625,0),(2628,'0','uniform','',40,'4;3;3;3;2;1;4;1;1;3;1;1;4;3;2;3;4;1;4;4;3;1;1;4;4;3;4;1;1;1;2;3;1;3;4;4;1;2;1;4','4','1','dx2','shared','calculated','I1-4',12,2625,1),(2629,'0','uniform','',40,'2;3;4;3;3;1;2;4;3;2;3;1;1;3;4;3;3;1;4;1;4;1;1;2;3;3;2;4;1;3;3;3;3;2;3;1;3;1;1;1','4','1','dx3','shared','calculated','I1-4',12,2625,2),(2651,'3','uniform','',40,'2;2;2;2;2;2;2;2;2;2;2;2;2;2;2;2;2;2;2;2;2;2;2;2;2;2;2;2;2;2;2;2;2;2;2;2;2;2;2;2','2','2','k','shared','calculated','F2:2',2,2649,0),(2664,'3','uniform','',40,'0;0;0;0;0;0;0;0;0;0;0;0;0;0;0;0;0;0;0;0;0;0;0;0;0;0;0;0;0;0;0;0;0;0;0;0;0;0;0;0','0','0','minx','shared','calculated','0',12,2662,0),(2665,'3','uniform','',40,'10;10;10;10;10;10;10;10;10;10;10;10;10;10;10;10;10;10;10;10;10;10;10;10;10;10;10;10;10;10;10;10;10;10;10;10;10;10;10;10','10','10','maxx','shared','calculated','10',12,2662,1),(2666,'3','uniform','',40,'-5;-5;-5;-5;-5;-5;-5;-5;-5;-5;-5;-5;-5;-5;-5;-5;-5;-5;-5;-5;-5;-5;-5;-5;-5;-5;-5;-5;-5;-5;-5;-5;-5;-5;-5;-5;-5;-5;-5;-5','5','5','miny','shared','calculated','-5',12,2662,2),(2667,'3','uniform','',40,'5;5;5;5;5;5;5;5;5;5;5;5;5;5;5;5;5;5;5;5;5;5;5;5;5;5;5;5;5;5;5;5;5;5;5;5;5;5;5;5','5','5','maxy','shared','calculated','5',12,2662,3),(2754,'3','uniform','',40,'2;2;2;2;2;2;2;2;2;2;2;2;2;2;2;2;2;2;2;2;2;2;2;2;2;2;2;2;2;2;2;2;2;2;2;2;2;2;2;2','2','2','k','shared','calculated','2',12,2753,0),(2755,'3','uniform','',40,'-3;-3;-3;-3;-3;-3;-3;-3;-3;-3;-3;-3;-3;-3;-3;-3;-3;-3;-3;-3;-3;-3;-3;-3;-3;-3;-3;-3;-3;-3;-3;-3;-3;-3;-3;-3;-3;-3;-3;-3','3','3','d','shared','calculated','-3',12,2753,1),(2769,'3','uniform','',40,'2;2;2;2;2;2;2;2;2;2;2;2;2;2;2;2;2;2;2;2;2;2;2;2;2;2;2;2;2;2;2;2;2;2;2;2;2;2;2;2','2','2','k','shared','calculated','2',12,2768,0),(2770,'3','uniform','',40,'-3;-3;-3;-3;-3;-3;-3;-3;-3;-3;-3;-3;-3;-3;-3;-3;-3;-3;-3;-3;-3;-3;-3;-3;-3;-3;-3;-3;-3;-3;-3;-3;-3;-3;-3;-3;-3;-3;-3;-3','3','3','d','shared','calculated','-3',12,2768,1),(2836,'3','uniform','',40,'1.9;1.6;1.5;1.6;1.1;1.8;1.5;1.1;1.6;1.2;1.6;2;1.5;1.8;1.2;1.5;1.7;1.2;1.5;1.2;1.2;1.5;1.4;1.3;1.9;1.6;1.6;1.2;1.3;1.5;1.3;1.9;1.6;1.2;1.5;2;1.5;1.4;1.4;1.7','2','1.1','a','shared','calculated','F2:1-2',2,2834,0),(2837,'3','uniform','',40,'-1.9;-1.2;-1.8;-1.7;-2;-1.6;-2;-1.8;-1.9;-1.6;-1;-1.6;-2;-1.8;-2;-1.9;-2;-1.2;-1.1;-1.3;-1.8;-1.7;-1;-2;-1.9;-1.5;-1.3;-1.1;-1.6;-1.8;-1.2;-1.9;-1.8;-1.9;-1.4;-2;-1.9;-1;-1.7;-1.6','2','1','b','shared','calculated','F2:-2--1',2,2834,1),(2838,'3','uniform','',40,'0.26;0.53;-0.14;0.26;-0.16;0.89;2.3;-0.14;-1.8;-1.5;-2;0.91;0.89;-2;0.25;0.23;-0.16;-2;-0.68;-0.82;0.23;-0.14;0.89;-2;-2.9;-0.82;1.2;-1.5;2.6;-2;2.3;1.6;-1.5;1.3;1.2;-0.05;-1.5;0.25;-0.68;2.8','2.9','0.05','c','shared','calculated','F2:-3-3',2,2834,2),(2839,'3','uniform','',40,'2.154;1.182;-1.575;-2.448;0.6081;1.796;2.827;2.16;-1.376;2.634;-1.574;-2.838;-1.311;2.827;0.5461;0.6987;2.204;-2.162;-2.428;2.283;1.505;-2.935;-0.6206;1.349;1.796;-1.376;2.732;-0.6981;1.504;1.377;-1.698;1.274;-0.6905;2.827;-1.311;-1.376;-1.311;-1.276;-0.8012;0.563','2.935','0.5461','s1','shared','calculated','-3--0.5,0.5-3',13,2834,3),(2840,'3','uniform','',40,'-2.997;-2.684;-1.511;-1.285;1.813;0.6726;1.523;-0.9292;-1.746;-0.9292;-0.5518;1.888;1.669;-0.9193;-2.801;1.588;2.512;-1.66;1.562;-2.325;2.901;0.7349;0.8524;-2.071;-2.749;-1.531;0.8456;2.811;0.7349;-1.692;-2.997;-2.997;1.318;-0.9292;-1.446;2.718;-2.594;2.762;1.943;-0.9193','2.997','0.5518','s2','shared','calculated','-3--0.5,0.5-3',13,2834,4),(2841,'3','uniform','',40,'-1.791;-0.9454;-1.791;-1.23;0.6523;1.104;0.7692;-1.803;0.5469;1.303;1.57;-0.5835;-2.615;-2.613;1.997;0.6523;-1.493;-1.241;1.988;-0.5835;2.888;-0.8719;0.5469;-1.124;1.999;-1.425;2.223;0.9225;-0.6813;0.5469;-2.615;-2.859;1.731;-2.661;2.22;1.334;-1.796;0.6523;-1.942;-1.803','2.888','0.5469','s3','shared','calculated','-3--0.5,0.5-3',13,2834,5),(2842,'3','uniform','',40,'2.981;1.239;-0.9656;2.097;1.594;1.04;1.495;0.6319;0.7474;1.207;-0.8196;-1.716;0.7195;1.648;-1.646;0.6319;-0.9891;0.6319;1.141;-0.9656;-0.9656;-1.071;-0.9656;-1.469;1.281;0.6319;-2.38;-1.071;0.8187;1.141;2.904;-2.56;0.6481;1.027;1.594;-2.619;-2.108;-2.629;-1.02;0.6479','2.981','0.6319','s4','shared','calculated','-3--0.5,0.5-3',13,2834,6),(2843,'3','uniform','',40,'0.6539;2.014;-1.401;1.67;-0.9513;-1.176;-2.384;-1.48;0.6629;-2.678;-1.795;0.714;-1.313;1.076;0.714;1.087;-2.371;-1.397;-1.795;-1.977;2.164;0.6629;1.67;-1.401;-0.9342;-0.6002;0.94;2.642;-0.8913;-1.401;-2.412;0.998;-1.176;0.94;-0.591;0.5381;-0.8913;-1.726;1.991;1.21','2.678','0.5381','s5','shared','calculated','-3--0.5,0.5-3',13,2834,7),(2844,'3','uniform','',40,'0.9686;-2.975;-2.154;2.425;2.362;-2.894;0.7842;1.63;-2.113;1.354;0.96;2.448;1.968;-2.941;-2.324;-1.459;-2.324;-1.45;2.267;1.968;-2.894;-2.479;0.9686;0.9848;0.5539;2.003;2.24;2.928;-1.564;-2.894;-0.9923;-2.59;2.677;1.3;2.144;0.7291;-2.567;-0.5393;-2.026;-2.026','2.975','0.5393','s6','shared','calculated','-3--0.5,0.5-3',13,2834,8),(2873,'3','uniform','s',40,'2.615;0.7348;0.9045;2.892;2.839;2.573;2.553;2.584;0.6308;1.296;2.839;1.919;1.772;0.9038;1.22;2.415;2.935;2.244;2.026;1.737;1.737;2.415;1.919;1.495;1.776;0.8896;2.252;2.615;2.839;1.495;2.553;1.919;2.892;0.6308;1.803;2.998;1.105;1.803;1.205;2.681','2.998','0.6308','T1','shared','calculated','0.5-3',12,2871,0),(2874,'3','uniform','s',40,'0.01944;0.04847;0.0154;0.07587;0.06942;0.09127;0.004824;0.07416;0.02694;0.07222;0.09533;0.09577;0.09255;0.07213;0.03847;0.09255;0.09299;0.07222;0.07213;0.09127;0.004824;0.07209;0.09255;0.06255;0.05293;0.02404;0.08405;0.05293;0.04847;0.09255;0.07416;0.015;0.09299;0.0464;0.01944;0.05363;0.08805;0.09577;0.05363;0.03787','0.09577','0.004824','T2','shared','calculated','0.001-0.1',12,2871,1),(2886,'3','uniform','',40,'-3.242;-3.626;-2.572;-2.629;-2.619;-2.629;-2.053;-1.547;-3.695;-3.009;-3.702;-1.61;-3.695;-2.207;-3.242;-3.242;-1.358;-1.049;-3.081;-1.358;-3.054;-2.744;-1.432;-2.674;-3.726;-1.129;-1.514;-3.726;-2.053;-1.61;-3.695;-3.081;-1.432;-3.702;-3.009;-2.774;-2.053;-1.371;-1.514;-1.886','3.726','1.049','x1','shared','calculated','-4--1',12,2884,0),(2887,'3','uniform','',40,'5.189;2.477;2.204;0.5865;0.4808;2.297;2.905;0.8929;4.561;4.441;6.965;5.189;3.841;1.523;1.419;3.606;6.546;6.158;2.297;6.428;2.297;3.606;2.204;3.841;6.005;0.7578;0.5865;0.4808;5.189;0.5865;0.7628;6.07;6.005;2.44;0.7628;3.606;1.523;4.738;6.413;1.523','6.965','0.4808','x2','shared','calculated','0-7',12,2884,1),(2888,'3','uniform','',40,'-1.036;-0.8372;2.568;1.58;-1.036;-2.165;1.643;-1.65;-1.203;-1.036;2.378;0.1454;-2.329;1.465;-1.826;1.513;1.442;1.643;-0.8372;2.804;1.615;1.615;-1.844;-1.705;2.688;1.43;1.43;0.5378;1.482;1.386;-1.036;2.568;2.378;-1.9;-1.284;-1.266;-2.309;2.435;2.435;-1.844','2.804','0.1454','y1','shared','calculated','-3-3',12,2884,2),(2889,'3','uniform','',40,'4.128;7.178;4.755;1.255;4.128;5.408;7.705;5.675;3.257;7.767;1.769;7.164;7.164;5.408;1.769;4.186;4.128;3.776;2.28;6.365;1.2;4.949;5.974;3.528;1.759;5.974;3.906;7.178;3.257;5.697;2.241;3.528;3.257;1.759;4.299;5.697;7.705;4.755;4.186;4.612','7.767','1.2','y2','shared','calculated','1-8',12,2884,3),(2890,'3','uniform','',40,'-1.246;-6.034;-5.082;-6.175;-7.68;-2.104;-6.17;-4.027;-6.689;-6.689;-3.317;-3.405;-2.13;-5.603;-6.17;-6.175;-1.238;-2.104;-6.92;-1.246;-1.246;-1.29;-6.17;-7.797;-6.175;-1.29;-3.317;-1.246;-5.841;-7.368;-2.13;-4.74;-4.051;-6.034;-5.603;-1.416;-2.104;-6.175;-5.534;-6.689','7.797','1.238','y3','shared','calculated','-8--1',12,2884,4),(2891,'3','uniform','',40,'0.05787;3.826;5.411;5.729;0.4603;5.493;5.411;3.8;5.411;1.468;6.818;0.7262;6.984;4.675;3.551;1.703;5.493;5.729;0.05787;1.105;1.703;3.551;5.256;3.8;5.493;3.435;6.506;0.84;1.468;1.694;0.7262;3.826;3.435;3.551;1.694;1.724;6.818;0.5386;6.115;6.115','6.984','0.05787','x3','shared','calculated','0-7',12,2884,5),(2906,'0','uniform','',40,'4;2;9;9;2;2;9;9;8;10;2;6;1;2;9;9;2;5;5;6;5;9;1;2;2;2;5;3;8;9;6;5;4;9;2;2;8;1;7;7','10','1','z2','shared','calculated','I1-10\n ',14,2904,0),(2907,'0','uniform','',40,'3;1;3;6;4;6;2;9;3;8;9;3;9;6;3;6;7;4;6;9;10;7;10;3;3;7;8;5;3;4;3;5;5;9;8;2;10;10;10;6','10','1','z1','shared','calculated','I1-10\n ',14,2904,1),(2908,'0','uniform','',40,'8;1;7;6;9;7;9;9;10;4;1;8;2;7;1;1;1;6;1;5;5;4;1;5;2;10;2;1;7;5;8;9;7;6;2;10;10;8;9;8','10','1','g1','shared','calculated','I1-10\n ',14,2904,2),(2909,'0','uniform','',40,'7;6;3;8;8;7;10;2;7;7;9;5;4;4;9;5;9;8;4;7;1;9;7;9;4;4;8;4;4;6;1;9;7;7;10;2;3;7;1;4','10','1','g2','shared','calculated','I1-10\n ',14,2904,3),(2910,'0','uniform','',40,'9;10;5;7;9;9;8;3;6;8;7;7;2;2;3;2;9;6;8;10;10;9;3;10;9;9;2;10;2;8;7;9;3;4;4;8;4;2;2;7','10','2','n1','shared','calculated','I2-10 ',14,2904,4),(2911,'0','uniform','',40,'7;6;8;10;9;6;4;8;3;10;2;8;9;5;4;10;8;8;8;3;9;7;6;7;3;4;3;9;6;2;10;4;8;8;2;7;7;7;6;6','10','2','n2','shared','calculated','I2-10 ',14,2904,5),(2950,'3','uniform','',40,'2arg45°;2arg45°;2arg45°;2arg45°;2arg45°;2arg45°;2arg45°;2arg45°;2arg45°;2arg45°;2arg45°;2arg45°;2arg45°;2arg45°;2arg45°;2arg45°;2arg45°;2arg45°;2arg45°;2arg45°;2arg45°;2arg45°;2arg45°;2arg45°;2arg45°;2arg45°;2arg45°;2arg45°;2arg45°;2arg45°;2arg45°;2arg45°;2arg45°;2arg45°;2arg45°;2arg45°;2arg45°;2arg45°;2arg45°;2arg45°','2','2','a','shared','calculated','C:2arg45°',12,2948,0),(2951,'3','uniform','',40,'4;4;4;4;4;4;4;4;4;4;4;4;4;4;4;4;4;4;4;4;4;4;4;4;4;4;4;4;4;4;4;4;4;4;4;4;4;4;4;4','4','4','b','shared','calculated','C:4arg0',12,2948,1),(2952,'3','uniform','',40,'3*%i;3*%i;3*%i;3*%i;3*%i;3*%i;3*%i;3*%i;3*%i;3*%i;3*%i;3*%i;3*%i;3*%i;3*%i;3*%i;3*%i;3*%i;3*%i;3*%i;3*%i;3*%i;3*%i;3*%i;3*%i;3*%i;3*%i;3*%i;3*%i;3*%i;3*%i;3*%i;3*%i;3*%i;3*%i;3*%i;3*%i;3*%i;3*%i;3*%i','3','3','c','shared','calculated','C:0j3',12,2948,2),(2953,'3','uniform','A',40,'(2+3*%i);(2+3*%i);(2+3*%i);(2+3*%i);(2+3*%i);(2+3*%i);(2+3*%i);(2+3*%i);(2+3*%i);(2+3*%i);(2+3*%i);(2+3*%i);(2+3*%i);(2+3*%i);(2+3*%i);(2+3*%i);(2+3*%i);(2+3*%i);(2+3*%i);(2+3*%i);(2+3*%i);(2+3*%i);(2+3*%i);(2+3*%i);(2+3*%i);(2+3*%i);(2+3*%i);(2+3*%i);(2+3*%i);(2+3*%i);(2+3*%i);(2+3*%i);(2+3*%i);(2+3*%i);(2+3*%i);(2+3*%i);(2+3*%i);(2+3*%i);(2+3*%i);(2+3*%i)','3.60555127546','3.60555127546','d','shared','calculated','C:2j3',12,2948,3),(2954,'3','uniform','V',40,'(-4-3*%i);(-4-3*%i);(-4-3*%i);(-4-3*%i);(-4-3*%i);(-4-3*%i);(-4-3*%i);(-4-3*%i);(-4-3*%i);(-4-3*%i);(-4-3*%i);(-4-3*%i);(-4-3*%i);(-4-3*%i);(-4-3*%i);(-4-3*%i);(-4-3*%i);(-4-3*%i);(-4-3*%i);(-4-3*%i);(-4-3*%i);(-4-3*%i);(-4-3*%i);(-4-3*%i);(-4-3*%i);(-4-3*%i);(-4-3*%i);(-4-3*%i);(-4-3*%i);(-4-3*%i);(-4-3*%i);(-4-3*%i);(-4-3*%i);(-4-3*%i);(-4-3*%i);(-4-3*%i);(-4-3*%i);(-4-3*%i);(-4-3*%i);(-4-3*%i)','5','5','e','shared','calculated','C:-4j-3',12,2948,4),(3018,'0','uniform','V',40,'16;16;16;16;16;16;16;16;16;16;16;16;16;16;16;16;16;16;16;16;16;16;16;16;16;16;16;16;16;16;16;16;16;16;16;16;16;16;16;16','16','16','U','shared','calculated','16',12,3016,0),(3019,'0','uniform','A',40,'4;4;4;4;4;4;4;4;4;4;4;4;4;4;4;4;4;4;4;4;4;4;4;4;4;4;4;4;4;4;4;4;4;4;4;4;4;4;4;4','4','4','I','shared','calculated','4',12,3016,1),(3039,'3','uniform','',40,'5.658;5.909;4.939;3.037;3.628;4.939;3.962;3.28;5.373;2.48;5.019;4.388;2.839;3.164;5.373;5.658;3.559;5.909;2.738;2.192;2.273;4.388;2.738;2.738;5.878;3.643;5.658;3.319;3.962;2.273;2.192;5.881;5.365;3.551;3.916;3.916;2.839;3.643;5.365;4.064','5.909','2.192','a','shared','calculated','2-6',12,3038,0),(3040,'3','uniform','',40,'2.539;3.881;5.542;3.827;3.267;2.987;2.394;4.934;3.503;3.915;3.267;3.915;2.118;3.009;4.454;3.827;3.992;2.646;4.086;2.34;5.108;5.108;4.527;5.514;4.454;3.915;5.457;3.779;5.542;3.64;5.108;5.36;5.355;4.422;3.64;3.779;5.696;2.741;4.086;3.64','5.696','2.118','b','shared','calculated','2-6',12,3038,1),(3041,'3','uniform','',40,'2.726;5.551;3.863;5.259;2.776;4.183;2.499;2.499;2.623;3.541;5.429;4.556;4.959;2.11;3.773;4.357;3.773;4.027;5.497;5.285;4.942;5.8;3.541;3.85;5.325;4.183;4.183;2.726;2.499;4.531;4.556;5.677;4.531;3.612;3.627;5.754;5.429;4.942;4.357;2.623','5.8','2.11','c','shared','calculated','2-6',12,3038,2),(3051,'0','uniform','',40,'4E5;4','4E5','4','a','shared','calculated','sF:400000,4',13,3049,0),(3052,'0','uniform','',40,'1.23456E5;1.23456','1.23456E5','1.23456','b','shared','calculated','sF:123456,1.23456',13,3049,1),(3124,'3','uniform','',40,'2;2;2;2;2;2;2;2;2;2;2;2;2;2;2;2;2;2;2;2;2;2;2;2;2;2;2;2;2;2;2;2;2;2;2;2;2;2;2;2','2','2','x','shared','calculated','2',12,3122,0),(3134,'0','uniform','',40,'abc;x  zf;man;b,s;golf','x  zf','abc','s','shared','calculated','sS:abc,x  zf,man,b\\,s,golf',12,3132,0),(3135,'0','uniform','',40,'abc;x  zf;x  zf;b,s;abc;x  zf;abc;x  zf;b,s;b,s;x  zf;golf;man;x  zf;x  zf;x  zf;golf;x  zf;abc;man;man;abc;golf;golf;abc;x  zf;man;golf;x  zf;golf;abc;abc;x  zf;abc;b,s;golf;abc;b,s;golf;man','x  zf','abc','a','shared','calculated','S:abc,x  zf,man,b\\,s,golf',12,3132,1),(3136,'3','uniform','',40,'dcddde;62cbb;b1;89e3;c5;766fbe;ea;aa;08b;1adbad;d1;15b0a9a47;4766;4aedc502e;a5;a73dc;014;e8d0;6;e;1;5;caa;4e0;de;3;f4;3;c5;28eb2c;cc;a;02;cc5;e1;09;01c4b9;c0efb;572e1;c2','f4','014','r1','shared','calculated','R:[a-f0-9]+',12,3132,2),(3137,'3','uniform','',40,'Uuqo;Vkip;Arhl;Naot;Brcp;Nsta;Hmam;Ubax;Zlpu;Mkat;Jaxa;Jmxt;Yliv;Uouv;Mnqj;Ehrd;Vmkp;Cxug;Hbwj;Sutv;Rfhg;Yalv;Tcdv;Slsj;Yblo;Xfcs;Mfif;Jvkb;Dsql;Rpbd;Bzcr;Rypr;Iesb;Pqch;Kane;Bcdv;Pyko;Xxei;Ekiy;Yzdh','Zlpu','Arhl','r2','shared','calculated','R4:[A-Z][a-z]+',12,3132,3),(3146,'0','uniform','',40,'4;6;6;4;2;8;8;8;8;8;6;6;2;4;6;6;8;2;2;2;2;2;6;8;2;8;4;4;4;6;4;4;2;4;6;8;2;4;2;2','8','2','a','shared','calculated','4,6,2,8',12,3144,0),(3147,'3','uniform','',40,'7.429;9.67;18.51;15.44;8.123;15.44;19.66;8.683;6.343;18.7;19.25;19.25;8.123;3.255;13.09;19.66;16.97;8.683;7.429;11.08;19.66;19.45;19.45;6.343;8.27;9.053;5.338;10.98;15.34;3.636;6.343;18.45;9.67;9.268;8.15;8.15;7.429;3.452;6.66;15.34','19.66','3.255','b','shared','calculated','2-20',12,3144,1),(3148,'3','uniform','',40,'2.4;2.4;2.6;2.5;4.3;4.4;5;4.6;2;2;4.6;4.8;4;4.5;2.4;3.6;3;3.6;3.5;4.1;2;4.5;5;3.3;4.8;2.3;3.3;4.3;3.6;3.5;4.1;2.9;4.3;3.2;4.2;3;3.6;2;2.4;2.6','5','2','c','shared','calculated','2:0.1:5',12,3144,2),(3149,'3','uniform','',40,'5.463;6.451;5.665;5.459;6.269;5.384;5.665;5.041;6.423;6.411;5.384;2;6.181;6.076;6.327;5.463;5.459;6.315;12;2;5.967;6.327;6.258;5.505;5.471;5.701;5.041;5.041;5.041;6.181;5.701;6.786;6.181;5.384;6.823;6.315;6.823;5.701;5.806;12','12','2','d','shared','calculated','2,3,5-7,12',12,3144,3),(3150,'3','uniform','',40,'-16.85;-5.597;-6.578;-16.84;-8.077;-15.64;-8.077;-16.84;-15.64;-6.057;-12.4;-19.5;-6.976;-11.5;-16.84;-6.578;-5.575;-16.07;-6.578;-18.78;-15.64;-2.792;-7.596;-18.78;-10.26;-5.597;-11.5;-12.13;-8.883;-11.36;-8.883;-17.23;-15.64;-15.64;-5.082;-10.26;-8.077;-12.4;-6.578;-6.199','19.5','2.792','e','shared','calculated','-20--2',12,3144,4),(3151,'3','uniform','',40,'24;24;3;24;96;24;24;96;24;12;6;96;48;12;6;12;24;3;3;3;12;3;48;48;48;48;6;12;96;3;6;3;6;6;48;24;3;12;12;3','96','3','f','shared','calculated','3*2:100',12,3144,5),(3152,'3','uniform','',40,'68;12;39;10;22;33;10;10;39;18;22;22;27;12;27;27;56;33;12;12;12;22;15;27;33;39;15;27;18;15;22;27;15;33;27;56;22;27;27;15','68','10','g','shared','calculated','E12:10-80',12,3144,6),(3153,'3','uniform','',40,'4E-6;0.002;4E-6;3000;6E6;0.002;6E6;6E6;6E6;6E6;3000;4E-6;0.002;3000;4E-6;4E-6;6E6;4E-6;6E6;4E-6;6E6;6E6;6E6;6E6;0.002;0.002;4E-6;3000;4E-6;6E6;6E6;4E-6;4E-6;3000;3000;0.002;0.002;0.002;3000;4E-6','6E6','4E-6','h','shared','calculated','2m,3k,4u,6M',12,3144,7),(3162,'0','uniform','',40,'[5,6,8,5];[3,5,8,4];[2,7,5,2];[4,5,3,2];[8,2,3,6];[7,7,8,8];[7,6,6,6];[7,2,3,6];[8,3,7,7];[7,2,2,5];[5,8,2,7];[6,6,7,3];[3,2,3,2];[5,3,5,8];[3,5,7,3];[7,4,3,7];[6,3,8,6];[4,7,6,3];[6,8,8,8];[6,8,8,6];[2,5,2,6];[3,8,4,5];[4,8,2,5];[5,6,8,6];[2,5,5,5];[3,7,8,2];[2,8,5,8];[6,7,3,6];[2,5,2,6];[2,2,7,5];[2,8,4,2];[3,8,8,2];[5,5,6,8];[4,6,2,6];[7,7,3,3];[7,3,7,6];[3,8,4,3];[7,3,7,3];[6,8,5,6];[5,6,7,3]','8','2','a','shared','calculated','V4:I2-8',12,3160,0),(3163,'0','uniform','',40,'[2,3,6,6];[4,4,5,4];[7,5,4,3];[7,7,2,8];[4,8,5,6];[4,4,4,6];[8,6,4,5];[6,6,4,6];[4,7,6,8];[3,7,7,5];[6,5,3,3];[4,6,7,7];[6,8,4,8];[8,7,2,5];[6,4,7,2];[8,3,5,7];[7,5,6,5];[6,6,5,3];[6,7,8,4];[5,3,2,4];[7,3,4,8];[6,4,6,6];[6,3,7,4];[6,3,7,6];[8,6,3,2];[7,3,6,6];[4,7,4,4];[3,5,7,2];[2,6,6,2];[6,2,6,7];[6,6,8,2];[6,6,5,5];[5,6,2,4];[4,5,6,6];[6,5,5,4];[6,7,3,4];[7,5,3,3];[5,3,7,2];[4,3,8,7];[4,3,7,6]','8','2','b','shared','calculated','V4:I2-8',12,3160,1),(3164,'3','uniform','',40,'matrix([6.454,3.494,2.946,4.346],[2.432,7.478,5.022,3.845],[2.266,2.577,5.656,4.71]);matrix([7.398,3.102,6.463,5.656],[7.478,6.454,6.704,2.351],[4.549,4.71,3.845,6.335]);matrix([3.142,6.454,6.722,6.115],[6.63,7.478,5.898,2.946],[5.238,2.351,6.704,4.516]);matrix([7.772,5.656,4.667,2.266],[2.577,6.115,6.463,2.741],[4.326,6.704,4.549,3.142]);matrix([2.351,7.772,4.516,6.722],[3.494,3.845,4.71,4.549],[6.704,3.142,2.946,5.656]);matrix([4.667,3.142,7.772,5.898],[2.741,2.266,6.737,4.516],[4.822,7.386,5.022,4.391]);matrix([7.386,6.722,6.341,2.946],[3.494,3.102,6.673,4.549],[6.229,4.667,2.577,6.704]);matrix([7.772,2.946,6.229,3.142],[5.238,4.516,4.71,6.673],[2.577,4.667,2.432,5.022]);matrix([6.341,3.142,5.898,6.673],[3.845,6.454,4.326,2.741],[6.63,4.346,5.823,6.704]);matrix([6.115,7.398,6.335,2.741],[2.577,4.391,4.667,2.266],[4.516,4.822,5.898,6.341]);matrix([4.516,6.673,7.398,2.432],[7.772,2.946,4.325,6.454],[6.63,3.102,6.722,5.656]);matrix([3.102,7.386,3.494,5.238],[4.516,4.325,4.326,3.845],[7.772,5.656,4.549,2.741]);matrix([2.266,5.898,4.549,5.238],[4.822,4.631,3.102,2.351],[4.71,6.341,6.229,4.346]);matrix([5.656,6.115,6.704,3.102],[7.386,6.722,4.325,4.631],[6.63,2.351,5.823,6.335]);matrix([4.391,6.229,4.326,5.022],[2.577,7.398,6.463,2.946],[5.823,6.722,4.667,3.494]);matrix([4.71,2.741,4.631,3.102],[2.577,5.898,5.823,2.266],[6.722,6.115,4.391,6.673]);matrix([5.823,4.326,7.386,2.741],[3.845,4.667,6.454,6.341],[4.516,6.704,5.898,2.946]);matrix([6.463,2.432,4.325,6.737],[6.229,4.71,5.656,2.351],[4.516,6.704,3.845,2.577]);matrix([4.822,6.335,2.351,4.325],[3.142,4.667,6.463,6.115],[7.386,6.341,4.346,5.238]);matrix([5.823,3.102,2.741,6.115],[4.631,4.71,2.351,4.667],[2.577,4.822,6.63,3.142]);matrix([6.673,2.741,4.325,3.142],[2.432,5.656,3.845,6.229],[6.722,4.326,3.102,5.238]);matrix([6.463,6.229,4.71,6.335],[5.238,4.516,4.346,6.454],[5.823,2.946,4.667,2.741]);matrix([4.631,6.463,6.229,6.673],[4.516,4.326,7.386,2.266],[6.454,3.845,6.335,6.722]);matrix([4.631,4.391,6.115,4.667],[5.823,6.673,4.549,4.71],[6.341,6.722,5.022,3.102]);matrix([3.142,4.346,6.673,6.335],[2.432,5.238,6.341,6.454],[4.391,7.398,4.667,5.656]);matrix([6.335,3.142,6.454,4.346],[4.325,6.673,5.022,5.898],[6.463,5.238,4.631,6.229]);matrix([4.549,2.432,5.022,6.454],[2.741,7.772,3.494,3.142],[5.238,3.102,6.115,7.398]);matrix([4.346,5.022,6.115,6.737],[4.631,6.463,2.266,6.704],[6.454,3.845,6.341,4.391]);matrix([4.822,7.772,4.391,6.704],[2.577,6.229,4.667,6.463],[5.238,5.823,5.656,6.673]);matrix([4.667,5.022,4.325,4.326],[7.398,3.494,3.845,7.772],[6.341,6.673,6.115,5.823]);matrix([6.673,2.577,3.142,4.631],[5.823,4.346,6.335,5.898],[3.102,2.266,4.326,5.238]);matrix([5.656,5.022,6.63,6.722],[3.142,6.229,2.946,5.238],[4.516,3.494,2.432,4.346]);matrix([4.667,4.391,6.115,6.673],[2.432,3.845,6.63,4.71],[2.946,4.516,5.656,6.463]);matrix([4.326,2.946,4.325,5.656],[6.454,6.722,2.432,2.577],[2.266,6.341,4.516,6.115]);matrix([7.398,6.63,4.71,5.656],[6.115,7.478,7.772,4.631],[5.238,5.022,3.845,3.142]);matrix([2.741,3.845,5.022,6.115],[6.722,3.102,6.463,4.71],[2.946,2.351,4.391,6.737]);matrix([4.346,6.63,6.454,7.772],[7.398,4.667,4.631,5.656],[3.845,4.549,4.516,3.142]);matrix([6.454,3.845,4.667,6.229],[6.341,4.822,3.102,6.737],[4.346,4.631,6.463,5.823]);matrix([4.391,7.478,6.229,6.454],[6.673,5.022,3.494,4.71],[6.115,4.549,3.845,4.667]);matrix([3.845,3.142,2.266,6.115],[6.463,4.667,4.326,4.516],[4.822,7.386,5.022,5.656])','7.772','2.266','c','shared','calculated','M3x4:2-8',12,3160,2),(3165,'0','uniform','',40,'matrix([4,3],[3,8],[3,2]);matrix([6,4],[3,4],[6,4]);matrix([3,5],[7,3],[3,7]);matrix([3,5],[7,6],[6,2]);matrix([8,2],[4,2],[7,6]);matrix([7,4],[2,8],[3,3]);matrix([5,6],[3,7],[3,2]);matrix([7,7],[7,8],[4,7]);matrix([5,3],[6,6],[2,4]);matrix([3,2],[7,2],[5,8]);matrix([3,6],[2,3],[3,3]);matrix([6,7],[5,4],[8,7]);matrix([4,4],[3,4],[8,4]);matrix([6,4],[5,2],[8,2]);matrix([3,6],[4,4],[8,6]);matrix([7,7],[4,3],[4,8]);matrix([4,7],[4,4],[5,3]);matrix([7,6],[7,2],[6,7]);matrix([8,6],[8,8],[8,4]);matrix([7,2],[3,2],[7,4]);matrix([3,3],[8,8],[4,7]);matrix([3,6],[3,4],[3,6]);matrix([6,2],[3,7],[6,2]);matrix([4,8],[7,2],[2,8]);matrix([4,8],[6,3],[4,7]);matrix([3,6],[7,8],[5,2]);matrix([2,4],[3,2],[3,2]);matrix([2,7],[6,3],[2,4]);matrix([2,3],[6,4],[2,8]);matrix([3,3],[6,4],[2,2]);matrix([8,4],[2,2],[5,2]);matrix([2,8],[3,2],[2,4]);matrix([2,8],[5,3],[5,2]);matrix([2,8],[2,4],[8,3]);matrix([4,6],[5,5],[5,2]);matrix([4,5],[8,6],[3,7]);matrix([5,8],[7,6],[7,7]);matrix([6,3],[3,6],[2,7]);matrix([5,6],[2,2],[7,7]);matrix([3,2],[2,2],[3,2])','8','2','d','shared','calculated','M3x2:I2-8',12,3160,3),(3166,'3','uniform','',40,'matrix([7.983,6.425,6.961],[5.341,2.349,4.834],[6.961,7.983,7.983]);matrix([6.561,7.602,7.983],[4.94,7.724,7.602],[5.586,6.961,2.231]);matrix([6.478,7.602,2.206],[5.914,7.602,7.983],[6.425,6.425,7.513]);matrix([6.561,2.544,6.601],[7.513,2.544,3.108],[4.391,6.808,4.391]);matrix([4.391,5.341,7.983],[4.391,7.513,2.231],[3.158,5.141,2.231]);matrix([4.391,4.834,5.558],[5.558,3.108,4.834],[6.808,7.724,7.792]);matrix([5.916,3.158,5.341],[4.871,5.914,3.015],[5.558,7.724,2.867]);matrix([4.834,6.561,4.94],[7.602,4.871,4.94],[6.425,6.478,2.867]);matrix([6.478,2.349,5.688],[5.023,7.513,5.688],[2.206,7.602,5.586]);matrix([2.867,2.867,5.77],[7.758,6.808,3.158],[7.776,3.158,5.77]);matrix([4.391,6.961,4.993],[5.586,5.341,7.776],[5.141,4.993,5.023]);matrix([7.776,4.871,2.231],[3.158,7.602,4.858],[4.94,4.391,4.391]);matrix([6.601,7.776,5.385],[7.724,4.871,6.601],[4.391,7.71,6.561]);matrix([5.341,7.724,6.478],[7.71,2.206,2.544],[6.561,2.349,4.993]);matrix([3.108,3.015,5.558],[4.858,3.569,2.544],[4.391,5.586,5.341]);matrix([4.94,4.871,7.776],[4.94,6.478,7.758],[6.425,6.425,6.561]);matrix([7.776,4.871,3.158],[3.569,6.808,6.961],[4.834,2.206,3.108]);matrix([6.561,2.349,2.867],[4.94,4.871,5.688],[5.586,5.558,7.452]);matrix([5.688,5.688,6.961],[7.724,5.558,5.77],[4.94,6.961,3.108]);matrix([2.231,6.961,6.808],[5.023,4.858,5.341],[6.961,7.724,7.776]);matrix([5.558,4.391,3.108],[7.792,5.558,4.94],[2.349,3.015,7.452]);matrix([5.77,4.834,5.341],[6.601,6.478,5.688],[7.513,5.385,7.776]);matrix([5.558,6.961,5.586],[3.108,6.961,7.792],[2.206,5.023,5.77]);matrix([6.601,2.206,5.586],[2.867,4.834,4.834],[6.425,5.586,5.916]);matrix([5.023,7.513,4.94],[7.452,5.558,5.558],[4.391,5.688,4.834]);matrix([5.385,5.914,6.478],[7.452,5.688,7.724],[3.015,6.808,2.206]);matrix([5.341,4.871,5.141],[5.586,7.602,7.513],[4.993,5.77,5.385]);matrix([6.808,7.776,2.206],[3.569,5.688,4.391],[5.688,7.513,7.513]);matrix([3.158,3.569,5.586],[5.341,2.349,7.776],[5.141,6.425,3.158]);matrix([3.569,5.023,7.452],[4.871,2.231,3.569],[6.425,5.341,7.724]);matrix([7.452,5.77,7.758],[4.993,6.478,7.602],[6.601,4.858,4.993]);matrix([2.231,6.601,5.688],[3.569,5.916,4.993],[5.558,5.341,4.94]);matrix([5.385,4.858,7.792],[7.513,7.513,4.94],[5.688,5.916,3.158]);matrix([4.834,7.758,7.452],[2.206,5.77,6.478],[2.544,5.914,5.341]);matrix([4.871,2.867,5.916],[4.391,4.834,7.792],[4.834,4.834,4.993]);matrix([4.993,6.601,7.513],[3.569,5.916,5.916],[7.983,6.961,4.858]);matrix([7.792,5.77,5.023],[5.688,4.834,7.792],[4.391,7.452,5.023]);matrix([3.108,7.724,5.77],[6.601,7.513,5.023],[7.792,5.141,3.158]);matrix([2.867,7.724,5.688],[5.558,5.385,7.602],[5.914,3.108,3.158]);matrix([4.94,6.808,7.758],[4.94,2.231,6.808],[5.914,7.724,4.391])','7.983','2.349','e','shared','calculated','M3:2-8',12,3160,4),(3167,'0','uniform','',40,'matrix([3,4,3],[7,3,4],[6,3,6]);matrix([7,7,3],[3,6,6],[5,6,5]);matrix([5,6,4],[8,4,8],[7,3,3]);matrix([4,4,6],[7,6,7],[5,5,5]);matrix([6,8,4],[3,6,5],[5,5,5]);matrix([5,6,7],[6,6,3],[8,6,5]);matrix([7,6,4],[6,3,4],[7,6,3]);matrix([6,8,4],[5,3,3],[7,3,3]);matrix([8,8,5],[6,7,6],[7,6,3]);matrix([4,8,3],[4,6,6],[8,5,3]);matrix([4,3,5],[4,5,5],[6,5,3]);matrix([6,3,4],[7,5,6],[5,5,5]);matrix([5,3,6],[6,3,6],[6,6,8]);matrix([4,3,6],[7,6,4],[7,7,3]);matrix([4,6,6],[6,8,8],[3,7,3]);matrix([8,6,4],[3,3,7],[8,4,6]);matrix([8,6,5],[3,8,5],[3,4,4]);matrix([3,7,7],[5,3,3],[6,3,7]);matrix([4,3,6],[5,4,3],[4,6,6]);matrix([4,8,6],[6,7,5],[7,3,5]);matrix([5,7,8],[5,3,6],[3,5,4]);matrix([8,4,3],[8,7,6],[5,8,6]);matrix([5,3,6],[3,3,4],[6,3,3]);matrix([8,7,3],[4,3,3],[4,8,6]);matrix([3,3,5],[3,7,3],[7,8,6]);matrix([5,6,3],[3,6,3],[6,4,4]);matrix([8,7,6],[4,5,3],[7,8,4]);matrix([4,4,7],[7,5,5],[6,3,5]);matrix([3,7,7],[6,7,5],[4,6,4]);matrix([4,7,6],[7,4,7],[7,5,5]);matrix([6,5,5],[8,5,3],[6,6,5]);matrix([4,6,4],[3,5,5],[4,3,6]);matrix([5,7,4],[7,4,5],[3,3,8]);matrix([6,4,7],[3,7,4],[8,4,3]);matrix([3,3,7],[3,7,4],[8,3,8]);matrix([7,5,6],[6,7,4],[3,4,4]);matrix([8,3,5],[6,8,3],[4,4,6]);matrix([3,6,6],[3,3,5],[3,4,8]);matrix([4,6,4],[4,6,5],[5,5,4]);matrix([3,4,6],[5,4,4],[6,6,6])','8','3','f','shared','calculated','M3:I3-8',12,3160,5),(3176,'0','uniform','',40,'2;5;6;6;4;10;6;3;6;3;5;7;2;6;5;7;9;3;10;9;3;9;9;9;5;4;9;10;5;7;6;6;4;6;6;9;6;9;10;3','10','2','a','shared','calculated','I:2-10',12,3174,0),(3177,'3','uniform','',40,'3;6;2;8;-3;5','8','-3','b','shared','calculated','sI:3,6,2,8,-3,5',12,3174,1),(3178,'3','uniform','',40,'3.587;4.931;4.109;3.438;3.227;3.746;4.026;3.836;4.168;3.683;4.617;3.645;3.962;4.041;4.041;3.971;3.956;3.683;4.527;4.639;3.28;3.587;3.28;3.667;4.813;3.438;4.026;3.28;3.971;4.574;3.836;4.357;3.772;3.645;4.646;7;3.961;4.164;3.28;4.168','7','3.227','c','shared','calculated','F:2,3-5,7',12,3174,2),(3179,'3','uniform','',40,'15.8;11.7;19.6;14.9;7.24;13.8;13.2;19.6;7.24;9.43;13.2;9.68;9.68;6.77;5.58;5.15;16.8;18.4;19.6;8.66;9.68;6.77;5.58;6.35;10.6;15.1;10.6;8.16;14.3;13.8;18;13.8;16.8;16.8;18.4;5.15;16.4;13.6;3.73;3.73','19.6','3.73','d','shared','calculated','F3:3-20',3,3174,3),(3180,'3','uniform','',40,'2.6;2.6;3.2;4.4;3.8;2;5;2;3.2;3.2;4.4;3.8;4.4;3.2;5;3.8;3.8;3.8;2.6;2.6;4.4;2;4.4;4.4;2.6;2.6;5;4.4;4.4;2.6;2.6;2;2;4.4;4.4;3.8;4.4;5;2.6;4.4','5','2','e','shared','calculated','6:2-5',12,3174,4),(3181,'3','uniform','',40,'1.2;-5;2.3;8;0.03;12','12','-5','f','shared','calculated','sF:1.2,-5,2.3,8,0.03,12',12,3174,5),(3182,'3','uniform','',40,'3.1;4.9;2.8;5;3.2;3.7;2.1;2;3.6;4.2;2.7;3.5;3.6;3;3.4;2.1;2.2;2.1;2;3;2.2;4.5;2.7;4.9;4.2;2.7;4.6;3.2;4.9;3.1;3.5;4.5;3.3;2;2.7;3.4;2.6;2.4;4.9;4','5','2','g','shared','calculated','2:0.1:5',12,3174,6),(3183,'0','uniform','',40,'2.9arg-32°;2.8arg150°;2.7arg-164°;-3.4;2.8arg-40°;3.2arg146°;2.9arg-32°;4arg-30°;2.8arg150°;3.5arg142°;2.8arg-162°;2.9arg-32°;3.9arg-150°;3.5arg54°;3;2.1arg174°;3arg-32°;3.5arg54°;2.5arg-170°;3.3arg-70°;3.3arg174°;3arg-46°;2.7arg75°;3arg140°;3.6arg-108°;3.5arg54°;2.3arg18°;2.3arg-170°;3.2arg146°;2.3arg-170°;2.8arg-162°;2.6arg128°;3.1arg-42°;2.5arg-170°;2.8arg-40°;3.2arg144°;2.3arg140°;2.5arg-170°;2.3arg-170°;3.5arg142°','4','2.1','h','shared','calculated','C2:2-4',2,3174,7),(3184,'0','uniform','',40,'3arg39°;2.1arg68°;3.2arg80°;2.5arg41°;2.5arg39°;3.4arg43°;2.2arg80°;2arg86°;3.9arg47°;2.6arg28°;3.1arg39°;2.2arg80°;2.8arg69°;3.6arg28°;2.5arg39°;3.4arg41°;3.6arg68°;2.7arg47°;3.1arg55°;3.3arg68°;3.7arg56°;3.1arg39°;3.7arg56°;2.2arg73°;2.5arg86°;3.9arg27°;2.5arg41°;3.6arg28°;2.9arg68°;3.1arg77°;3.6arg28°;3.6arg68°;3.2arg56°;3arg86°;3.1arg55°;3.2arg80°;2.6arg28°;2.9arg61°;2.2arg80°;3.4arg43°','3.9','2','i','shared','calculated','C2:2-4arg10-90',2,3174,8),(3185,'3','uniform','=karti',40,'(2.7+4*%i);(2.8+1.5*%i);(2.8+1.5*%i);(2.9+5.7*%i);(3-0.8*%i);(3.4-0.71*%i);(3.5+3.1*%i);(3.1+5.7*%i);(4+1.3*%i);(3.5+3.1*%i);(2.2+5.8*%i);(3.7+2.1*%i);(3.4-0.7*%i);(2.9-%i);(2.8+5.8*%i);(3-0.8*%i);(3.1+3.6*%i);(3.4-0.7*%i);(3.4-0.71*%i);(3.9+1.9*%i);(3.9+3.3*%i);(3.2-%i);(2.9-%i);(2.7+4*%i);(2.9-%i);(2.1+2.7*%i);(3.3+3.8*%i);(3.9+1.9*%i);(2.8+5*%i);(3.1+3.6*%i);(3.9+3.3*%i);(3.9+3.3*%i);(3.9+2.6*%i);(3.1+0.69*%i);(2.8+1.5*%i);(4+1.3*%i);(3.4+5.2*%i);(2.8+1.5*%i);(2.7+4*%i);(3.1+3.6*%i)','6.488451279','3.06757233004','j','shared','calculated','C2:2-4j-2-6',2,3174,9);

--
-- Table structure for table `deskriptor`
--

CREATE TABLE `deskriptor` (
  `id` int NOT NULL AUTO_INCREMENT,
  `DESKRIPTOR` longtext,
  `JAHRGANG` int DEFAULT NULL,
  `KOMPETENZBEREICH` varchar(200) DEFAULT NULL,
  `KURZBEZEICHNUNG` varchar(200) DEFAULT NULL,
  `LEVEL` int DEFAULT NULL,
  `SEMESTER` int DEFAULT NULL,
  `idGegenstand` int DEFAULT NULL,
  `idLehrplan` int DEFAULT NULL,
  PRIMARY KEY (`id`),
  KEY `FK_deskriptor_idGegenstand` (`idGegenstand`),
  KEY `FK_deskriptor_idLehrplan` (`idLehrplan`),
  CONSTRAINT `FK_deskriptor_idGegenstand` FOREIGN KEY (`idGegenstand`) REFERENCES `gegenstand` (`id`),
  CONSTRAINT `FK_deskriptor_idLehrplan` FOREIGN KEY (`idLehrplan`) REFERENCES `lehrplan` (`id`)
) ENGINE=InnoDB DEFAULT CHARSET=utf8mb4 COLLATE=utf8mb4_0900_ai_ci;

--
-- Dumping data for table `deskriptor`
--


--
-- Table structure for table `dokumente`
--

CREATE TABLE `dokumente` (
  `id` int NOT NULL AUTO_INCREMENT,
  `CONTENT` longblob,
  `FILESIZE` bigint DEFAULT NULL,
  `FILENAME` varchar(255) DEFAULT NULL,
  `MD5` varchar(255) DEFAULT NULL,
  `TYP` varchar(255) DEFAULT NULL,
  PRIMARY KEY (`id`),
  UNIQUE KEY `MD5` (`MD5`)
) ENGINE=InnoDB DEFAULT CHARSET=utf8mb4 COLLATE=utf8mb4_0900_ai_ci;

--
-- Dumping data for table `dokumente`
--


--
-- Table structure for table `errorquestion`
--

CREATE TABLE `errorquestion` (
  `id` int NOT NULL AUTO_INCREMENT,
  `CATPATH` varchar(255) DEFAULT NULL,
  `DATUM` datetime DEFAULT NULL,
  `ERLEDIGT` tinyint(1) DEFAULT '0',
  `MSGTEXT` longtext,
  `TYPE` int DEFAULT NULL,
  `USER` varchar(255) DEFAULT NULL,
  `idQuestion` bigint NOT NULL,
  PRIMARY KEY (`id`),
  KEY `FK_errorquestion_idQuestion` (`idQuestion`),
  CONSTRAINT `FK_errorquestion_idQuestion` FOREIGN KEY (`idQuestion`) REFERENCES `question` (`id`)
) ENGINE=InnoDB DEFAULT CHARSET=utf8mb4 COLLATE=utf8mb4_0900_ai_ci;

--
-- Dumping data for table `errorquestion`
--


--
-- Table structure for table `fragengruppe`
--

CREATE TABLE `fragengruppe` (
  `id` int NOT NULL AUTO_INCREMENT,
  `ANZAHL` int DEFAULT NULL,
  `NR` int DEFAULT NULL,
  PRIMARY KEY (`id`)
) ENGINE=InnoDB DEFAULT CHARSET=utf8mb4 COLLATE=utf8mb4_0900_ai_ci;

--
-- Dumping data for table `fragengruppe`
--


--
-- Table structure for table `gegenstand`
--

CREATE TABLE `gegenstand` (
  `id` int NOT NULL AUTO_INCREMENT,
  `CATEGORYNAME` varchar(255) DEFAULT NULL,
  `KUERZEL` varchar(20) NOT NULL,
  `NAME` varchar(255) DEFAULT NULL,
  PRIMARY KEY (`id`)
) ENGINE=InnoDB DEFAULT CHARSET=utf8mb4 COLLATE=utf8mb4_0900_ai_ci;

--
-- Dumping data for table `gegenstand`
--


--
-- Table structure for table `gegenstand_gegenstand`
--

CREATE TABLE `gegenstand_gegenstand` (
  `gegenstaendeForLehrplan_ID` int NOT NULL,
  `alternativGegenstaende_ID` int NOT NULL,
  PRIMARY KEY (`gegenstaendeForLehrplan_ID`,`alternativGegenstaende_ID`),
  KEY `FK_gegenstand_gegenstand_alternativGegenstaende_ID` (`alternativGegenstaende_ID`),
  CONSTRAINT `FK_gegenstand_gegenstand_alternativGegenstaende_ID` FOREIGN KEY (`alternativGegenstaende_ID`) REFERENCES `gegenstand` (`id`),
  CONSTRAINT `gegenstand_gegenstand_gegenstaendeForLehrplan_ID` FOREIGN KEY (`gegenstaendeForLehrplan_ID`) REFERENCES `gegenstand` (`id`)
) ENGINE=InnoDB DEFAULT CHARSET=utf8mb4 COLLATE=utf8mb4_0900_ai_ci;

--
-- Dumping data for table `gegenstand_gegenstand`
--


--
-- Table structure for table `globalconfig`
--

CREATE TABLE `globalconfig` (
  `id` int NOT NULL AUTO_INCREMENT,
  `DISABLESCHOOLEDIT` tinyint(1) DEFAULT '0',
  `EDITABLE` tinyint(1) DEFAULT '0',
  `HELP` longtext,
  `NAME` varchar(255) DEFAULT NULL,
  `TEXT` longtext,
  `TYP` int DEFAULT NULL,
  `VISIBLE` tinyint(1) DEFAULT '0',
  `idSchule` int DEFAULT NULL,
  PRIMARY KEY (`id`),
  KEY `FK_globalconfig_idSchule` (`idSchule`),
  CONSTRAINT `FK_globalconfig_idSchule` FOREIGN KEY (`idSchule`) REFERENCES `schule` (`id`)
) ENGINE=InnoDB AUTO_INCREMENT=2262 DEFAULT CHARSET=utf8mb4 COLLATE=utf8mb4_0900_ai_ci;

--
-- Dumping data for table `globalconfig`
--

INSERT INTO `globalconfig` VALUES (1,0,0,'Lizenz-Code','lizenz','nycoSVPbRN1tsjg+m08sfguO/Kig1448g0a9MaL0pqp6QWQYUHPBEtzcJQU18FahFSoj0GKXUfGmQ2yYGtEEVm9fCFZyDBHSXEelvJ46oTEF5YET/+DrI+sdlgmli1zYEwMcqHFECAWCUCpXWyyOiueOavsekEAwGnrrz98paw8csvCd+Uid/lnItZiLtWE7f10PgCwFekg=',0,0,1),(2,0,0,'Package-Daten, die für Maxima geladen werden sollen','moodle.mac','/* ======================================================================= */\n/* moodle.mac                                                       V 1.04 */\n/* ======================================================================= */\n/* Electrical Engineering functions                                        */\n/* ======================================================================= */\n\n/* -----------------------------------------------------------------------                  */\n/* parallel_resistance - Parallel connection of resistances                */\n/* -----------------------------------------------------------------------                  */\nparallel_resistance([z]):=xthru(1/apply(\"+\",1/z))$\n\"||\"([z]):=apply(parallel_resistance,z)$\nnary(\"||\",115)$\n\n/* ======================================================================= */\n/* Erweiterungen speziell fuer Moodle  --> DAMB                             */\n/* ======================================================================= */\n\ndisplay2d:false$\nset_display(ascii)$\nassume_pos:false$\nfpprintprec:10$\npow(x,y):=x^y$\npar(x,y):=x*y/(x+y)$\nZ(betr, phase):= betr*exp(%i*phase*%pi/180)$\n|(x,y):=x*y/(x+y)$\nnary(|)$\npi():=%pi$\nlog10(x):=log(x)/log(10)$\nrad2deg(x):=x*180/%pi$\ndeg2rad(x):=x/180*%pi$\n\n/* ======================================================================= */\n/* Various Functions                                                       */\n/* ======================================================================= */\n\n/* ----------------------------------------------------------------------- */\n/* selective_kill_all - Kill all functions below this definition           */\n/* ----------------------------------------------------------------------- */\nselective_kill_all():=\napply(kill,delete(\'\'selective_kill,listify(setdifference((\n   setify(map(op,functions))),\'\'\'\'(setify(map(op,functions)))))))$\nnofix(selective_kill_all)$\n\n/* ----------------------------------------------------------------------- */\n/* coefficient_list(p,s) - calculates a list of the coefficients of        */\n/*                         the polynomial p(s) in ascending order          */\n/* ----------------------------------------------------------------------- */\ncoefficient_list(p,s) := lambda([v],map(lambda([u],coeff(v,s,u)),\n   makelist(i,i,0,hipow(v,s))))(expand(p))$\n   \n/* ----------------------------------------------------------------------- */\n/* standard_form - One of the 4 standard forms of a transfer function      */\n/*    (making one of the leading or absolute coefficients to 1)            */\n/* ----------------------------------------------------------------------- */\nstandard_form(f,[n]) :=\nblock([n1,numli,denli,numli1,denli1,k,ratprint:false],\nf:xthru(f),\nn1:if length(n)=0 then 4 else n[1],\n[numli,denli]:[coefficient_list(num(f),s),coefficient_list(denom(f),s)],\n[numli1,denli1]:[delete(0,numli),delete(0,denli)],\nk:[last(numli1),first(numli1),last(denli1),first(denli1)][n1],\nnumli:numli/k, denli:denli/k,\napply(\"+\",fullmap(lambda([u],if u=1.0 then 1 else u),\n        float(numli)*makelist(s**i,i,0,length(numli)-1)))/\napply(\"+\",fullmap(lambda([u],if u=1.0 then 1 else u),\n        float(denli)*makelist(s**i,i,0,length(denli)-1)))\n)$  \nroot(x,y):=x^(1/y)$',0,0,NULL),(3,0,0,'Pfad, unter dem Projekt-Abgaben von Schülern gespeichert werden','pathProjektAbgaben','/opt/letto/projekt/',0,0,NULL),(4,0,0,'Pfad, unter dem Fotos von Schülern unter ihrer Sokrates-ID gespeichert sind','pathUserPhotos','/opt/letto/images/photos/',0,0,NULL),(5,0,0,'Pfad, unter dem die Dateien der Testfragen gespeichert sind','pathImages','/opt/letto/images/',0,0,NULL),(6,0,0,'Webpfad, unter dem die Dateien aufrufbr sind','webPathImages','/images/',0,0,NULL),(7,0,0,'Pfad, unter dem Datenbank-Backups gespeichert werden','pathDatabaseBackup','/opt/letto/backup/',0,0,NULL),(8,0,0,'Import von Schüler-Bildern nach Sokrates-ID oder Voname.Nachname','schuelerPhoto','SokratesID',0,0,NULL),(9,1,0,'Konfigurationsdatei für globale Einstellungen','configFile','/opt/letto/config.json',0,0,NULL),(10,1,0,'Anwendungspfad von Maxima','maximaPath','maxima',0,0,NULL),(11,1,0,'Web-Pfad, unter dem die lokale Javascript-Library verfügbar ist','javascriptWebPath','/js/',0,0,NULL),(12,1,0,'Pfad zu lokalem Javascript-Verzeichnis','javascriptFilesystemPath','/opt/letto/js/',0,0,NULL),(14,0,0,'Mögliche Gruppierungen von Beurteilungen','BewertungsGruppen','Prüfung;Hausübung;Mitarbeit;Referat',0,0,NULL),(15,1,0,'Pfad für Plugins am Server','pluginpath','/opt/letto/plugins',0,0,NULL),(17,0,0,'Lehrer beim Import mit l- am Beginn ergänzen','addLehrerKuerzel','0',4,0,NULL),(18,0,0,'Definition der möglichen Testbereiche wie Reading, Listening, ...','testBereiche','*Reading-30-0, Listening-30-0, Writing-40-0*Typ1 Aufgaben-60-0, Typ2 Aufgaben-40-0',0,0,NULL),(19,0,0,'Angezeigtes Bild am Hauptschirm, Typ muss auf Image gesetzt werden','image','[encoded data, 141216 characters]',0,0,NULL),(20,0,0,'Schulbezeichnung, die links oben im Hauptfenster angezeigt wird','schulname','LeTTo',0,0,NULL),(21,0,0,'Schulstufe, die in der ersten Klasse vorliegt. (HTL: 9, AHS, NMS: 5, Volksschule: 1)','startSchulstufe','9',3,0,NULL),(22,0,1,'Abzüge bei Einheitenfehler ','EH_Fehler','0.1',2,1,NULL),(23,0,1,'Default-Wert für Toleranz','Toleranz','1%',0,1,NULL),(24,0,1,'Prozentwert bei hinzugefügter Teilantwort ','SQ_Prozent','50%',0,1,NULL),(25,0,1,'Definiert, ob Fragen unvollständig gespeichert werden dürfen (0:nein/1:ja) ','AllowEmptyQuest','1',3,1,NULL),(26,0,1,'Definiert, ob bei unvollständigen Fragen eine Warnung angezeigt wird (0:nein/1:ja) ','ShowWarningEmptyQuest','0',3,1,NULL),(27,0,1,'Definiert das Ende eines Tex-Documents','DocEnd','\n\\end{document}\n',0,1,NULL),(28,0,1,'Definiert die Startseite eines TEX-Dokuments','DocInit','\\documentclass[11pt,german,a4paper]{report}\n\\def\\name{Prof. Max Mustermann\n}',0,1,NULL),(29,0,1,'Beginn des Dokuments mit Definition der Dokumentklasse','DocInitQuestion','\\documentclass[11pt,german,a4paper]{article}\n\\def\\name{Prof. Max Mustermann}\n',0,1,NULL),(30,0,1,'Testdefinition mit Definition der Dokumentklasse','DocInitTest','\\documentclass[11pt,german,a4paper]{article}',0,1,NULL),(31,0,1,'TEX-Definitonen bis incl. \\begindocument','DocStart','\\PageNormal\n\\begin{document}',0,1,NULL),(32,0,1,'TEX-Definitonen für eine Question bis inkl. \\begindocument','DocStartQuestion','\\PageQuestion\n\\begin{document}',0,1,NULL),(33,0,1,'TEX-Definitonen für einen Test bis inkl. \\begindocument','DocStartTest','\\PageTest\n\\begin{document}',0,1,NULL),(34,0,0,'TEX-Paramter für LATEX','TEX_Parameter','-interaction=nonstopmode -max-print-line=120 -output-directory=%d %f',0,0,NULL),(35,1,0,'Commandline-Aufruf der TEX-Compilers','TEX_Compiler','pdflatex',0,0,NULL),(36,1,0,'Pfad für die Tex Dateien','TexDocs','/opt/letto/tex',0,0,NULL),(37,1,0,'Pfad für die PDF-Dateien','PDFPfad','/opt/letto/pdf',0,0,NULL),(38,1,0,'Pfad für die XML-Export-Dateien','DefaultPfad','/opt/letto/xml',0,0,NULL),(39,1,0,'Pfad für die Export-Dateien','ExportPfad','/opt/letto/export',0,0,NULL),(40,1,0,'Pfad für die Bild-Dateien beim Erzeugen von Tex-Dokumenten','ImagePfad','/opt/letto/img',0,0,NULL),(41,1,0,'Pfad für temporäre Dateien','TempPath','/opt/letto/tmp',0,0,NULL),(42,1,0,'Pfad für alle Scripts zum Update/Starten/Stoppen/... des Servers','script_path','/opt/letto',0,0,NULL),(43,1,0,'Datei für den Watchdog vom Betriebssystem','WatchdogFile','/opt/letto/lettowatchdog',0,0,NULL),(46,1,0,'Identification für Lizenz-Server','restKey','XjRMRC/QgHQ+RKlnD2SKM7qll3cvPrmifOWmDyYfTnh/PvlOEP9NVg==',0,0,NULL),(47,0,0,'Anzeige der Testergebisse mit Lösungen freischalten','showTestResults','1',4,1,NULL),(48,1,0,'Parameter zur Konfiguration des Mail-Servers, Konfiguration bitte über Globale Mail-Einstellungen','mailParams','mail.smtp.host=smtp.gmail.com;mail.smtp.socketFactory.port=465;mail.smtp.socketFactory.class=javax.net.ssl.SSLSocketFactory;mail.smtp.auth=true;mail.smtp.port=465',0,0,NULL),(49,0,0,'Daten-Austausch-Server','exchange','0',4,0,NULL),(51,1,0,'Domain-Bezeichnung (zB.: htl-stp.local','domain','meineDomain.local',0,0,NULL),(52,0,1,'1: Maxima wird vor dem Speichern der Frage aufgerufen; 0: Kein Maxima-Aufruf','maximaForSave','1',4,1,NULL),(53,0,1,'Angabe, ob Fragen auch in bereits gespeicherten Tests verändert werden dürfen: 0:Ja, 1:Rückfrage, 2:Nein','questChangeTestSolved','0',3,0,NULL),(54,0,1,'Angabe, welche Beurteilungsarten im Katalog angezeigt werden sollen. Einstellbar über den Katalog und den Setup-Button','angezeigteBeurteilungen','[SMÜ, Test, Hausübung, Schularbeit, Rechenübung, Mahnung, Noten]',0,0,NULL),(57,0,1,'Angaben, welche Werte und Einheiten Datensätze zugewiesen bekommen','datasetDefault','default;;0;I1-10\nR;Ohm;0;E12:1k-100k\nL;H;0;1m-100m\nC;F;0;E12:1n-100n\n',0,0,NULL),(58,0,1,'Größe des Fragen-Vorschau-Dialoges im Format Breite;Höhe','dialogSize','1000;600',0,1,NULL),(59,0,0,'Fokus-Lost-Event bei Tests auch durch Größenänderung','focusLostBySizeChange','0',4,0,NULL),(60,0,1,'Anzeige der Anzahl an Fragen bei jeder Kategorie ','showQuestionCount','0',4,1,NULL),(61,0,0,'Anzeige aller Gegenstände bei Lehrer-Klassenzuteilung ','alleGegenstaende','0',4,0,NULL),(62,0,0,'Benutzer können Kategorien für andere Benutzer unsichtbar machen (private Kategorien) ','privateKategorien','0',4,0,NULL),(63,0,1,'Codierung von exportierten Dateien: UTF8 oder ISO','exportFormat','ISO',0,1,NULL),(64,0,1,'CSV-Trennzeichen','csvTrennzeichen',';',0,1,NULL),(66,1,0,'Fehlermeldung bei Lösungsberechnung','errTimerCalcErg','Fehler beim Berechnen der Lösung für die Frage',0,0,NULL),(67,1,0,'Fehlermeldung bei AngabeMitZahlen','errTimerAngabe','Fehler beim Rendern des Angabetextes',0,0,NULL),(68,1,0,'Fehlermeldung beim Rendern von Antworten','errTimerAntwort','Fehler beim Rendern von Antworten',0,0,NULL),(69,0,0,'Style-Information für Reifeprüfungsangabe (mündlich)','rdpfragen.sty','% =============================================================================\n% Maturafragen                                      DI Werner Damböck, 7.6.2016\n% =============================================================================\n%\\documentclass[11pt]{article}\n\n\\usepackage{amssymb}\n\\usepackage[T1]{fontenc}\n\\usepackage[utf8]{inputenc}\n\\usepackage[american,naustrian]{babel}\n\\usepackage{makeidx}\n\\usepackage{color}\n\\usepackage{xcolor}\n\\usepackage{listings}\n\\usepackage{float}\n\\usepackage{latexsym}\n\\usepackage{array}\n\\usepackage{longtable}\n\\usepackage{tabularx}\n\\usepackage{textcomp}\n\\usepackage{verbatim}\n\\usepackage{ifthen}\n\\usepackage{hyperref}\n\\usepackage{multirow}\n\\usepackage{pdfpages}\n\\usepackage{marvosym}\n\\usepackage{twoopt}\n\\usepackage{picinpar}\n\\usepackage{graphicx}\n\\usepackage{ulem}\n\\usepackage[a4paper,width=186mm,height=276mm,hmargin=6.5mm,vmargin=10mm]{geometry}\n\\usepackage{tikz}\n\\usetikzlibrary{calc}\n\\usepackage{amsmath}\n\n% Variable Textbausteine:\n% -----------------------\n\\def\\schule{~}\n\\def\\Schule#1{\\def\\schule{#1}}\n\\def\\pruefungsgebiet{~}\n\\def\\Pruefungsgebiet#1{\\def\\pruefungsgebiet{#1}}\n\\def\\pruefer{~}\n\\def\\Pruefer#1{\\def\\pruefer{#1}}\n\\def\\beisitzer{~}\n\\def\\Beisitzer#1{\\def\\beisitzer{#1}}\n\\def\\jahrgang{~}\n\\def\\Jahrgang#1{\\def\\jahrgang{#1}}\n\\def\\datum{~}\n\\def\\Datum#1{\\def\\datum{#1}}\n\\def\\themenbereich{~}\n\\def\\Themenbereich#1{\\def\\themenbereich{#1}}\n\\def\\kandidat{~}\n\\def\\Kandidat#1{\\def\\kandidat{#1}}\n\\def\\kategorie{~}\n\\def\\Kategorie#1{\\def\\kategorie{#1}}\n\\def\\katD{D}\n\\def\\katE{E}\n\\def\\katSF{SF}\n\\def\\katWF{WF}\n\\def\\katKP{KP}\n\\def\\katLFS{LFS}\n\\def\\termin{~}\n\\def\\Termin#1{\\def\\termin{#1}}\n\n% Farben:\n% -------\n\\definecolor{colx}{RGB}{38,80,164}\n\\definecolor{grau}{rgb}{0.8,0.8,0.8}\n\n% Schriftarten:\n% -------------\n\\newfont{\\fontbigbold}{phvb8t scaled 1200}\n\\newfont{\\fontbold}{phvb8t scaled 1000}\n\\newfont{\\fontnormal}{phvr8t scaled 1000}\n\\newfont{\\fontsmall}{phvr8t scaled 900}\n\\newfont{\\fontverysmall}{phvr8t scaled 750}\n\\newfont{\\fonttiny}{phvr8t scaled 600}\n\n% Linienbreiten:\n% --------------\n\\tikzset{w1/.style={line width=0.2mm}}\n\\tikzset{w2/.style={line width=0.45mm}}\n\\tikzset{w3/.style={line width=0.9mm}}\n\n% ------------------------------------------------------------------------\n\\long\\def\\Aufgabenstellung#1{\\newpage\n% ------------------------------------------------------------------------\n\\begin{tikzpicture}[x=1mm,y=1mm]\n\\def\\breite{185}\n\\def\\hoehe{275}\n\n% Koordinaten:\n% ------------\n\\coordinate (lu) at (0,0);\n\\coordinate (ru) at (\\breite,0);\n\\coordinate (lo) at (0,\\hoehe);\n\\coordinate (ro) at (\\breite,\\hoehe);\n\\coordinate (l1) at (0,6);\n\\coordinate (l2) at (0,18);\n\\coordinate (l3) at (0,57);\n\\coordinate (l4) at ($(l3)+(0,12.5)$);\n\\coordinate (l5) at ($(l3)+(0,20)$);\n\\coordinate (l6) at ($(l5)+(0,12.5)$);\n\\coordinate (l7) at ($(l5)+(0,20)$);\n\\coordinate (l8) at ($(l7)+(0,7.5)$);\n\\coordinate (l9) at ($(l8)+(0,7.5)$);\n\\coordinate (a7) at ($(l7)+0.167*(\\breite,0)$);\n\\coordinate (b7) at ($(l7)+0.333*(\\breite,0)$);\n\\coordinate (c7) at ($(l7)+0.5*(\\breite,0)$);\n\\coordinate (d7) at ($(l7)+0.667*(\\breite,0)$);\n\\coordinate (e7) at ($(l7)+0.833*(\\breite,0)$);\n\\coordinate (a3) at ($(l3)+(54,0)$);\n\\coordinate (l15) at ($(lo)-(0,15)$);\n\\coordinate (l14) at ($(l15)-(0,6)$);\n\\coordinate (l13) at ($(l14)-(0,7.5)$);\n\\coordinate (l12) at ($(l13)-(0,7.5)$);\n\\coordinate (l11) at ($(l12)-(0,7.5)$);\n\\coordinate (l10) at ($(l11)-(0,12)$);\n\\coordinate (a15) at ($(l15)+(36,0)$);\n\\coordinate (d15) at ($(l15)+(\\breite,0)-(30,0)$);\n\\coordinate (e15) at ($(l15)+(\\breite,0)-(15,0)$);\n\\coordinate (b15) at ($(l15)!0.333!(e15)$);\n\\coordinate (c15) at ($(l15)!0.667!(e15)$);\n\\coordinate (b11) at (l11-|b15);\n\\coordinate (c11) at (l11-|c15);\n\\coordinate (e11) at (l11-|e15);\n\\coordinate (l111) at ($(l11)!0.167!(b11)$);\n\\coordinate (l112) at ($(l11)!0.333!(b11)$);\n\\coordinate (l113) at ($(l11)!0.5!(b11)$);\n\\coordinate (l114) at ($(l11)!0.667!(b11)$);\n\\coordinate (l115) at ($(l11)!0.833!(b11)$);\n\n% Linien:\n% -------\n\\fill [grau] (l14) rectangle (e15) (l12-|b11) rectangle (l13-|c11)\n             (l8) rectangle (ru|-l9) (l6) rectangle (ru|-l7);\n\\draw [w3] (lu) rectangle (ro);\n\\draw [w2] (l15)--+(\\breite,0) (l11)--+(\\breite,0) (a15)--(a15|-lo)\n           (d15)--(d15|-lo) (b11)--(b15) (c11)--(c15);\n\\draw [w1] (e11)--(e15) (l14)--(l14-|e15) (l13-|b15)--(l13-|e15)\n           (l12)--(l12-|e15) (l10)--+(\\breite,0) (l111)--(l111|-l12)\n           (l112)--(l112|-l12) (l113)--(l113|-l12) (l114)--(l114|-l12)\n           (l115)--(l115|-l12);\n\\draw [w2] (l2)--+(\\breite,0) (l7)--+(\\breite,0) (l9)--+(\\breite,0)\n           (e7)--(e7|-l2) (l3)--(l3-|e7) (l5)--(l5-|e7);\n\\draw [w1] (l8)--+(\\breite,0) (l6)--+(\\breite,0) (l4)--+(\\breite,0)\n           (l3-|e7)--(l3-|ru) (a3)--(a3|-l4) (a7)--(a7|-l8) (b7)--(b7|-l8)\n           (c7)--(c7|-l8) (d7)--(d7|-l8) (e7)--(e7|-l8) (l1)--+(\\breite,0);\n\n% HTL-Logo:\n% ---------\n\\begin{scope}[yshift=-10.5mm,xshift=-13mm,y=0.12pt,x=0.12pt]\n\\path[fill=black,nonzero rule] (430.6450,6465.1800) -- (430.6450,6465.1800) -- (429.8400,6461.1600) -- (429.0310,6457.1400)\n-- (428.2270,6453.9300) -- (425.8090,6451.5200) -- (424.1990,6449.1000) -- (420.9770,6447.5000) -- (418.5630,6446.6900)\n-- (411.3130,6446.6900) -- (406.4800,6449.1000) -- (406.4800,6446.6900) -- (396.0080,6446.6900) -- (396.0080,6495.7200)\n-- (406.4800,6495.7200) -- (406.4800,6478.8400) -- (412.1170,6482.0500) -- (414.5350,6482.8600) -- (417.7580,6483.6600)\n-- (420.1720,6482.8600) -- (423.3950,6482.0500) -- (425.0080,6480.4500) -- (427.4220,6478.8400) -- (428.2270,6475.6300)\n-- (429.8400,6472.4100) -- (430.6450,6465.1800) -- cycle(419.3670,6465.1800) -- (419.3670,6465.1800) -- (418.5630,6469.2000)\n-- (417.7580,6472.4100) -- (415.3400,6474.0200) -- (412.9260,6474.8200) -- (409.7030,6474.0200) -- (406.4800,6473.2100)\n-- (406.4800,6454.7300) -- (414.5350,6454.7300) -- (416.9490,6457.1400) -- (418.5630,6460.3600) -- (419.3670,6465.1800);\n\\path[fill=black,nonzero rule] (450.7810,6487.6800) -- (439.5040,6487.6800) -- (439.5040,6495.7200) -- (450.7810,6495.7200)\n-- (450.7810,6487.6800) -- cycle(450.7810,6446.6900) -- (439.5040,6446.6900) -- (439.5040,6482.0500) -- (450.7810,6482.0500);\n\\path[fill=black,nonzero rule] (462.0550,6446.6900) -- (473.3323,6446.6900) -- (473.3323,6495.7173) -- (462.0550,6495.7173)\n-- (462.0550,6446.6900) -- cycle;\n\\path[fill=black,nonzero rule] (516.8280,6446.6900) -- (505.5510,6446.6900) -- (505.5510,6450.7100) -- (503.1330,6449.1000)\n-- (500.7190,6447.5000) -- (498.3050,6445.8900) -- (492.6640,6445.8900) -- (489.4450,6447.5000) -- (487.8320,6449.1000)\n-- (485.4140,6450.7100) -- (483.8050,6453.9300) -- (483.0000,6457.1400) -- (482.1950,6460.3600) -- (482.1950,6468.3900)\n-- (483.0000,6472.4100) -- (484.6090,6475.6300) -- (486.2190,6478.0400) -- (488.6370,6480.4500) -- (491.0550,6482.0500)\n-- (494.2730,6482.8600) -- (496.6910,6483.6600) -- (501.5230,6482.8600) -- (505.5510,6481.2500) -- (505.5510,6495.7200)\n-- (516.8280,6495.7200) -- (516.8280,6446.6900) -- cycle(505.5510,6456.3400) -- (505.5510,6474.0200) -- (503.9410,6474.8200)\n-- (497.4960,6474.8200) -- (495.0820,6472.4100) -- (493.4690,6469.2000) -- (493.4690,6459.5500) -- (495.0820,6457.1400)\n-- (496.6910,6454.7300) -- (503.1330,6454.7300) -- (505.5510,6456.3400);\n\\path[fill=black,nonzero rule] (561.1290,6446.6900) -- (549.8520,6446.6900) -- (549.8520,6450.7100) -- (545.0200,6447.5000)\n-- (542.6020,6445.8900) -- (539.3790,6445.8900) -- (534.5470,6446.6900) -- (532.9380,6447.5000) -- (531.3280,6449.1000)\n-- (529.7150,6450.7100) -- (528.9100,6453.1200) -- (528.1050,6459.5500) -- (528.1050,6482.0500) -- (539.3790,6482.0500)\n-- (539.3790,6460.3600) -- (540.1880,6457.1400) -- (541.7970,6455.5300) -- (544.2150,6454.7300) -- (547.4340,6455.5300)\n-- (549.8520,6457.1400) -- (549.8520,6482.0500) -- (561.1290,6482.0500);\n\\path[fill=black,nonzero rule] (606.2340,6446.6900) -- (594.9570,6446.6900) -- (594.9570,6469.2000) -- (594.1520,6471.6100)\n-- (592.5430,6474.0200) -- (586.9020,6474.0200) -- (583.6800,6472.4100) -- (583.6800,6446.6900) -- (572.4060,6446.6900)\n-- (572.4060,6482.0500) -- (583.6800,6482.0500) -- (583.6800,6478.8400) -- (589.3160,6482.0500) -- (591.7340,6482.8600)\n-- (594.9570,6483.6600) -- (599.7890,6482.8600) -- (601.4020,6481.2500) -- (603.0120,6479.6400) -- (604.6210,6478.0400)\n-- (605.4300,6475.6300) -- (606.2340,6470.0000);\n\\path[fill=black,nonzero rule] (648.9220,6450.7100) -- (648.9220,6446.6900) -- (648.1170,6442.6700) -- (646.5040,6439.4600)\n-- (644.0900,6437.0500) -- (641.6720,6435.4400) -- (638.4530,6434.6400) -- (630.3980,6433.8300) -- (623.9570,6433.8300)\n-- (618.3160,6435.4400) -- (618.3160,6444.2800) -- (619.9260,6444.2800) -- (621.5390,6443.4800) -- (623.9570,6442.6700)\n-- (626.3670,6441.8700) -- (628.7850,6441.8700) -- (633.6170,6442.6700) -- (636.8440,6444.2800) -- (637.6450,6446.6900)\n-- (638.4530,6450.7100) -- (638.4530,6451.5200) -- (633.6170,6448.3000) -- (631.2030,6447.5000) -- (625.5660,6447.5000)\n-- (623.1480,6448.3000) -- (620.7300,6449.9100) -- (618.3160,6452.3200) -- (616.7070,6454.7300) -- (615.8980,6457.9500)\n-- (615.0940,6461.1600) -- (614.2890,6465.9800) -- (615.0940,6469.2000) -- (615.8980,6473.2100) -- (616.7070,6476.4300)\n-- (619.1210,6478.8400) -- (620.7300,6480.4500) -- (623.9570,6482.0500) -- (626.3670,6482.8600) -- (629.5940,6483.6600)\n-- (634.4260,6482.8600) -- (638.4530,6480.4500) -- (638.4530,6482.0500) -- (648.9220,6482.0500) -- (648.9220,6450.7100)\n-- cycle(638.4530,6457.9500) -- (638.4530,6474.0200) -- (636.0350,6474.8200) -- (630.3980,6474.8200) -- (627.9800,6472.4100)\n-- (626.3670,6469.2000) -- (625.5660,6465.1800) -- (626.3670,6461.1600) -- (627.1760,6458.7500) -- (629.5940,6456.3400)\n-- (635.2300,6456.3400) -- (638.4530,6457.9500);\n\\path[fill=black,nonzero rule] (725.4450,6446.6900) -- (725.4450,6469.2000) -- (724.6450,6472.4100) -- (723.0350,6474.0200)\n-- (718.1840,6474.0200) -- (714.9690,6472.4100) -- (714.9690,6446.6900) -- (703.6910,6446.6900) -- (703.6910,6472.4100)\n-- (702.0820,6474.0200) -- (698.8630,6474.0200) -- (696.4450,6473.2100) -- (694.0310,6472.4100) -- (694.0310,6446.6900)\n-- (682.7540,6446.6900) -- (682.7540,6482.0500) -- (694.0310,6482.0500) -- (694.0310,6478.8400) -- (698.8630,6482.0500)\n-- (701.2770,6482.8600) -- (704.5000,6483.6600) -- (707.7190,6482.8600) -- (710.1370,6482.0500) -- (712.5550,6479.6400)\n-- (714.1680,6477.2300) -- (719.7890,6482.0500) -- (723.0350,6482.8600) -- (725.4450,6483.6600) -- (730.2660,6482.8600)\n-- (731.8750,6481.2500) -- (733.4800,6480.4500) -- (735.9220,6476.4300) -- (735.9220,6446.6900);\n\\path[fill=black,nonzero rule] (759.2850,6487.6800) -- (747.2030,6487.6800) -- (747.2030,6495.7200) -- (759.2850,6495.7200)\n-- (759.2850,6487.6800) -- cycle(758.4490,6446.6900) -- (747.2030,6446.6900) -- (747.2030,6482.0500) -- (758.4490,6482.0500);\n\\path[fill=black,nonzero rule] (783.4220,6446.6900) -- (777.7970,6446.6900) -- (775.3870,6447.5000) -- (773.7810,6449.1000)\n-- (772.1720,6450.7100) -- (771.3400,6452.3200) -- (770.5350,6457.9500) -- (770.5350,6474.8200) -- (766.5160,6474.8200)\n-- (766.5160,6482.0500) -- (770.5350,6482.0500) -- (770.5350,6492.5000) -- (781.8160,6492.5000) -- (781.8160,6482.0500)\n-- (792.2930,6482.0500) -- (792.2930,6474.8200) -- (781.8160,6474.8200) -- (781.8160,6458.7500) -- (782.6170,6456.3400)\n-- (784.2270,6454.7300) -- (787.4690,6453.9300) -- (789.0780,6453.9300) -- (791.4880,6454.7300) -- (792.2930,6454.7300)\n-- (792.2930,6447.5000) -- (788.2730,6446.6900) -- (783.4220,6446.6900);\n\\path[fill=black,nonzero rule] (850.3010,6446.6900) -- (819.6720,6446.6900) -- (819.6720,6453.9300) -- (836.6090,6474.0200)\n-- (820.4770,6474.0200) -- (820.4770,6482.0500) -- (850.3010,6482.0500) -- (850.3010,6474.8200) -- (832.5590,6455.5300)\n-- (850.3010,6455.5300);\n\\path[fill=black,nonzero rule] (892.1760,6446.6900) -- (880.8910,6446.6900) -- (880.8910,6450.7100) -- (875.2660,6447.5000)\n-- (872.8240,6445.8900) -- (869.6090,6445.8900) -- (864.7930,6446.6900) -- (863.1840,6447.5000) -- (861.5740,6449.1000)\n-- (860.7420,6450.7100) -- (859.1330,6453.1200) -- (858.3320,6459.5500) -- (858.3320,6482.0500) -- (869.6090,6482.0500)\n-- (869.6090,6460.3600) -- (870.4180,6457.1400) -- (872.0230,6455.5300) -- (875.2660,6454.7300) -- (877.6760,6455.5300)\n-- (880.8910,6457.1400) -- (880.8910,6482.0500) -- (892.1760,6482.0500);\n\\path[fill=black,nonzero rule] (938.8980,6446.6900) -- (925.2070,6446.6900) -- (916.3400,6461.9600) -- (914.7340,6460.3600)\n-- (914.7340,6446.6900) -- (903.4490,6446.6900) -- (903.4490,6495.7200) -- (914.7340,6495.7200) -- (914.7340,6468.3900)\n-- (925.2070,6482.0500) -- (938.0980,6482.0500) -- (925.2070,6466.7900);\n\\path[fill=black,nonzero rule] (978.3670,6446.6900) -- (967.0820,6446.6900) -- (967.0820,6450.7100) -- (962.2340,6447.5000)\n-- (959.0160,6445.8900) -- (956.6090,6445.8900) -- (951.7810,6446.6900) -- (949.3400,6447.5000) -- (947.7340,6449.1000)\n-- (946.9340,6450.7100) -- (946.1330,6453.1200) -- (945.3240,6459.5500) -- (945.3240,6482.0500) -- (955.8010,6482.0500)\n-- (955.8010,6464.3800) -- (956.6090,6460.3600) -- (956.6090,6457.1400) -- (958.2150,6455.5300) -- (961.4260,6454.7300)\n-- (963.8670,6455.5300) -- (967.0820,6457.1400) -- (967.0820,6482.0500) -- (978.3670,6482.0500);\n\\path[fill=black,nonzero rule] (1022.6500,6446.6900) -- (1012.1800,6446.6900) -- (1012.1800,6464.3800) -- (1011.3700,6469.2000)\n-- (1011.3700,6471.6100) -- (1009.7600,6474.0200) -- (1004.1300,6474.0200) -- (1000.9300,6472.4100) -- (1000.9300,6446.6900)\n-- (989.6410,6446.6900) -- (989.6410,6482.0500) -- (1000.9300,6482.0500) -- (1000.9300,6478.8400) -- (1005.7400,6482.0500)\n-- (1008.9600,6482.8600) -- (1012.1800,6483.6600) -- (1016.2100,6482.8600) -- (1018.6300,6481.2500) -- (1020.2400,6479.6400)\n-- (1021.0400,6478.0400) -- (1021.8400,6475.6300) -- (1022.6500,6470.0000);\n\\path[fill=black,nonzero rule] (1056.4900,6487.6800) -- (1054.0700,6487.6800) -- (1051.6700,6488.4800) -- (1048.4300,6487.6800)\n-- (1046.8200,6486.8800) -- (1046.0100,6485.2700) -- (1046.0100,6482.0500) -- (1054.0700,6482.0500) -- (1054.0700,6474.8200)\n-- (1046.0100,6474.8200) -- (1046.0100,6446.6900) -- (1034.7300,6446.6900) -- (1034.7300,6474.8200) -- (1030.7100,6474.8200)\n-- (1030.7100,6482.0500) -- (1034.7300,6482.0500) -- (1034.7300,6482.8600) -- (1035.5300,6489.2900) -- (1037.1400,6490.8900)\n-- (1038.7800,6493.3100) -- (1040.3800,6494.1100) -- (1042.8000,6495.7200) -- (1048.4300,6496.5200) -- (1053.2700,6495.7200)\n-- (1056.4900,6495.7200);\n\\path[fill=black,nonzero rule] (1075.8000,6446.6900) -- (1069.3800,6446.6900) -- (1067.7700,6447.5000) -- (1065.3600,6449.1000)\n-- (1064.5500,6450.7100) -- (1063.7100,6452.3200) -- (1062.9200,6457.9500) -- (1062.9200,6474.8200) -- (1058.0900,6474.8200)\n-- (1058.0900,6482.0500) -- (1062.9200,6482.0500) -- (1062.9200,6492.5000) -- (1073.3900,6492.5000) -- (1073.3900,6482.0500)\n-- (1083.8700,6482.0500) -- (1083.8700,6474.8200) -- (1073.3900,6474.8200) -- (1073.3900,6458.7500) -- (1074.1900,6456.3400)\n-- (1075.8000,6454.7300) -- (1079.0500,6453.9300) -- (1081.4600,6453.9300) -- (1083.0700,6454.7300) -- (1083.8700,6454.7300)\n-- (1083.8700,6447.5000) -- (1080.6600,6446.6900) -- (1075.8000,6446.6900);\n\\path[fill=colx,nonzero rule] (781.0120,6562.0200) -- (1073.3900,6562.0200) .. controls (1082.0700,6562.0200) and (1089.1100,6555.0100)\n.. (1089.1100,6546.3500) .. controls (1089.1100,6537.7000) and (1082.0700,6530.6800) .. (1073.3900,6530.6800) -- (781.0120,6530.6800)\n.. controls (772.3320,6530.6800) and (765.2970,6537.7000) .. (765.2970,6546.3500) .. controls (765.2970,6555.0100) and (772.3320,6562.0200)\n.. (781.0120,6562.0200);\n\\path[fill=colx,nonzero rule] (816.4570,6603.4100) -- (1065.3600,6603.4100) .. controls (1072.4600,6603.4100) and (1078.2400,6597.6600)\n.. (1078.2400,6590.5500) .. controls (1078.2400,6583.4500) and (1072.4600,6577.7000) .. (1065.3600,6577.7000) -- (816.4570,6577.7000)\n.. controls (809.3550,6577.7000) and (803.5700,6583.4500) .. (803.5700,6590.5500) .. controls (803.5700,6597.6600) and (809.3550,6603.4100)\n.. (816.4570,6603.4100);\n\\path[fill=colx,nonzero rule] (853.5080,6639.5800) -- (1067.7700,6639.5800) .. controls (1073.5500,6639.5800) and (1078.2400,6634.9000)\n.. (1078.2400,6629.1300) .. controls (1078.2400,6623.3600) and (1073.5500,6618.6800) .. (1067.7700,6618.6800) -- (853.5080,6618.6800)\n.. controls (847.7230,6618.6800) and (843.0310,6623.3600) .. (843.0310,6629.1300) .. controls (843.0310,6634.9000) and (847.7230,6639.5800)\n.. (853.5080,6639.5800);\n\\path[fill=colx,nonzero rule] (896.1910,6668.5200) -- (1079.8500,6668.5200) .. controls (1083.8300,6668.5200) and (1087.0800,6665.2800)\n.. (1087.0800,6661.2900) .. controls (1087.0800,6657.2900) and (1083.8300,6654.0500) .. (1079.8500,6654.0500) -- (896.1910,6654.0500)\n.. controls (892.2070,6654.0500) and (888.9570,6657.2900) .. (888.9570,6661.2900) .. controls (888.9570,6665.2800) and (892.2070,6668.5200)\n.. (896.1910,6668.5200);\n\\path[fill=colx,nonzero rule] (934.0510,6693.8300) -- (1093.5400,6693.8300) .. controls (1096.8800,6693.8300) and (1099.5800,6691.1300)\n.. (1099.5800,6687.8000) .. controls (1099.5800,6684.4800) and (1096.8800,6681.7800) .. (1093.5400,6681.7800) -- (934.0510,6681.7800)\n.. controls (930.7070,6681.7800) and (928.0080,6684.4800) .. (928.0080,6687.8000) .. controls (928.0080,6691.1300) and (930.7070,6693.8300)\n.. (934.0510,6693.8300);\n\\path[fill=black,nonzero rule] (393.5940,6527.8700) -- (393.5940,6736.8300) -- (452.3910,6736.8300) -- (452.3910,6670.1300)\n-- (459.6410,6674.1400) -- (467.6910,6678.1600) -- (474.9410,6679.7700) -- (483.8050,6680.5700) -- (493.4690,6679.7700)\n-- (503.1330,6677.3600) -- (507.9690,6675.7500) -- (511.9920,6673.3400) -- (516.8280,6670.1300) -- (520.0510,6666.9100)\n-- (524.0780,6662.8900) -- (527.2970,6658.0700) -- (530.5200,6653.2400) -- (532.9380,6647.6200) -- (534.5470,6641.1900)\n-- (536.1560,6633.9600) -- (536.9650,6625.9200) -- (536.9650,6527.8700) -- (477.3590,6527.8700) -- (477.3590,6608.2300)\n-- (476.5550,6616.2700) -- (475.7500,6619.4900) -- (474.1410,6622.7000) -- (472.5270,6624.3100) -- (470.9180,6625.9200)\n-- (467.6910,6626.7200) -- (465.2810,6627.5300) -- (462.0550,6626.7200) -- (459.6410,6625.9200) -- (458.0310,6624.3100)\n-- (455.6130,6622.7000) -- (454.8050,6619.4900) -- (454.0040,6616.2700) -- (453.1950,6608.2300) -- (453.1950,6527.8700);\n\\path[fill=black,nonzero rule] (641.6720,6625.9200) -- (609.4570,6625.9200) -- (609.4570,6592.9700) -- (610.2620,6588.9500)\n-- (611.8710,6584.9300) -- (613.4800,6581.7100) -- (616.7070,6580.1100) -- (619.9260,6578.5000) -- (623.9570,6577.7000)\n-- (641.6720,6577.7000) -- (641.6720,6527.8700) -- (605.4300,6527.8700) -- (593.3440,6529.4800) -- (587.7070,6530.2800)\n-- (582.8750,6531.8800) -- (578.0430,6533.4900) -- (573.2110,6535.9000) -- (569.1800,6539.1200) -- (565.1560,6542.3300)\n-- (561.9340,6546.3500) -- (558.7110,6551.1800) -- (556.2930,6556.0000) -- (553.8790,6561.6300) -- (552.2700,6567.2500)\n-- (550.6560,6574.4800) -- (549.8520,6581.7100) -- (549.8520,6736.8300) -- (609.4570,6736.8300) -- (609.4570,6677.3600)\n-- (641.6720,6677.3600);\n\\path[fill=black,nonzero rule] (661.8090,6527.8700) -- (721.4145,6527.8700) -- (721.4145,6736.8350) -- (661.8090,6736.8350)\n-- (661.8090,6527.8700) -- cycle;\n\\end{scope}\n\n% Beschriftung:\n% -------------\n\\node [yshift=2.0mm] at ($(a15)!0.5!(d15|-lo)$) {\\fontbigbold\\vphantom{(}\\schule};\n\\node [yshift=-3.0mm] at ($(a15)!0.5!(d15|-lo)$) {\\fontbigbold\\vphantom{(}Reife- und Diplompr\\\"ufung};\n\\node at ($(l14)!0.5!(b15)$) {\\fontsmall\\vphantom{(}Pr\\\"ufungsgebiet};\n\\node at ($(b11|-l12)!0.5!(c11|-l13)$) {\\fontsmall\\vphantom{(}Beisitzer/in bzw.~2.~Pr\\\"ufer/in};\n\\node at ($(b15)!0.5!(c15|-l14)$) {\\fontsmall\\vphantom{(}Pr\\\"ufer/in};\n\\node at ($(c15)!0.5!(e15|-l14)$) {\\fontsmall\\vphantom{(}Kandidat/Kandidatin};\n\\node [right] at ($(l13-|c11)!0.5!(l12-|c11)$) {\\fontsmall\\vphantom{(}Jahrgang};\n\\node [right] at ($(l12-|c11)!0.5!(l11-|c11)$) {\\fontsmall\\vphantom{(}Datum};\n\\node [below right] at (d15|-lo) {\\fontsmall\\vphantom{(}Pr\\\"ufung Nr.};\n\\node at ($(l12)!0.5!(l111)$) {\\fontsmall\\vphantom{(}D$^{\\hbox{\\fonttiny 1)}}$};\n\\node at ($(l111)!0.5!(l112|-l12)$) {\\fontsmall\\vphantom{(}E$^{\\hbox{\\fonttiny 1)}}$};\n\\node at ($(l112)!0.5!(l113|-l12)$) {\\fontsmall\\vphantom{(}SF$^{\\hbox{\\fonttiny 1)}}$};\n\\node at ($(l113)!0.5!(l114|-l12)$) {\\fontsmall\\vphantom{(}WF$^{\\hbox{\\fonttiny 1)}}$};\n\\node at ($(l114)!0.5!(l115|-l12)$) {\\fontsmall\\vphantom{(}KP$^{\\hbox{\\fonttiny 1)}}$};\n\\node at ($(l115)!0.5!(b11|-l12)$) {\\fontsmall\\vphantom{(}LFS$^{\\hbox{\\fonttiny 1)}}$};\n\\node [below] at ($(e15)!0.5!(e15-|ro)$) {\\fontsmall\\vphantom{(}Termin$^{\\hbox{\\fonttiny 2)}}$};\n\\node [below,yshift=-6mm] at ($(e15)!0.5!(e15-|ro)$) {\\fontsmall 1~(H)};\n\\node [below,yshift=-11mm] at ($(e15)!0.5!(e15-|ro)$) {\\fontsmall 2~(W)};\n\\node [below,yshift=-16mm] at ($(e15)!0.5!(e15-|ro)$) {\\fontsmall 3~(W)};\n\\node [below,yshift=-21mm] at ($(e15)!0.5!(e15-|ro)$) {\\fontsmall 4~(W)};\n\\node [below right] at (l11) {\\fontnormal Themenbereich};\n\\node [below right] at (l10) {\\fontnormal Aufgabenstellung};\n\\node at ($(l8)!0.5!(l9-|ru)$) {\\fontnormal\\vphantom{(}Vorbereitungs- und Pr\\\"ufungszeiten};\n\\node at ($(l7)!0.5!(l8-|a7)$) {\\fontverysmall\\vphantom{(}Beginn der Vorbereitung};\n\\node at ($(l7-|b7)!0.5!(l8-|c7)$) {\\fontverysmall\\vphantom{(}Beginn der Pr\\\"ufung};\n\\node at ($(l7-|d7)!0.5!(l8-|e7)$) {\\fontverysmall\\vphantom{(}Ende der Pr\\\"ufung};\n\\node at ($(l6-|ru)!0.5!(e7)$) {\\fontsmall\\vphantom{(}Unterschriften};\n\\node at ($(l6)!0.5!(e7)$) {\\fontbold\\vphantom{(}Beurteilung};\n\\node [right,yshift=3mm] at ($(l1)!0.5!(l2)$) {\\fonttiny\\vphantom{(}1)\n      Zutreffendes ankreuzen! D -- Deutsch, E -- Englisch,\n      SF -- Schwerpunktfach, WF -- Wahlfach, KP -- Kompensationspr\\\"ufung,\n      LFS -- Fachpr\\\"ufung in lebender Fremdsprache abgelegt};\n\\node [right] at ($(l1)!0.5!(l2)$) {\\fonttiny\\vphantom{(}2) Angabe des Termins\n      bezogen auf die Kandidatin/den Kandidaten: 1~(H)\\dots\\ Haupttermin,\n      2~(W), 3~(W), 4~(W) \\dots\\ Wiederholungstermine --- Zutreffendes ankreuzen!};\n\\node [right,yshift=-3mm] at ($(l1)!0.5!(l2)$) {\\fonttiny\\vphantom{(}F\\\"ur eine\n      Beurteilung mit \\glqq Nicht gen\\\"ugend\\grqq\\ ist die Begr\\\"undung auch\n      im Pr\\\"ufungskatalog einzutragen!};\n\\node [right] at ($(lu)!0.5!(l1)$) {\\fontsmall\\vphantom{(}Dokumentversion: Letto (\\LaTeX)};\n\\node [below right] at (l3) {\\fontsmall Anmerkungen/Begr\\\"undungen};\n\\node [below right] at (l6-|e7) {\\fontsmall Pr\\\"ufer/Pr\\\"uferin};\n\\node [below right] at (l3-|e7) {\\fontsmall Vorsitzende/r};\n\\node [below right] at (l4) {\\fontsmall M\\\"undliche Pr\\\"ufung};\n\\node [below right] at (l4-|a3) {\\fontsmall Gesamtbeurteilung der Klausurpr\\\"ufung};\n\\node [below right] at (l4-|e7) {\\fontsmall Beisitzende/r};\n\\node [below right] at (l6) {\\fontsmall Beurteilungsantrag (in Worten)};\n\\node at ($(l4)!0.5!(l5-|e7)$) {\\fontsmall\\vphantom{(} Beurteilungsantrag -- Kompensationspr\\\"ufung};\n\n% Ausfuellen:\n% -----------\n\\node at ($(l14)!0.5!(l12-|b15)$) {\\fontbold\\vphantom{(}\\pruefungsgebiet};\n\\node at ($(l14-|b15)!0.5!(l13-|c15)$) {\\fontbold\\vphantom{(}\\pruefer};\n\\node at ($(l12-|b15)!0.5!(l11-|c15)$) {\\fontbold\\vphantom{(}\\beisitzer};\n% \\node at ($(l14-|c15)!0.5!(l13-|e15)$) {\\fontbold\\vphantom{(}\\kandidat};\n\\node at ($(l13-|c15)!0.5!(l12-|e15)$) {\\fontbold\\vphantom{(}\\jahrgang};\n\\node at ($(l12-|c15)!0.5!(l11-|e15)$) {\\fontbold\\vphantom{(}\\datum};\n\\node at ($(l10)!0.5!(l11-|ro)$) {\\fontbold\\vphantom{(}\\themenbereich};\n\\ifx\\kategorie\\katD\\draw [w1] ($(l12)!0.5!(l111)$)++(-3,-2)--++(6,4)++(0,-4)--++(-6,4);\\fi\n\\ifx\\kategorie\\katE\\draw [w1] ($(l111)!0.5!(l112|-l12)$)++(-3,-2)--++(6,4)++(0,-4)--++(-6,4);\\fi\n\\ifx\\kategorie\\katSF\\draw [w1] ($(l112)!0.5!(l113|-l12)$)++(-3,-2)--++(6,4)++(0,-4)--++(-6,4);\\fi\n\\ifx\\kategorie\\katWF\\draw [w1] ($(l113)!0.5!(l114|-l12)$)++(-3,-2)--++(6,4)++(0,-4)--++(-6,4);\\fi\n\\ifx\\kategorie\\katKP\\draw [w1] ($(l114)!0.5!(l115|-l12)$)++(-3,-2)--++(6,4)++(0,-4)--++(-6,4);\\fi\n\\ifx\\kategorie\\katLFS\\draw [w1] ($(l115)!0.5!(b11|-l12)$) ++(-3,-2)--++(6,4)++(0,-4)--++(-6,4);\\fi\n\\ifnum\\termin=1\\draw [w1] ($(e15)!0.5!(e15-|ro)$)++(0,-8.5)++(-3,-2)--++(6,4)++(0,-4)--++(-6,4);\\fi\n\\ifnum\\termin=2\\draw [w1] ($(e15)!0.5!(e15-|ro)$)++(0,-13.5)++(-3,-2)--++(6,4)++(0,-4)--++(-6,4);\\fi\n\\ifnum\\termin=3\\draw [w1] ($(e15)!0.5!(e15-|ro)$)++(0,-18.5)++(-3,-2)--++(6,4)++(0,-4)--++(-6,4);\\fi\n\\ifnum\\termin=4\\draw [w1] ($(e15)!0.5!(e15-|ro)$)++(0,-23.5)++(-3,-2)--++(6,4)++(0,-4)--++(-6,4);\\fi\n\\node [below right] at ($(l10)+(5mm,-8mm)$) {\\parbox{170mm}{#1}};\n\\end{tikzpicture}}\n% ------------------------------------------------------------------------\n\n\n%--------------------------------------------------------------------------------------------------------------------------------------------------\n% ------------------------------- HAA.sty\n%--------------------------------------------------------------------------------------------------------------------------------------------------\n\n% ---------------------------------------------------------------------------\n% Tabulatoraehnliche Umgebung (aus KOMA)                             1.7.1996\n% ---------------------------------------------------------------------------\n\\newenvironment{tabulator}[2][]\n               {\\def\\sc@septext{#1}\n                \\list{}{\\settowidth{\\labelwidth}{#2#1}\n                        \\leftmargin\\labelwidth \\advance\\leftmargin by \\labelsep\n                        \\let\\makelabel\\tabulatorlabel}}\n               {\\endlist}\n\\newenvironment{Zerotabulator}[2][]\n               {\\def\\sc@septext{#1}\n                \\list{}{\\topsep0pt\\itemsep0pt\\parsep0pt\\settowidth{\\labelwidth}{#2#1}\n                        \\leftmargin\\labelwidth \\advance\\leftmargin by \\labelsep\n                        \\let\\makelabel\\tabulatorlabel}}\n               {\\endlist}\n\\newcommand\\tabulatorlabel[1]{#1\\hfil\\sc@septext}\n\n% ---------------------------------------------------------------------------\n% Zentriert hervorheben                                             30.6.1996\n% ---------------------------------------------------------------------------\n\\def\\Emph#1{\\par\\medskip\\centerline{\\large\\bfseries#1}}\n\n% ---------------------------------------------------------------------------\n% Description Umgebung ohne Leerraum zwischen den Items              3.3.1996\n% ---------------------------------------------------------------------------\n\\makeatletter\n\\newenvironment{zerodescription}\n   {\\list{}{\\topsep0pt\\itemsep0pt\\topsep0pt\\parsep0pt\\labelwidth\\z@%\n   \\itemindent-\\leftmargin\\let\\makelabel\\descriptionlabel}}{\\endlist}\n\\newenvironment{Zerodescription}\n   {\\list{}{\\topsep0pt\\itemsep0pt\\parsep0pt\\labelwidth\\z@%\n   \\itemindent-\\leftmargin\\let\\makelabel\\descriptionlabel}}{\\endlist}\n\\makeatother\n\n% ---------------------------------------------------------------------------\n% Enumerate Umgebung ohne Leerraum zwischen den Items                3.3.1996\n% ---------------------------------------------------------------------------\n\\makeatletter\n\\newenvironment{zeroenumerate}\n   {\\begin{list}{\\arabic{enumi}.}{\\usecounter{enumi}\\parsep0pt\\topsep0pt\\itemsep0pt}}\n   {\\end{list}}\n\\newenvironment{Zeroenumerate}\n   {\\begin{list}{\\arabic{enumi}.}{\\usecounter{enumi}\\parsep0pt\\itemsep0pt}}\n   {\\end{list}}\n\\makeatother\n\n% ---------------------------------------------------------------------------\n% Itemize Umgebung ohne Leerraum zwischen den Items                 27.6.1996\n% ---------------------------------------------------------------------------\n\\makeatletter\n\\newenvironment{zeroitemize}\n   {\\begin{list}{$\\bullet$}{\\parsep0pt\\topsep0pt\\itemsep0pt}}\n   {\\end{list}}\n\\newenvironment{Zeroitemize}\n   {\\begin{list}{$\\bullet$}{\\parsep0pt\\itemsep0pt}}\n   {\\end{list}}\n\\makeatother\n\n% ---------------------------------------------------------------------------\n% Markierung mit kleinen Boxen                                     30.12.1995\n% ---------------------------------------------------------------------------\n\\def\\xbbox{{\\setbox0\\hbox{x}\\rule{\\ht0}{\\ht0}}}\n\\def\\Xbbox{{\\setbox0\\hbox{X}\\rule{\\ht0}{\\ht0}}}\n\\def\\xwbox{{\\fboxsep0pt\\setbox0\\hbox{x}\\dimen0\\ht0\\advance\n    \\dimen0by2\\fboxrule\\framebox[\\dimen0]{\\phantom x}}}\n\\def\\Xwbox{{\\fboxsep0pt\\setbox0\\hbox{X}\\dimen0\\ht0\\advance\n    \\dimen0by2\\fboxrule\\framebox[\\dimen0]{\\phantom X}}}\n\\def\\xgbox{{\\fboxsep0pt\\setbox1\\hbox{x}\\dimen1\\ht1\\advance\\dimen1by2\\fboxrule\n    \\leavevmode\\psboxit{box 0.6 setgray fill}{\\framebox[\\dimen1]{\\phantom x}}}}\n\\def\\Xgbox{{\\fboxsep0pt\\setbox1\\hbox{X}\\dimen1\\ht1\\advance\\dimen1by2\\fboxrule\n    \\leavevmode\\psboxit{box 0.6 setgray fill}{\\framebox[\\dimen1]{\\phantom X}}}}\n\n% ---------------------------------------------------------------------------\n% Ueberschrift (dreiteilig: links,Mitte,rechts; mit zwei Querbalken) 7.11.94\n% ---------------------------------------------------------------------------\n\\long\\def\\header#1#2#3{\\par\\hrule\\smallskip{\\large\\bf\n         \\hbox to\\textwidth{\\rlap{#1}\\hfill{#2}\\hfill\\llap{#3}}}\n         \\smallskip\\hrule\\par\\bigskip}\n\n% ---------------------------------------------------------------------------\n% Einbinden von PCX-Bildern:\n% ---------------------------------------------------------------------------\n\\def\\pcxget#1#2#3#4#5{\\hbox to #2{\\hskip#3%   zum Einbinden von PCX-Files\n\\vbox to #4{\\vskip#5\\special{em:graph #1}\\vss}\\hss}}\n\\def\\pcx#1#2#3#4#5%  Einlesen von PCX-Files, HAA,15.10.1993\n{\\parbox{#2}{\\vspace*{#5}\\hskip#3\\special{em:graph #1}%\n\\vspace{-#5}\\vspace{#4}}}\n\\def\\pcxt#1#2#3#4#5%  Einlesen von PCX-Files, HAA,15.10.1993\n{\\parbox[t]{#2}{\\vspace*{#5}\\hskip#3\\special{em:graph #1}%\n\\vspace{-#5}\\vspace{#4}}}\n\\def\\pcxb#1#2#3#4#5%  Einlesen von PCX-Files, HAA,15.10.1993\n{\\parbox[b]{#2}{\\vspace*{#5}\\hskip#3\\special{em:graph #1}%\n\\vspace{-#5}\\vspace{#4}}}\n\n% ---------------------------------------------------------------------------\n% Positionierung von Texten:\n% ---------------------------------------------------------------------------\n\n\\newbox\\insertbox\n\\long\\def\\position#1#2#3{{\\global\\setbox\\insertbox\\hbox{#3}\\unskip%\n\\hskip#2\\makebox[0pt][l]{%\n\\vtop to0pt{\\vskip#1\\vskip-\\ht\\insertbox\\copy\\insertbox\\vss}}%\n\\unskip\\hskip-#2}}%\n\\long\\def\\positionc#1#2#3{{\\global\\setbox\\insertbox\\hbox{#3}\\unskip%\n\\hskip#2\\makebox[0pt][c]{%\n\\vtop to0pt{\\vskip#1\\vskip-\\ht\\insertbox\\copy\\insertbox\\vss}}%\n\\unskip\\hskip-#2}}%\n\\def\\xposition#1#2{\\makebox[0mm][l]{\\hskip#1#2}}\n\n% ---------------------------------------------------------------------------\n% Beschriften von 70x73mm Etiketten\n% ---------------------------------------------------------------------------\n\n\\newdimen\\ypos\\newdimen\\xpos\n\\long\\def\\Label#1#2#3{%\n   \\ypos37.125mm\\multiply\\ypos by#1\\advance\\ypos by -37.125mm\n   \\xpos70.000mm\\multiply\\xpos by#2\\advance\\xpos by -70.000mm\n   \\advance\\ypos by21.00mm\\advance\\xpos by 5mm\n   \\position{\\ypos}{\\xpos}{$\\vcenter{\n   \\begin{minipage}{60mm}#3\\end{minipage}}$}}\n\n% ---------------------------------------------------------------------------\n% Diverse Definitionen:\n% ---------------------------------------------------------------------------\n\n% Schleife als \\long\\def:\n\\long\\def\\LOOP#1\\repeat{\\long\\def\\iterate{#1\\relax\\expandafter\\iterate\\fi}%\n\\iterate\\let\\iterate\\relax}\n\n\\def\\topfraction{1}\n\\def\\bottomfraction{1}\n\\def\\textfraction{0}\n\n\\def\\circled#1{\\bigcirc\\mkern-9mu\\hbox to 0pt{\\footnotesize\\hss#1\\hss}\\mkern9mu}\n\\def\\1{} % macht gar nichts,dient nur zum Einfuegen vom \\index-Befehl\n\\def\\2{} % macht gar nichts,dient nur zum Einfuegen vom \\index-Befehl\n\n\\def\\eq{&\\!\\!\\!\\!=\\!\\!\\!\\!&}\n\\def\\nn{\\nonumber}\n\\def\\MM{\\mbox{}}\n\\def\\LL{{\\cal L}}\n\\def\\unit#1{\\>{\\rm #1}}\n\\def\\formelbox#1{\\fbox{$\\DD{\\VV\\quad#1\\quad}$}}\n\\def\\promille{\\,\\, ^{\\rm o}\\mkern-1\\thinmuskip/_{\\mkern-1\\thinmuskip\\rm oo}}\n\\def\\entspricht{=^{\\mkern-4.8\\thinmuskip^\\wedge}}\n\\def\\eff{_{\\rm eff}}\n\\def\\d{{\\rm d}}\n\\def\\dd{\\,{\\rm d}}\n\\def\\VERT{\\mathclose{\\,\\V{\\int}\\vrule\\,}}\n\n\\def\\bmatrix#1{\\left[\\matrix{#1}\\right]}\n\\def\\UB#1#2{\\mathinner{\\underbrace{#1}_{#2}}}\n\\def\\OB#1#2{\\mathinner{\\overbrace{#1}_{#2}}}\n\n\\def\\UU#1{\\underline{#1}}\n\\def\\UUU#1{\\underline{\\underline{#1}}}\n\\def\\TT#1{{\\textstyle{#1}}}\n\\def\\DD#1{{\\displaystyle{#1}}}\n\\def\\SS#1{{\\scriptstyle{#1}}}\n\\def\\SSS#1{{\\scriptscriptstyle{#1}}}\n\\def\\VV{\\vphantom{{(\\over(}}}\n\\def\\H#1{{\\hphantom{#1}}}\n\\def\\V#1{{\\vphantom{#1}}}\n\n\\def\\N{\\noalign{\\smallskip}}\n\\def\\NN{\\noalign{\\medskip}}\n\\def\\NNN{\\noalign{\\bigskip}}\n\n\\def\\Re{\\mathop{\\rm Re}\\nolimits}\n\\def\\Im{\\mathop{\\rm Im}\\nolimits}\n\\def\\e#1{\\mathinner{\\mathop{\\rm e}^{#1}\\nolimits}}\n\\def\\arg{\\mathop{\\rm arg}\\nolimits}\n\n\\let\\theta=\\vartheta\n\\let\\epsilon=\\varepsilon\n\\let\\phi=\\varphi\n\n\\def\\symboltable{%\n\\begin{tabular}{|c||c|c|c|c|c|c|c|c|c|c|}\n\\hline &$0$&$1$&$2$&$3$&$4$&$5$&$6$&$7$&$8$&$9$ \\\\\\hline\\hline\n$000$&\\symbol{000} &\\symbol{001} &\\symbol{002} &\\symbol{003} &\\symbol{004} &\\symbol{005} &\\symbol{006} &\\symbol{007} &\\symbol{008} &\\symbol{009} \\\\ \\hline\n$010$&\\symbol{010} &\\symbol{011} &\\symbol{012} &\\symbol{013} &\\symbol{014} &\\symbol{015} &\\symbol{016} &\\symbol{017} &\\symbol{018} &\\symbol{019} \\\\ \\hline\n$020$&\\symbol{020} &\\symbol{021} &\\symbol{022} &\\symbol{023} &\\symbol{024} &\\symbol{025} &\\symbol{026} &\\symbol{027} &\\symbol{028} &\\symbol{029} \\\\ \\hline\n$030$&\\symbol{030} &\\symbol{031} &\\symbol{032} &\\symbol{033} &\\symbol{034} &\\symbol{035} &\\symbol{036} &\\symbol{037} &\\symbol{038} &\\symbol{039} \\\\ \\hline\n$040$&\\symbol{040} &\\symbol{041} &\\symbol{042} &\\symbol{043} &\\symbol{044} &\\symbol{045} &\\symbol{046} &\\symbol{047} &\\symbol{048} &\\symbol{049} \\\\ \\hline\n$050$&\\symbol{050} &\\symbol{051} &\\symbol{052} &\\symbol{053} &\\symbol{054} &\\symbol{055} &\\symbol{056} &\\symbol{057} &\\symbol{058} &\\symbol{059} \\\\ \\hline\n$060$&\\symbol{060} &\\symbol{061} &\\symbol{062} &\\symbol{063} &\\symbol{064} &\\symbol{065} &\\symbol{066} &\\symbol{067} &\\symbol{068} &\\symbol{069} \\\\ \\hline\n$070$&\\symbol{070} &\\symbol{071} &\\symbol{072} &\\symbol{073} &\\symbol{074} &\\symbol{075} &\\symbol{076} &\\symbol{077} &\\symbol{078} &\\symbol{079} \\\\ \\hline\n$080$&\\symbol{080} &\\symbol{081} &\\symbol{082} &\\symbol{083} &\\symbol{084} &\\symbol{085} &\\symbol{086} &\\symbol{087} &\\symbol{088} &\\symbol{089} \\\\ \\hline\n$090$&\\symbol{090} &\\symbol{091} &\\symbol{092} &\\symbol{093} &\\symbol{094} &\\symbol{095} &\\symbol{096} &\\symbol{097} &\\symbol{098} &\\symbol{099} \\\\ \\hline\n$100$&\\symbol{100} &\\symbol{101} &\\symbol{102} &\\symbol{103} &\\symbol{104} &\\symbol{105} &\\symbol{106} &\\symbol{107} &\\symbol{108} &\\symbol{109} \\\\ \\hline\n$110$&\\symbol{110} &\\symbol{111} &\\symbol{112} &\\symbol{113} &\\symbol{114} &\\symbol{115} &\\symbol{116} &\\symbol{117} &\\symbol{118} &\\symbol{119} \\\\ \\hline\n$120$&\\symbol{120} &\\symbol{121} &\\symbol{122} &\\symbol{123} &\\symbol{124} &\\symbol{125} &\\symbol{126} &\\symbol{127} &\\symbol{128} &\\symbol{129} \\\\ \\hline\n$130$&\\symbol{130} &\\symbol{131} &\\symbol{132} &\\symbol{133} &\\symbol{134} &\\symbol{135} &\\symbol{136} &\\symbol{137} &\\symbol{138} &\\symbol{139} \\\\ \\hline\n$140$&\\symbol{140} &\\symbol{141} &\\symbol{142} &\\symbol{143} &\\symbol{144} &\\symbol{145} &\\symbol{146} &\\symbol{147} &\\symbol{148} &\\symbol{149} \\\\ \\hline\n$150$&\\symbol{150} &\\symbol{151} &\\symbol{152} &\\symbol{153} &\\symbol{154} &\\symbol{155} &\\symbol{156} &\\symbol{157} &\\symbol{158} &\\symbol{159} \\\\ \\hline\n$160$&\\symbol{160} &\\symbol{161} &\\symbol{162} &\\symbol{163} &\\symbol{164} &\\symbol{165} &\\symbol{166} &\\symbol{167} &\\symbol{168} &\\symbol{169} \\\\ \\hline\n$170$&\\symbol{170} &\\symbol{171} &\\symbol{172} &\\symbol{173} &\\symbol{174} &\\symbol{175} &\\symbol{176} &\\symbol{177} &\\symbol{178} &\\symbol{179} \\\\ \\hline\n$180$&\\symbol{180} &\\symbol{181} &\\symbol{182} &\\symbol{183} &\\symbol{184} &\\symbol{185} &\\symbol{186} &\\symbol{187} &\\symbol{188} &\\symbol{189} \\\\ \\hline\n$190$&\\symbol{190} &\\symbol{191} &\\symbol{192} &\\symbol{193} &\\symbol{194} &\\symbol{195} &\\symbol{196} &\\symbol{197} &\\symbol{198} &\\symbol{199} \\\\ \\hline\n$200$&\\symbol{200} &\\symbol{201} &\\symbol{202} &\\symbol{203} &\\symbol{204} &\\symbol{205} &\\symbol{206} &\\symbol{207} &\\symbol{208} &\\symbol{209} \\\\ \\hline\n$210$&\\symbol{210} &\\symbol{211} &\\symbol{212} &\\symbol{213} &\\symbol{214} &\\symbol{215} &\\symbol{216} &\\symbol{217} &\\symbol{218} &\\symbol{219} \\\\ \\hline\n$220$&\\symbol{220} &\\symbol{221} &\\symbol{222} &\\symbol{223} &\\symbol{224} &\\symbol{225} &\\symbol{226} &\\symbol{227} &\\symbol{228} &\\symbol{229} \\\\ \\hline\n$230$&\\symbol{230} &\\symbol{231} &\\symbol{232} &\\symbol{233} &\\symbol{234} &\\symbol{235} &\\symbol{236} &\\symbol{237} &\\symbol{238} &\\symbol{239} \\\\ \\hline\n$240$&\\symbol{240} &\\symbol{241} &\\symbol{242} &\\symbol{243} &\\symbol{244} &\\symbol{245} &\\symbol{246} &\\symbol{247} &\\symbol{248} &\\symbol{249} \\\\ \\hline\n$250$&\\symbol{250} &\\symbol{251} &\\symbol{252} &\\symbol{253} &\\symbol{254} &\\symbol{255} &             &             &             &             \\\\ \\hline\n\\end{tabular}\n}\n\n% Cloze-Fragen-Platzhalter\n\\def\\clozequestion{\n	\\colorbox{lightyellow}{\\fbox{\\raisebox{25pt}{\\hbox to 30mm{}}}}  % mit Rahmen\n	%\\colorbox{lightyellow}{\\raisebox{25pt}{\\hbox to 30mm{}}}	     % ohne Rahmen\n}\n%\\def\\clozequestion{\\rule{30mm}{1pt}}\n\n%--------------------------------Einstellungen\n\\definecolor{lightyellow}{rgb}{1,1,0.8}\n\\definecolor{Brown}{cmyk}{0,0.81,1,0.60}\n\\definecolor{OliveGreen}{cmyk}{0.64,0,0.95,0.40}\n\\definecolor{CadetBlue}{cmyk}{0.62,0.57,0.23,0}\n\\definecolor{Orange}{cmyk}{0.5,0.7,0.9,0}\n\\pagestyle{empty}\n\n%------------------------------------------------------------------------------------\n\\newcounter{bspnummer}\n\\def\\v1{\\smallskip\\par}\n\\def\\jpgn#1#2{\\begin{minipage}{#2}    \\includegraphics[width=\\textwidth]{\\imagepath/#1.jpg}     \\end{minipage}}\n\\def\\jpgd#1{\\begin{minipage}{30mm}  \\includegraphics[width=\\textwidth]{\\imagepath/#1.jpg}     \\end{minipage}  }\n\\def\\jpgkl#1{\\begin{minipage}{50mm}  \\includegraphics[width=\\textwidth]{\\imagepath/#1.jpg}     \\end{minipage} }\n\\def\\jpgm#1{\\begin{minipage}{80mm} \\includegraphics[width=\\textwidth]{\\imagepath/#1.jpg}     \\end{minipage}  }\n\\def\\jpggr#1{\\begin{minipage}{\\textwidth}\\includegraphics[width=\\textwidth]{\\imagepath/#1.jpg} \\end{minipage} }\n\\def\\pdfn#1#2{\\begin{minipage}{#2}    \\includegraphics[width=\\textwidth]{\\imagepath/#1.pdf}     \\end{minipage}}\n\\def\\pdfd#1{\\begin{minipage}{30mm}  \\includegraphics[width=\\textwidth]{\\imagepath/#1.pdf}     \\end{minipage}  }\n\\def\\pdfkl#1{\\begin{minipage}{50mm}  \\includegraphics[width=\\textwidth]{\\imagepath/#1.pdf}     \\end{minipage} }\n\\def\\pdfm#1{\\begin{minipage}{80mm} \\includegraphics[width=\\textwidth]{\\imagepath/#1.pdf}     \\end{minipage}  }\n\\def\\pdfgr#1{\\begin{minipage}{\\textwidth}\\includegraphics[width=\\textwidth]{\\imagepath/#1.pdf} \\end{minipage} }\n\n    %  Punkte Angabe\n%-----------------------------------------------------------------------------------\n% Gruppe als Parameter\n\\def\\testkopf#1{\\begin{tabular}{|p{12mm}|p{14mm}|p{54mm}|p{5mm}|p{25mm}|p{10mm}|p{13mm}|p{25mm}|}\n\\hline\nGeg.&Klasse&\\Arbeit&Gr.&Name&KatNr&Prozent&Note\\\\\n\\hline\n\\Gegenstand&\\Klasse&\\Testnummer&#1&&&&\\medskip\\\\\n\\hline\n\\end{tabular}\\setcounter{bspnummer}{0}\\\\\n%\\begin{tabular}{|p{10mm}|p{10mm}|p{138mm}|p{18mm}|}\n%\\hline Nr.&Soll&Angabe&Ist\\\\ \\hline \\end{tabular}\\\\\n}\n%---------------------------------\n%Beispielkopf\n\\def\\testbsp#1{\\stepcounter{bspnummer}\\begin{tabular}{|p{25mm}|p{25mm}|p{130mm}}\n\\hline Bsp. \\the\\value{bspnummer}&Soll: #1& Ist: \\\\\\end{tabular} \\\\\n}\n%---------------------------------\n% -------------------------------- Source - Code - Formatierung----------------\n\\newcount\\Sourcenummer\\Sourcenummer=0\n\\definecolor{Brown}{cmyk}{0,0.81,1,0.60}\n\\definecolor{OliveGreen}{cmyk}{0.64,0,0.95,0.40}\n\\definecolor{CadetBlue}{cmyk}{0.62,0.57,0.23,0}\n\\definecolor{Orange}{cmyk}{0.5,0.7,0.9,0}\n\\lstset{frame=ltrb,framesep=5pt,basicstyle=\\small,breaklines=true,\n  keywordstyle=\\ttfamily\\color{OliveGreen},numbers=left,\n  identifierstyle=\\ttfamily\\color{CadetBlue}\\bfseries,commentstyle=\\color{Brown},\n  stringstyle=\\ttfamily\\color{Orange}}\n\\lstset{literate=\n    {Ö}{{\\\"O}}1\n    {Ä}{{\\\"A}}1\n    {Ü}{{\\\"U}}1\n    {ß}{{\\ss}}1\n    {ü}{{\\\"u}}1\n    {ä}{{\\\"a}}1\n    {ö}{{\\\"o}}1\n    {~}{{\\textasciitilde}}1\n} \n\n% ------------------------- Sonderzeichen ------------------------------------\n\\def\\bs{$\\backslash$}             \n\\def\\lgk{$\\lbrace$}               % Geschwungenen Klammer links\n\\def\\rgk{$\\rbrace$}      \n\\def\\tild{$\\sim$}                 % Tilde\n\\def\\hk{\\textquotesingle}         % einfaches Hochkomma\n\\def\\hkb{\\textasciigrave}	        % einfaches schräges Hochkomma\n\\def\\prozent{\\textdiscount}       % Prozentzeichen\n\\def\\dach{$^\\wedge$}  	\n\\def\\dollar{\\$}\n\\def\\raute{$\\sharp$}\n%größer  $>$\n%kleiner $<$\n%senktrechter Strich $\\mid$\n%---------------------------------- Pfeile\n\\def\\pfeillr{$\\longleftrightarrow$}\n\\def\\pfeil{$\\Rightarrow$}\n\n% ------------------------ Textformatierungen --------------------------------\n%---------------------------------- Blickfangpunkte\n\\def\\bitem{\\begin{itemize} \\item}\n\\def\\eitem{\\end{itemize}}\n\\long\\def\\sitem#1{\\begin{tabular}{p{2mm}p{0.85\\textwidth}} -& #1 \\end{tabular}\\\\}\n%---------------------------------- Einrücken\n\\long\\def\\tab#1{\\makebox[#1\\textwidth][1]{~}}  \n\\def\\tabe{\\tab{0.1}}\n\\def\\tabm{\\tab{0.3}}\n\\def\\cent#1{\\begin{center} #1 \\end{center}}\n%----------------------------------------------------\n\\long\\def\\mp#1{\\begin{minipage}{0.85\\textwidth} #1 \\end{minipage}}\n\\long\\def\\itab#1{\\begin{tabular}{p{2mm}p{0.85\\textwidth}}& #1\\\\ \\end{tabular}\\\\}\n\n\\begin{document}\n',0,0,NULL),(70,0,0,'Tex-Packages, die für die Erzeugung von PDF-Dokumneten geladen werden','moodle.sty','\\usepackage{amssymb}\n\\usepackage[utf8]{inputenc}\n\\usepackage[american,naustrian]{babel}\n\\usepackage{makeidx}\n\\usepackage{color}\n\\usepackage{xcolor}\n\\usepackage{listings}\n\\usepackage{float}\n\\usepackage{latexsym}\n\\usepackage{array}\n\\usepackage{longtable}\n\\usepackage{tabularx}\n\\usepackage{textcomp}\n\\usepackage{verbatim}\n\\usepackage{ifthen}\n\\usepackage{hyperref}\n\\usepackage{multirow}\n\\usepackage{pdfpages}\n\\usepackage{marvosym}\n\\usepackage{twoopt}\n\\usepackage{picinpar}\n\\usepackage{graphicx}\n\\usepackage{ulem}\n\\usepackage{amsmath}\n\\usepackage[left]{eurosym}\n\\DeclareUnicodeCharacter{20AC}{\\text{\\euro}}\n\n%-------------------------------- Seitenformatierungen\n\\def\\PageTest{\n	\\voffset -10.5mm             \\advance\\voffset        by -20mm\n	\\hoffset -0.5mm\n	\\oddsidemargin5.0mm          \\advance\\oddsidemargin  by -20mm\n	\\evensidemargin5.0mm         \\advance\\evensidemargin by -20mm\n	\\textwidth150mm              \\advance\\textwidth      by  40mm\n	\\textheight640pt             \\advance\\textheight     by  40mm\n	\\parskip3pt plus2pt\n	\\parindent0pt\n	\\pagestyle{empty}\n}\n\\def\\PageQuestion{\n	\\voffset -10.5mm              \\advance\\voffset        by -10mm\n	\\hoffset -0.5mm\n	\\oddsidemargin5.0mm          \\advance\\oddsidemargin  by -10mm\n	\\evensidemargin5.0mm         \\advance\\evensidemargin by -10mm\n	\\textwidth150mm              \\advance\\textwidth      by  20mm\n	\\textheight640pt             \\advance\\textheight     by  35mm\n	\\parskip3pt plus2pt\n	\\parindent0pt\n	%\\pagestyle{empty}\n	\\setcounter{page}{1}\n	\\pagenumbering{arabic}\n	\\pagestyle{plain}\n}\n\\def\\PageNormal{\n	\\voffset -10.5mm              \\advance\\voffset        by -10mm\n	\\hoffset -0.5mm\n	\\oddsidemargin5.0mm          \\advance\\oddsidemargin  by -10mm\n	\\evensidemargin5.0mm         \\advance\\evensidemargin by -10mm\n	\\textwidth150mm              \\advance\\textwidth      by  20mm\n	\\textheight640pt             \\advance\\textheight     by  35mm\n	\\parskip3pt plus2pt\n	\\parindent0pt\n	\\setcounter{page}{1}\n	\\pagenumbering{arabic}\n	\\pagestyle{plain}\n}\n\n% ------------------------ allgemeine Definitionen ----------------------------\n\\def\\titel#1{\n  \\pagenumbering{roman}	\n  \\title{#1} \n  \\author{\\name}\n  \\maketitle\n  \\setcounter{page}{1} \n  \\tableofcontents\n  \\clearpage\n  \\pagenumbering{arabic}\n}\n\n% Cloze-Fragen-Platzhalter\n\\def\\clozequestion{\n	\\colorbox{lightyellow}{\\fbox{\\raisebox{25pt}{\\hbox to 30mm{}}}}  % mit Rahmen\n	%\\colorbox{lightyellow}{\\raisebox{25pt}{\\hbox to 30mm{}}}	     % ohne Rahmen\n}\n%\\def\\clozequestion{\\rule{30mm}{1pt}}\n\n%--------------------------------Einstellungen\n\\definecolor{lightyellow}{rgb}{1,1,0.8}\n\\definecolor{Brown}{cmyk}{0,0.81,1,0.60}\n\\definecolor{OliveGreen}{cmyk}{0.64,0,0.95,0.40}\n\\definecolor{CadetBlue}{cmyk}{0.62,0.57,0.23,0}\n\\definecolor{Orange}{cmyk}{0.5,0.7,0.9,0}\n\\addtolength{\\topmargin}{-20pt}\n\\addtolength{\\textheight}{10pt}	 \n\\pagestyle{empty}\n%------------------------------------------------------------------------------------\n\\def\\Klasse{}\n\\def\\Gegenstand{}\n\\def\\Arbeit{Bezeichnung}\n\\def\\Testnummer{1.}\n\\def\\Datum{}\n%------------------------------------------------------------------------------------\n\\newcounter{bspnummer}\n\\def\\v1{\\smallskip\\par}\n\\def\\jpgn#1#2{\\begin{minipage}{#2}    \\includegraphics[width=\\textwidth]{\\imagepath/#1.jpg}     \\end{minipage}}\n\\def\\jpgd#1{\\begin{minipage}{30mm}  \\includegraphics[width=\\textwidth]{\\imagepath/#1.jpg}     \\end{minipage}  }\n\\def\\jpgkl#1{\\begin{minipage}{50mm}  \\includegraphics[width=\\textwidth]{\\imagepath/#1.jpg}     \\end{minipage} }\n\\def\\jpgm#1{\\begin{minipage}{80mm} \\includegraphics[width=\\textwidth]{\\imagepath/#1.jpg}     \\end{minipage}  }\n\\def\\jpggr#1{\\begin{minipage}{\\textwidth}\\includegraphics[width=\\textwidth]{\\imagepath/#1.jpg} \\end{minipage} }\n\\def\\pdfn#1#2{\\begin{minipage}{#2}    \\includegraphics[width=\\textwidth]{\\imagepath/#1.pdf}     \\end{minipage}}\n\\def\\pdfd#1{\\begin{minipage}{30mm}  \\includegraphics[width=\\textwidth]{\\imagepath/#1.pdf}     \\end{minipage}  }\n\\def\\pdfkl#1{\\begin{minipage}{50mm}  \\includegraphics[width=\\textwidth]{\\imagepath/#1.pdf}     \\end{minipage} }\n\\def\\pdfm#1{\\begin{minipage}{80mm} \\includegraphics[width=\\textwidth]{\\imagepath/#1.pdf}     \\end{minipage}  }\n\\def\\pdfgr#1{\\begin{minipage}{\\textwidth}\\includegraphics[width=\\textwidth]{\\imagepath/#1.pdf} \\end{minipage} }\n\n    %  Punkte Angabe\n%-----------------------------------------------------------------------------------\n% Gruppe als Parameter\n\\def\\testkopf#1{\\begin{tabular}{|p{12mm}|p{14mm}|p{54mm}|p{5mm}|p{25mm}|p{10mm}|p{13mm}|p{25mm}|}\n\\hline\nGeg.&Klasse&\\Arbeit&Gr.&Name&KatNr&Prozent&Note\\\\\n\\hline\n\\Gegenstand&\\Klasse&\\Testnummer&#1&&&&\\medskip\\\\\n\\hline\n\\end{tabular}\\setcounter{bspnummer}{0}\\\\\n%\\begin{tabular}{|p{10mm}|p{10mm}|p{138mm}|p{18mm}|}\n%\\hline Nr.&Soll&Angabe&Ist\\\\ \\hline \\end{tabular}\\\\\n}\n%---------------------------------\n%Beispielkopf\n\\def\\testbsp#1{\\stepcounter{bspnummer}\\begin{tabular}{|p{25mm}|p{25mm}|p{130mm}}\n\\hline Bsp. \\the\\value{bspnummer}&Soll: #1& Ist: \\\\\\end{tabular} \\\\\n}\n%---------------------------------\n% -------------------------------- Source - Code - Formatierung----------------\n\\newcount\\Sourcenummer\\Sourcenummer=0\n\\definecolor{Brown}{cmyk}{0,0.81,1,0.60}\n\\definecolor{OliveGreen}{cmyk}{0.64,0,0.95,0.40}\n\\definecolor{CadetBlue}{cmyk}{0.62,0.57,0.23,0}\n\\definecolor{Orange}{cmyk}{0.5,0.7,0.9,0}\n\\lstset{frame=ltrb,framesep=5pt,basicstyle=\\small,breaklines=true,\n  keywordstyle=\\ttfamily\\color{OliveGreen},numbers=left,\n  identifierstyle=\\ttfamily\\color{CadetBlue}\\bfseries,commentstyle=\\color{Brown},\n  stringstyle=\\ttfamily\\color{Orange}}\n\\lstset{literate=\n    {Ö}{{\\\"O}}1\n    {Ä}{{\\\"A}}1\n    {Ü}{{\\\"U}}1\n    {ß}{{\\ss}}1\n    {ü}{{\\\"u}}1\n    {ä}{{\\\"a}}1\n    {ö}{{\\\"o}}1\n    {~}{{\\textasciitilde}}1\n} \n\n% ------------------------- Sonderzeichen ------------------------------------\n\\def\\bs{$\\backslash$}             \n\\def\\lgk{$\\lbrace$}               % Geschwungenen Klammer links\n\\def\\rgk{$\\rbrace$}      \n\\def\\tild{$\\sim$}                 % Tilde\n\\def\\hk{\\textquotesingle}         % einfaches Hochkomma\n\\def\\hkb{\\textasciigrave}	        % einfaches schräges Hochkomma\n\\def\\prozent{\\textdiscount}       % Prozentzeichen\n\\def\\dach{$^\\wedge$}  	\n\\def\\dollar{\\$}\n\\def\\raute{$\\sharp$}\n%größer  $>$\n%kleiner $<$\n%senktrechter Strich $\\mid$\n%---------------------------------- Pfeile\n\\def\\pfeillr{$\\longleftrightarrow$}\n\\def\\pfeil{$\\Rightarrow$}\n\n% ------------------------ Textformatierungen --------------------------------\n%---------------------------------- Blickfangpunkte\n\\def\\bitem{\\begin{itemize} \\item}\n\\def\\eitem{\\end{itemize}}\n\\long\\def\\sitem#1{\\begin{tabular}{p{2mm}p{0.85\\textwidth}} -& #1 \\end{tabular}\\\\}\n%---------------------------------- Einrücken\n\\long\\def\\tab#1{\\makebox[#1\\textwidth][1]{~}}  \n\\def\\tabe{\\tab{0.1}}\n\\def\\tabm{\\tab{0.3}}\n\\def\\cent#1{\\begin{center} #1 \\end{center}}\n%----------------------------------------------------\n\\long\\def\\mp#1{\\begin{minipage}{0.85\\textwidth} #1 \\end{minipage}}\n\\long\\def\\itab#1{\\begin{tabular}{p{2mm}p{0.85\\textwidth}}& #1\\\\ \\end{tabular}\\\\}\n\n%------------------- Literaturverzeichniseintrag\n\\def\\Autor#1{{#1:}}\n\\def\\Titel#1{{\\sl #1.}}\n\\def\\Verlag#1{#1.}\n\\def\\literatur#1#2#3#4{\\bibitem{#1}{#2:}{\\sl #3.}#4.}\n\\makeindex  \n\n',0,0,NULL),(78,1,0,'Automatisches Lizenzupdate für ganzen Server','lizenzAutomatic','1',4,0,NULL),(135,0,0,'Angezeigtes Bild am Hauptschirm, Typ muss auf Image gesetzt werden','image','',0,0,1),(136,0,0,'Schulbezeichnung, die links oben im Hauptfenster angezeigt wird','schulname','Schule',0,0,1),(138,0,0,'Schulbezeichnung, die links oben im Hauptfenster angezeigt wird','schulname','Schule',0,0,1),(2251,0,0,'Pfad, unter dem Tex-Daten gespeichert werden','pathTex','/opt/letto/tex/',0,0,NULL),(2252,1,0,'Web-Pfad zu allen notwendigen JS-Libraries, es erfolgt keine Kontrolle der Verfügbarkeit, wenn dieser Wert gesetzt ist!','forceJavascriptPath','',0,0,NULL),(2253,0,0,'Selbstregistrierung über mail-Adresse erlauben','registrierung','0',4,0,NULL),(2254,0,0,'Selbstregistrierung nur mit gültigem Kurs-Key','registrierungKurs','0',4,0,NULL),(2255,0,1,'Beurteilungen für User, wird für jeden User überschrieben','userBewertungen','',0,0,NULL),(2256,1,0,'Bezeichnung des LDAP-Servers','LDAPServer','',0,0,NULL),(2257,1,0,'Parameter der LDAP Verbindung (Strichpunkt-getrennt: par1=wert1;par2=wert2','LDAPparams','',0,0,NULL),(2258,1,0,'Name des Active-Directory-Servers','ADServer','',0,0,NULL),(2259,0,1,'Zuletzt vom Benutzer ausgewählte Kategorie','lastSelectedCategory','',0,0,NULL),(2260,0,1,'Benutzerdefinierte Testeinstellungen','defaultTestConfig','',0,0,NULL),(2261,0,1,'CSV-Zahlenformat, Leer: Systemeinstellungen','csvKomma','',0,1,NULL);

--
-- Table structure for table `gruppe`
--

CREATE TABLE `gruppe` (
  `id` int NOT NULL AUTO_INCREMENT,
  `INFO` varchar(100) DEFAULT NULL,
  `NAME` varchar(40) NOT NULL,
  `idKlasse` int DEFAULT NULL,
  PRIMARY KEY (`id`),
  KEY `FK_gruppe_idKlasse` (`idKlasse`),
  CONSTRAINT `FK_gruppe_idKlasse` FOREIGN KEY (`idKlasse`) REFERENCES `klasse` (`id`)
) ENGINE=InnoDB DEFAULT CHARSET=utf8mb4 COLLATE=utf8mb4_0900_ai_ci;

--
-- Dumping data for table `gruppe`
--


--
-- Table structure for table `gruppeuser`
--

CREATE TABLE `gruppeuser` (
  `id` int NOT NULL AUTO_INCREMENT,
  `ROLLE` int DEFAULT NULL,
  `idGruppe` int DEFAULT NULL,
  `idUser` int DEFAULT NULL,
  PRIMARY KEY (`id`),
  KEY `FK_gruppeuser_idUser` (`idUser`),
  KEY `FK_gruppeuser_idGruppe` (`idGruppe`),
  CONSTRAINT `FK_gruppeuser_idGruppe` FOREIGN KEY (`idGruppe`) REFERENCES `gruppe` (`id`),
  CONSTRAINT `FK_gruppeuser_idUser` FOREIGN KEY (`idUser`) REFERENCES `user` (`id`)
) ENGINE=InnoDB DEFAULT CHARSET=utf8mb4 COLLATE=utf8mb4_0900_ai_ci;

--
-- Dumping data for table `gruppeuser`
--


--
-- Table structure for table `gruppierung`
--

CREATE TABLE `gruppierung` (
  `id` int NOT NULL AUTO_INCREMENT,
  `GRUPPENMODUS` int DEFAULT NULL,
  PRIMARY KEY (`id`)
) ENGINE=InnoDB DEFAULT CHARSET=utf8mb4 COLLATE=utf8mb4_0900_ai_ci;

--
-- Dumping data for table `gruppierung`
--


--
-- Table structure for table `images`
--

CREATE TABLE `images` (
  `MD5` varchar(100) NOT NULL,
  `EXTENSION` varchar(10) DEFAULT NULL,
  `IDUSER` bigint DEFAULT NULL,
  `INHALT` longtext,
  `JAVASCRIPT` longtext,
  PRIMARY KEY (`MD5`)
) ENGINE=InnoDB DEFAULT CHARSET=utf8mb4 COLLATE=utf8mb4_0900_ai_ci;

--
-- Dumping data for table `images`
--

INSERT INTO `images` VALUES ('1769dd3d6ad813cfa2458d2afb473ba9','png',0,'',''),('2de2caa0c1df48586e76bb5a53ee87b9','none',0,'',''),('525c15c31e66eab77f1be8e845931b','gif',0,'',''),('5774cec878624c2dea29aff334bc787','png',0,'',''),('6dd7774d667fd069333acfc79646','png',0,'',''),('7276d3109302f65936a55fae1fb9aa0','png',0,'',''),('bfcbd89c9af61e1a9bc87c3daff2b1d','png',0,'','');

--
-- Table structure for table `inetlinks`
--

CREATE TABLE `inetlinks` (
  `id` int NOT NULL AUTO_INCREMENT,
  `LINKADRESS` varchar(255) DEFAULT NULL,
  PRIMARY KEY (`id`)
) ENGINE=InnoDB DEFAULT CHARSET=utf8mb4 COLLATE=utf8mb4_0900_ai_ci;

--
-- Dumping data for table `inetlinks`
--


--
-- Table structure for table `katalog_fremdlehrer`
--

CREATE TABLE `katalog_fremdlehrer` (
  `ID` int NOT NULL AUTO_INCREMENT,
  `ZUSTIMMUNG` tinyint(1) DEFAULT '0',
  `lkID` int DEFAULT NULL,
  `userID` int DEFAULT NULL,
  PRIMARY KEY (`ID`),
  KEY `FK_katalog_fremdlehrer_userID` (`userID`),
  KEY `FK_katalog_fremdlehrer_lkID` (`lkID`),
  CONSTRAINT `FK_katalog_fremdlehrer_lkID` FOREIGN KEY (`lkID`) REFERENCES `lehrerKlasse` (`id`),
  CONSTRAINT `FK_katalog_fremdlehrer_userID` FOREIGN KEY (`userID`) REFERENCES `user` (`id`)
) ENGINE=InnoDB DEFAULT CHARSET=utf8mb4 COLLATE=utf8mb4_0900_ai_ci;

--
-- Dumping data for table `katalog_fremdlehrer`
--


--
-- Table structure for table `klasse`
--

CREATE TABLE `klasse` (
  `id` int NOT NULL AUTO_INCREMENT,
  `ALIAS` varchar(255) DEFAULT NULL,
  `IDKV` int DEFAULT NULL,
  `IDKURSLTI` bigint DEFAULT NULL,
  `JAHRGANG` int DEFAULT NULL,
  `NAME` varchar(255) NOT NULL,
  `SCHULSTUFE` int DEFAULT NULL,
  `SEMESTER` int DEFAULT NULL,
  `idAbteilung` int DEFAULT NULL,
  `idLehrplan` int DEFAULT NULL,
  `idSchuljahr` int DEFAULT NULL,
  `idSchule` int DEFAULT NULL,
  PRIMARY KEY (`id`),
  KEY `FK_klasse_idSchuljahr` (`idSchuljahr`),
  KEY `FK_klasse_idAbteilung` (`idAbteilung`),
  KEY `FK_klasse_idLehrplan` (`idLehrplan`),
  KEY `FK_klasse_idSchule` (`idSchule`),
  CONSTRAINT `FK_klasse_idAbteilung` FOREIGN KEY (`idAbteilung`) REFERENCES `abteilung` (`id`),
  CONSTRAINT `FK_klasse_idLehrplan` FOREIGN KEY (`idLehrplan`) REFERENCES `lehrplan` (`id`),
  CONSTRAINT `FK_klasse_idSchule` FOREIGN KEY (`idSchule`) REFERENCES `schultyp` (`id`),
  CONSTRAINT `FK_klasse_idSchuljahr` FOREIGN KEY (`idSchuljahr`) REFERENCES `schuljahr` (`id`)
) ENGINE=InnoDB DEFAULT CHARSET=utf8mb4 COLLATE=utf8mb4_0900_ai_ci;

--
-- Dumping data for table `klasse`
--


--
-- Table structure for table `klassenbeurteilung`
--

CREATE TABLE `klassenbeurteilung` (
  `id` int NOT NULL AUTO_INCREMENT,
  `AUFGABENSTELLUNG` longtext,
  `BEZEICHNERBEURTEILUNGSART` varchar(255) DEFAULT NULL,
  `DATUM` datetime DEFAULT NULL,
  `GEWICHT` double DEFAULT NULL,
  `NAME` varchar(255) DEFAULT NULL,
  `SELECTEDLEVEL` int DEFAULT NULL,
  `SHOWDATEBEURTEILUNG` tinyint(1) DEFAULT '0',
  `TESTALLOWED` tinyint(1) DEFAULT '0',
  `idBeurteilungsartGlobal` int DEFAULT NULL,
  `idFremdLehrer` int DEFAULT NULL,
  `idLehrerKlasse` int DEFAULT NULL,
  `idParent` int DEFAULT NULL,
  `SELKOMPETENZ_ID` int DEFAULT NULL,
  `idActivity` int DEFAULT NULL,
  `klassenBeurteilungen_ORDER` int DEFAULT NULL,
  PRIMARY KEY (`id`),
  KEY `FK_klassenbeurteilung_idLehrerKlasse` (`idLehrerKlasse`),
  KEY `FK_klassenbeurteilung_idParent` (`idParent`),
  KEY `FK_klassenbeurteilung_idFremdLehrer` (`idFremdLehrer`),
  KEY `FK_klassenbeurteilung_SELKOMPETENZ_ID` (`SELKOMPETENZ_ID`),
  KEY `FK_klassenbeurteilung_idBeurteilungsartGlobal` (`idBeurteilungsartGlobal`),
  KEY `FK_klassenbeurteilung_idActivity` (`idActivity`),
  CONSTRAINT `FK_klassenbeurteilung_idActivity` FOREIGN KEY (`idActivity`) REFERENCES `activity` (`id`),
  CONSTRAINT `FK_klassenbeurteilung_idBeurteilungsartGlobal` FOREIGN KEY (`idBeurteilungsartGlobal`) REFERENCES `beurteilungsartGlobal` (`id`),
  CONSTRAINT `FK_klassenbeurteilung_idFremdLehrer` FOREIGN KEY (`idFremdLehrer`) REFERENCES `user` (`id`),
  CONSTRAINT `FK_klassenbeurteilung_idLehrerKlasse` FOREIGN KEY (`idLehrerKlasse`) REFERENCES `lehrerKlasse` (`id`),
  CONSTRAINT `FK_klassenbeurteilung_idParent` FOREIGN KEY (`idParent`) REFERENCES `klassenbeurteilung` (`id`),
  CONSTRAINT `FK_klassenbeurteilung_SELKOMPETENZ_ID` FOREIGN KEY (`SELKOMPETENZ_ID`) REFERENCES `kompetenz` (`id`)
) ENGINE=InnoDB DEFAULT CHARSET=utf8mb4 COLLATE=utf8mb4_0900_ai_ci;

--
-- Dumping data for table `klassenbeurteilung`
--


--
-- Table structure for table `kompetenz`
--

CREATE TABLE `kompetenz` (
  `id` int NOT NULL AUTO_INCREMENT,
  `BASISWISSEN` longtext,
  `ERWEITERUNGSWISSEN` longtext,
  `KOMPETENZ` varchar(200) DEFAULT NULL,
  `idAbteilung` int NOT NULL,
  `idSchultyp` int NOT NULL,
  PRIMARY KEY (`id`),
  UNIQUE KEY `UNQ_kompetenz_0` (`KOMPETENZ`,`idAbteilung`,`idSchultyp`),
  KEY `FK_kompetenz_idSchultyp` (`idSchultyp`),
  KEY `FK_kompetenz_idAbteilung` (`idAbteilung`)
) ENGINE=InnoDB DEFAULT CHARSET=utf8mb4 COLLATE=utf8mb4_0900_ai_ci;

--
-- Dumping data for table `kompetenz`
--


--
-- Table structure for table `kompetenz_beurteilung`
--

CREATE TABLE `kompetenz_beurteilung` (
  `id` int NOT NULL AUTO_INCREMENT,
  `level` int DEFAULT NULL,
  `beurteilungID` int DEFAULT NULL,
  `kompetenzID` int DEFAULT NULL,
  PRIMARY KEY (`id`),
  KEY `FK_kompetenz_beurteilung_beurteilungID` (`beurteilungID`),
  KEY `FK_kompetenz_beurteilung_kompetenzID` (`kompetenzID`),
  CONSTRAINT `FK_kompetenz_beurteilung_beurteilungID` FOREIGN KEY (`beurteilungID`) REFERENCES `beurteilung` (`id`),
  CONSTRAINT `FK_kompetenz_beurteilung_kompetenzID` FOREIGN KEY (`kompetenzID`) REFERENCES `kompetenz` (`id`)
) ENGINE=InnoDB DEFAULT CHARSET=utf8mb4 COLLATE=utf8mb4_0900_ai_ci;

--
-- Dumping data for table `kompetenz_beurteilung`
--


--
-- Table structure for table `kompetenz_lehrplan`
--

CREATE TABLE `kompetenz_lehrplan` (
  `Kompetenz_ID` int NOT NULL,
  `notUsedInLehrplan_ID` int NOT NULL,
  PRIMARY KEY (`Kompetenz_ID`,`notUsedInLehrplan_ID`),
  KEY `FK_kompetenz_lehrplan_notUsedInLehrplan_ID` (`notUsedInLehrplan_ID`),
  CONSTRAINT `FK_kompetenz_lehrplan_Kompetenz_ID` FOREIGN KEY (`Kompetenz_ID`) REFERENCES `kompetenz` (`id`),
  CONSTRAINT `FK_kompetenz_lehrplan_notUsedInLehrplan_ID` FOREIGN KEY (`notUsedInLehrplan_ID`) REFERENCES `lehrplan` (`id`)
) ENGINE=InnoDB DEFAULT CHARSET=utf8mb4 COLLATE=utf8mb4_0900_ai_ci;

--
-- Dumping data for table `kompetenz_lehrplan`
--


--
-- Table structure for table `kompetenz_subquestion`
--

CREATE TABLE `kompetenz_subquestion` (
  `id` int NOT NULL AUTO_INCREMENT,
  `level` int DEFAULT NULL,
  `kompetenzID` int DEFAULT NULL,
  `subQuestionsID` bigint DEFAULT NULL,
  PRIMARY KEY (`id`),
  KEY `FK_kompetenz_subquestion_kompetenzID` (`kompetenzID`),
  KEY `FK_kompetenz_subquestion_subQuestionsID` (`subQuestionsID`)
) ENGINE=InnoDB DEFAULT CHARSET=utf8mb4 COLLATE=utf8mb4_0900_ai_ci;

--
-- Dumping data for table `kompetenz_subquestion`
--


--
-- Table structure for table `lehrerKlasse`
--

CREATE TABLE `lehrerKlasse` (
  `id` int NOT NULL AUTO_INCREMENT,
  `BEZEICHNUNG` varchar(255) DEFAULT NULL,
  `CONFIG` varchar(255) DEFAULT NULL,
  `DISABLEKATALOG` tinyint(1) DEFAULT '0',
  `FREMDZUGRIFF` tinyint(1) DEFAULT '0',
  `GEWICHTUNG` double DEFAULT NULL,
  `KOSTEN` varchar(255) DEFAULT NULL,
  `USERADDED` tinyint(1) DEFAULT '0',
  `idConfigBeurteilung` int DEFAULT NULL,
  `idGegenstand` int DEFAULT NULL,
  `idKlasse` int DEFAULT NULL,
  `idUser` int DEFAULT NULL,
  `KURSKENNUNG` varchar(255) DEFAULT NULL,
  PRIMARY KEY (`id`),
  KEY `FK_lehrerKlasse_idUser` (`idUser`),
  KEY `FK_lehrerKlasse_idKlasse` (`idKlasse`),
  KEY `FK_lehrerKlasse_idConfigBeurteilung` (`idConfigBeurteilung`),
  KEY `FK_lehrerKlasse_idGegenstand` (`idGegenstand`),
  CONSTRAINT `FK_lehrerKlasse_idConfigBeurteilung` FOREIGN KEY (`idConfigBeurteilung`) REFERENCES `beurteilungsconfig` (`id`),
  CONSTRAINT `FK_lehrerKlasse_idGegenstand` FOREIGN KEY (`idGegenstand`) REFERENCES `gegenstand` (`id`),
  CONSTRAINT `FK_lehrerKlasse_idKlasse` FOREIGN KEY (`idKlasse`) REFERENCES `klasse` (`id`),
  CONSTRAINT `FK_lehrerKlasse_idUser` FOREIGN KEY (`idUser`) REFERENCES `user` (`id`)
) ENGINE=InnoDB DEFAULT CHARSET=utf8mb4 COLLATE=utf8mb4_0900_ai_ci;

--
-- Dumping data for table `lehrerKlasse`
--


--
-- Table structure for table `lehrinhalt`
--

CREATE TABLE `lehrinhalt` (
  `id` int NOT NULL AUTO_INCREMENT,
  `JAHRGANG` int DEFAULT NULL,
  `KOMPETENZBEREICH` varchar(200) DEFAULT NULL,
  `KURZBEZEICHNUNG` varchar(200) DEFAULT NULL,
  `LEHRINHALT` longtext,
  `LEVEL` int DEFAULT NULL,
  `SEMESTER` int DEFAULT NULL,
  `idGegenstand` int DEFAULT NULL,
  `idLehrplan` int DEFAULT NULL,
  PRIMARY KEY (`id`),
  KEY `FK_lehrinhalt_idLehrplan` (`idLehrplan`),
  KEY `FK_lehrinhalt_idGegenstand` (`idGegenstand`),
  CONSTRAINT `FK_lehrinhalt_idGegenstand` FOREIGN KEY (`idGegenstand`) REFERENCES `gegenstand` (`id`),
  CONSTRAINT `FK_lehrinhalt_idLehrplan` FOREIGN KEY (`idLehrplan`) REFERENCES `lehrplan` (`id`)
) ENGINE=InnoDB DEFAULT CHARSET=utf8mb4 COLLATE=utf8mb4_0900_ai_ci;

--
-- Dumping data for table `lehrinhalt`
--


--
-- Table structure for table `lehrinhalt_deskriptor`
--

CREATE TABLE `lehrinhalt_deskriptor` (
  `deskriptoren_ID` int NOT NULL,
  `lehrinhalte_ID` int NOT NULL,
  PRIMARY KEY (`deskriptoren_ID`,`lehrinhalte_ID`),
  KEY `FK_lehrinhalt_deskriptor_lehrinhalte_ID` (`lehrinhalte_ID`),
  CONSTRAINT `FK_lehrinhalt_deskriptor_deskriptoren_ID` FOREIGN KEY (`deskriptoren_ID`) REFERENCES `deskriptor` (`id`),
  CONSTRAINT `FK_lehrinhalt_deskriptor_lehrinhalte_ID` FOREIGN KEY (`lehrinhalte_ID`) REFERENCES `lehrinhalt` (`id`)
) ENGINE=InnoDB DEFAULT CHARSET=utf8mb4 COLLATE=utf8mb4_0900_ai_ci;

--
-- Dumping data for table `lehrinhalt_deskriptor`
--


--
-- Table structure for table `lehrinhalt_kompetenz`
--

CREATE TABLE `lehrinhalt_kompetenz` (
  `kompetenzen_ID` int NOT NULL,
  `lehrinhalte_ID` int NOT NULL,
  `kompetenzen_ORDER` int DEFAULT NULL,
  PRIMARY KEY (`kompetenzen_ID`,`lehrinhalte_ID`),
  KEY `FK_lehrinhalt_kompetenz_lehrinhalte_ID` (`lehrinhalte_ID`),
  CONSTRAINT `FK_lehrinhalt_kompetenz_kompetenzen_ID` FOREIGN KEY (`kompetenzen_ID`) REFERENCES `kompetenz` (`id`),
  CONSTRAINT `FK_lehrinhalt_kompetenz_lehrinhalte_ID` FOREIGN KEY (`lehrinhalte_ID`) REFERENCES `lehrinhalt` (`id`)
) ENGINE=InnoDB DEFAULT CHARSET=utf8mb4 COLLATE=utf8mb4_0900_ai_ci;

--
-- Dumping data for table `lehrinhalt_kompetenz`
--


--
-- Table structure for table `lehrplan`
--

CREATE TABLE `lehrplan` (
  `id` int NOT NULL AUTO_INCREMENT,
  `BESCHREIBUNG` longtext,
  `BEZEICHNUNG` longtext,
  `GEGENSTANDSZUORDNUNG` longtext,
  `INKRAFTSEIT` date DEFAULT NULL,
  `SEMESTRABSCHULSTUFE` int DEFAULT NULL,
  `SEMESTRIERT` tinyint(1) DEFAULT '0',
  `STARTJAHRGANG` int DEFAULT NULL,
  `idAbteilung` int DEFAULT NULL,
  `idSchultyp` int DEFAULT NULL,
  PRIMARY KEY (`id`),
  KEY `FK_lehrplan_idAbteilung` (`idAbteilung`),
  KEY `FK_lehrplan_idSchultyp` (`idSchultyp`)
) ENGINE=InnoDB DEFAULT CHARSET=utf8mb4 COLLATE=utf8mb4_0900_ai_ci;

--
-- Dumping data for table `lehrplan`
--


--
-- Table structure for table `loadedplugins`
--

CREATE TABLE `loadedplugins` (
  `ID` int NOT NULL AUTO_INCREMENT,
  `CLASSPATH` varchar(255) DEFAULT NULL,
  `FULLPATH` varchar(255) DEFAULT NULL,
  `NAME` varchar(255) DEFAULT NULL,
  `STATUS` int DEFAULT NULL,
  PRIMARY KEY (`ID`)
) ENGINE=InnoDB DEFAULT CHARSET=utf8mb4 COLLATE=utf8mb4_0900_ai_ci;

--
-- Dumping data for table `loadedplugins`
--


--
-- Table structure for table `moodleRechte`
--

CREATE TABLE `moodleRechte` (
  `id` int NOT NULL AUTO_INCREMENT,
  `q_change` tinyint DEFAULT NULL,
  `q_delete` tinyint DEFAULT NULL,
  `q_insert` tinyint DEFAULT NULL,
  `idKateg` int DEFAULT NULL,
  `idUser` int NOT NULL,
  `rechte_ORDER` int DEFAULT NULL,
  PRIMARY KEY (`id`),
  KEY `FK_moodleRechte_idKateg` (`idKateg`),
  KEY `FK_moodleRechte_idUser` (`idUser`),
  CONSTRAINT `FK_moodleRechte_idKateg` FOREIGN KEY (`idKateg`) REFERENCES `category` (`id`),
  CONSTRAINT `FK_moodleRechte_idUser` FOREIGN KEY (`idUser`) REFERENCES `user` (`id`)
) ENGINE=InnoDB AUTO_INCREMENT=2272 DEFAULT CHARSET=utf8mb4 COLLATE=utf8mb4_0900_ai_ci;

--
-- Dumping data for table `moodleRechte`
--

INSERT INTO `moodleRechte` VALUES (2271,1,1,1,2270,2,0);

--
-- Table structure for table `moodleText`
--

CREATE TABLE `moodleText` (
  `id` bigint NOT NULL AUTO_INCREMENT,
  `FORMAT` varchar(40) DEFAULT NULL,
  `TEXT` longtext,
  `idQuestion` bigint DEFAULT NULL,
  `moodleTexte_ORDER` int DEFAULT NULL,
  PRIMARY KEY (`id`),
  KEY `FK_moodleText_idQuestion` (`idQuestion`),
  CONSTRAINT `FK_moodleText_idQuestion` FOREIGN KEY (`idQuestion`) REFERENCES `question` (`id`)
) ENGINE=InnoDB AUTO_INCREMENT=3192 DEFAULT CHARSET=utf8mb4 COLLATE=utf8mb4_0900_ai_ci;

--
-- Dumping data for table `moodleText`
--

INSERT INTO `moodleText` VALUES (2279,'html','<h1><strong>LeTTo-Onramp</strong></h1>\n\n<h2><strong>Herzlich Willkommen!</strong></h2>\n\n<p>In diesem interaktiven Tutorial werden</p>\n\n<ul>\n	<li>\n	<p>die Details zur Ergebniseingabe am LeTTo-Server veranschaulicht.</p>\n	</li>\n	<li>\n	<p>M&ouml;glichkeiten geboten Ergebniseingaben online zu testen.</p>\n	</li>\n</ul>\n\n<h2><br/>\nDas <strong>LeTTo-Team w&uuml;nscht viel Erfolg</strong> bei bevorstehenden Pr&uuml;fungen.</h2>\n\n<p>&nbsp;</p>\n\n<h2>Fragenauswahl</h2>\n\n<p>&nbsp;&nbsp;&nbsp;&nbsp;&nbsp;&nbsp;&nbsp;&nbsp; [IMG1]</p>\n\n<ul>\n	<li>Im linken Bereich ihres Browserfensters (Fragenauswahl) sehen Sie eine Auflistung der Pr&uuml;fungsfragen - siehe Musterabbildung oberhalb.<br/>\n	&nbsp;</li>\n	<li>Sie k&ouml;nnen durch Mausklick direkt jene Frage w&auml;hlen, welche Sie beantworten m&ouml;chten. Alternativ werden sie mit der Option <strong>N&auml;chste Frage </strong>zur n&auml;chsten gelisteten Frage weitergeleitet.<br/>\n	&nbsp;</li>\n	<li>Ist f&uuml;r die Pr&uuml;fung eine maximale <strong>Pr&uuml;fungszeit </strong>definiert worden, dann sehen Sie die noch verbleibend Zeit eingeblendet. Ist die Pr&uuml;fungszeit abgelaufen wird der Test automatisch abgegeben.<br/>\n	&nbsp;</li>\n	<li>M&ouml;chten Sie die Pr&uuml;fung abgeben, dann w&auml;hlen Sie <strong>Test abgeben</strong>.</li>\n</ul>\n\n<p><br/>\n&nbsp;</p>\n\n<p>[Q1]&nbsp;</p>\n\n<p>&nbsp;</p>\n\n<h2>Hilfe zur Eingabe</h2>\n\n<p>Hilfe zur Eingabe finden Sie in der rechten oberen Ecke Ihres Browserfensters [IMG0]</p>',2275,0),(2282,'html','',2275,1),(2283,'html','',2275,2),(2284,'html','',2275,3),(2285,'html','',2275,4),(2286,'html','',2275,5),(2296,'html','<h2>Dezimaltrennzeichen</h2>\n\n<p>Immer einen <strong>Punkt </strong>als Dezimaltrennzeichen verwenden!</p>\n\n<ul>\n	<li>Geben Sie die Zahl $x = {x}$ in das Ergebnisfeld ein.<br/>\n	<br/>\n	$x=$ [Q0]&nbsp;<br/>\n	<br/>\n	&nbsp;</li>\n</ul>\n\n<h2>Hilfestellung bei der Eingabe</h2>\n\n<h3>Vorschaufenster</h3>\n\n<p>Ein <strong>Doppelklick </strong>ins Eingabefeld aktiviert ein Vorschaufenster, das die Eingabe besonders &uuml;bersichtlich darstellt.</p>\n\n<ul>\n	<li>Testen Sie diese Hilfestellung durch Doppelklick auf das obige Eingabefeld.<br/>\n	&nbsp;</li>\n</ul>\n\n<h3>Bilder-Zoom</h3>\n\n<p>Ein <strong>Doppelklick </strong>auf Graphiken innerhalb der Fragestellungen &ouml;ffnet eine vergr&ouml;&szlig;erte Ansicht der Graphik.</p>\n\n<ul>\n	<li>Testen Sie diese Hilfestellung durch Doppelklick auf das [IMG1]-Logo.</li>\n</ul>\n\n<p>&nbsp;</p>\n\n<p>&nbsp;</p>\n\n<p>&nbsp;</p>\n\n<h2>Hilfe zur Eingabe</h2>\n\n<p>Hilfe zur Eingabe finden Sie in der rechten oberen Ecke Ihres Browserfensters [IMG0]</p>',2289,0),(2299,'html','',2289,1),(2300,'html','',2289,2),(2301,'html','',2289,3),(2302,'html','',2289,4),(2303,'html','',2289,5),(2313,'html','<h2>Zuordnungsfragen</h2>\n\n<div>Bei Zuordnungsfragen unterst&uuml;tzen Sie zwei Modi bei der Fragenbeantwortung.</div>\n\n<div>Moduswechsel erfolgt mit Klick auf das Symbol<br/>\n[IMG1]<br/>\nam oberen Rand des Browserfensters.</div>\n\n<ol>\n	<li>Modus: klick - klick - Zuordnung</li>\n	<li>Modus: drag &amp; drop - Zuordnung<br/>\n	&nbsp;</li>\n</ol>\n\n<ul>\n	<li>Testen Sie beide Modi durch Zuordnung der Gro&szlig;- zu ihren Kleinbuchstaben.<br/>\n	<br/>\n	[Q7]&nbsp;</li>\n</ul>',2306,0),(2316,'html','',2306,1),(2317,'html','',2306,2),(2318,'html','',2306,3),(2319,'html','',2306,4),(2320,'html','',2306,5),(2332,'html','<h1>Komplexe Zahlen</h1>\n\n<p>Sie k&ouml;nnen komplexe Zahlen in unterschiedlichsten Varianten am LeTTo-Server eingeben.</p>\n\n<p>Als Demo betrachten wir eine komplexe Zahl $\\underline z$ mit<br/>\n<br/>\n$\\underline z = {z,karti} = {z,kartj}= {z, poldeg}= {z, polrad}$<br/>\n&nbsp;</p>\n\n<h3>Zul&auml;ssige Eingabenformate der Zahl $\\underline z$ sind:</h3>\n\n<ol>\n	<li>&nbsp;$\\underline z=$ 3+4j</li>\n	<li>&nbsp;$\\underline z=$ 3+4i</li>\n	<li>&nbsp;$\\underline z=$ 3+j*4</li>\n	<li>&nbsp;$\\underline z=$ 3+4*j</li>\n	<li>&nbsp;$\\underline z=$ 3+i*4</li>\n	<li>&nbsp;$\\underline z=$ 3+4*i</li>\n	<li>&nbsp;$\\underline z=$ 5arg53.13°</li>\n	<li>&nbsp;$\\underline z=$ 5arg0.9273<br/>\n	&nbsp;</li>\n</ol>\n\n<ul>\n	<li>Test Sie die unterschiedlichen Eingabeformate f&uuml;r $\\underline z$<br/>\n	<br/>\n	$\\underline z =$ [Q1]&nbsp;<br/>\n	<br/>\n	&nbsp;</li>\n</ul>\n\n<p><strong>TIPP</strong>: LeTTo interpretiert Winkeleingaben ohne dem Grad Symbol \" ° \" immer als Radiant. F&uuml;r die Eingabe eines Winkels in Radiant ist somit kein explizites Einheitensymbol notwendig.<br/>\n<br/>\n$ \\Longrightarrow&nbsp; \\alpha=30° \\neq \\alpha=30=-81.127°$</p>\n\n<p>&nbsp;</p>\n\n<h2>&nbsp;</h2>\n\n<p>&nbsp;</p>\n\n<p>&nbsp;</p>\n\n<h2>Hilfe zur Eingabe</h2>\n\n<p>Hilfe zur Eingabe finden Sie in der rechten oberen Ecke Ihres Browserfensters [IMG0]</p>',2325,0),(2335,'html','',2325,1),(2336,'html','',2325,2),(2337,'html','',2325,3),(2338,'html','',2325,4),(2339,'html','',2325,5),(2349,'html','<h2>Physikalische Einheiten</h2>\n\n<ol>\n	<li>Ergebnisse sind immer mit Einheit anzugeben, au&szlig;er es steht explizit anders dabei.</li>\n	<li>Bei der Eingabe von Einheiten ist auf Gro&szlig;/Kleinschreibung zu achten!</li>\n	<li>Leerzeichen zwischen Zahl und Einheit st&ouml;ren nicht, sind aber auch nicht notwendig.</li>\n	<li>SI-Vorsilben werden unterst&uuml;tzt<br/>\n	&nbsp;</li>\n</ol>\n\n<ul>\n</ul>\n\n<table align=\"left\" border=\"1\" cellpadding=\"1\" cellspacing=\"1\" style=\"height:356px; width:379px\">\n	<tbody>\n		<tr>\n			<td><strong>physikalische Gr&ouml;&szlig;e</strong></td>\n			<td><strong>physikalische Einheit</strong></td>\n			<td><strong>LeTTo</strong></td>\n		</tr>\n		<tr>\n			<td>elektrische Spannung</td>\n			<td>Volt</td>\n			<td>V</td>\n		</tr>\n		<tr>\n			<td>elektrischer Strom</td>\n			<td>Ampere</td>\n			<td>A</td>\n		</tr>\n		<tr>\n			<td>elektrischer Widerstand</td>\n			<td>Ohm</td>\n			<td>Ohm</td>\n		</tr>\n		<tr>\n			<td>magnetischer Fluss</td>\n			<td>Volt-Sekunde</td>\n			<td>Vs</td>\n		</tr>\n		<tr>\n			<td>&nbsp;</td>\n			<td>Weber</td>\n			<td>Wb</td>\n		</tr>\n		<tr>\n			<td>(Kreis-) Frequenz / Drehzahl</td>\n			<td>pro Sekunde</td>\n			<td>s-1</td>\n		</tr>\n		<tr>\n			<td>&nbsp;</td>\n			<td>pro Minute</td>\n			<td>min-1</td>\n		</tr>\n		<tr>\n			<td>&nbsp;</td>\n			<td>pro Minute</td>\n			<td>Upm</td>\n		</tr>\n		<tr>\n			<td>&nbsp;</td>\n			<td>Hertz</td>\n			<td>Hz</td>\n		</tr>\n		<tr>\n			<td>Scheinleistung</td>\n			<td>Volt-Ampere</td>\n			<td>VA</td>\n		</tr>\n		<tr>\n			<td>Blindleistung</td>\n			<td>Volt-Ampere</td>\n			<td>VA</td>\n		</tr>\n		<tr>\n			<td>Wirkleistung</td>\n			<td>Watt</td>\n			<td>W</td>\n		</tr>\n		<tr>\n			<td>Drehmoment</td>\n			<td>Newton-Meter</td>\n			<td>Nm</td>\n		</tr>\n	</tbody>\n</table>\n\n<p><br/>\n<br/>\n&nbsp;</p>\n\n<p>&nbsp;</p>\n\n<p>&nbsp;</p>\n\n<p><br/>\n<br/>\n&nbsp;</p>\n\n<h2>&nbsp;</h2>\n\n<h2>&nbsp;</h2>\n\n<h2>&nbsp;</h2>\n\n<p>&nbsp;</p>\n\n<p>&nbsp;</p>\n\n<p>&nbsp;</p>\n\n<table border=\"1\" cellpadding=\"1\" cellspacing=\"1\" style=\"height:179px; width:264px\">\n	<tbody>\n		<tr>\n			<td><strong>SI-Vorsilbe</strong></td>\n			<td><strong>Faktor</strong></td>\n			<td><strong>LeTTo</strong></td>\n		</tr>\n		<tr>\n			<td>Giga</td>\n			<td>$10^9$</td>\n			<td>G</td>\n		</tr>\n		<tr>\n			<td>Mega</td>\n			<td>$10^6$</td>\n			<td>M</td>\n		</tr>\n		<tr>\n			<td>Kilo</td>\n			<td>$10^3$</td>\n			<td>k</td>\n		</tr>\n		<tr>\n			<td>Milli</td>\n			<td>$10^{-3}$</td>\n			<td>m</td>\n		</tr>\n		<tr>\n			<td>Mikro</td>\n			<td>$10^{-6}$</td>\n			<td>u</td>\n		</tr>\n		<tr>\n			<td>Nano</td>\n			<td>$10^{-9}$</td>\n			<td>n</td>\n		</tr>\n	</tbody>\n</table>\n\n<p>&nbsp;</p>\n\n<h3><br/>\nZul&auml;ssige Eingabeformate einer elektrischen Spannung $U = {U}$ sind bspw.</h3>\n\n<ol>\n	<li>&nbsp; $U= $ 0.3V (bzw. $U= $ 0.3 V)</li>\n	<li>&nbsp;&nbsp;$U= $ 300mV</li>\n	<li>&nbsp;&nbsp;$U= $ 3e-1V</li>\n	<li>&nbsp; $U= $ 300e-3 V</li>\n	<li>&nbsp; $U= $ 3e5uV</li>\n	<li>&nbsp; $U= $ 0.0003kV</li>\n	<li>&nbsp; $U= $ 3e-4kV<br/>\n	&nbsp;</li>\n</ol>\n\n<ul>\n	<li>&nbsp;Testen Sie die Eingabe f&uuml;r die elektrische Spannung $U={U}$.<br/>\n	<br/>\n	$U=$ [Q2]&nbsp;<br/>\n	&nbsp;</li>\n	<li>Bei der Eingabe von elektrischen Widerst&auml;nden ist anstelle des Einheitensymbols $\\Omega$ das Wort Ohm zu verwenden (Bsp.: $R=$ 2200Ohm).Testen Sie die Eingabe f&uuml;r den elektrischen Wirkwiderstand $R={R}$.<br/>\n	<br/>\n	$R=$ [Q3]&nbsp;</li>\n</ul>\n\n<p>&nbsp;</p>\n\n<h2>Hilfe zur Eingabe</h2>\n\n<p>Hilfe zur Eingabe finden Sie in der rechten oberen Ecke Ihres Browserfensters [IMG0]</p>',2342,0),(2351,'html','',2342,1),(2352,'html','',2342,2),(2353,'html','',2342,3),(2354,'html','',2342,4),(2355,'html','',2342,5),(2367,'html','<h2>Normierte Gr&ouml;&szlig;en</h2>\n\n<p>Verwenden Sie bei der Eingabe von normierten Gr&ouml;&szlig;en mindestens drei Nachkommastellen.</p>\n\n<ul>\n	<li>Testen Sie die Eingabe der normierten elektrischen Spannung $u = {u}$<br/>\n	<br/>\n	$u=$ [Q4]&nbsp;</li>\n</ul>\n\n<p>&nbsp;\n<h2>&nbsp;</h2>\n</p>\n\n<p>&nbsp;</p>\n\n<h2>Hilfe zur Eingabe</h2>\n\n<p>Hilfe zur Eingabe finden Sie in der rechten oberen Ecke Ihres Browserfensters [IMG0]</p>',2360,0),(2369,'html','',2360,1),(2370,'html','',2360,2),(2371,'html','',2360,3),(2372,'html','',2360,4),(2373,'html','',2360,5),(2383,'html','<h2>Eingabe analytischer L&ouml;sungen</h2>\n\n<p>LeTTo unterst&uuml;tzt analytische L&ouml;sungen. Machen Sie von der Ergebnisvorschau durch Doppelklick auf das Eingabefeld gebrauch.</p>\n\n<ul>\n	<li>Testen Sie die Eingabe f&uuml;r $R=\\frac{ U}{ I}$<br/>\n	<br/>\n	$R= $ [Q5]&nbsp;<br/>\n	&nbsp;</li>\n	<li>Testen Sie die Eingabe f&uuml;r $y(x)= \\frac{\\sin(x)}{ x}$<br/>\n	<br/>\n	$y(x) =$ [Q6]&nbsp;<br/>\n	&nbsp;</li>\n</ul>\n\n<h2>&nbsp;</h2>\n\n<p>&nbsp;</p>\n\n<h2>Hilfe zur Eingabe</h2>\n\n<p>Hilfe zur Eingabe finden Sie in der rechten oberen Ecke Ihres Browserfensters [IMG0]</p>',2376,0),(2385,'html','',2376,1),(2386,'html','',2376,2),(2387,'html','',2376,3),(2388,'html','',2376,4),(2389,'html','',2376,5),(2401,'html','<h1><strong>LeTTo-Onramp</strong></h1>\n\n<h2><strong>Herzlich Willkommen!</strong></h2>\n\n<p>In diesem interaktiven Tutorial werden</p>\n\n<ul>\n	<li>\n	<p>die Details zur Ergebniseingabe am LeTTo-Server veranschaulicht.</p>\n	</li>\n	<li>\n	<p>M&ouml;glichkeiten geboten Ergebniseingaben online zu testen.</p>\n	</li>\n</ul>\n\n<h2><br/>\nDas <strong>LeTTo-Team w&uuml;nscht viel Erfolg</strong> bei bevorstehenden Pr&uuml;fungen.</h2>\n\n<p><br/>\n<br/>\n&nbsp;</p>\n\n<h2>Zuordnungsfragen</h2>\n\n<div>Bei Zuordnungsfragen unterst&uuml;tzen Sie zwei Modi bei der Fragenbeantwortung.</div>\n\n<div>Moduswechsel erfolgt mit Klick auf das Symbol<br/>\n[IMG1]<br/>\nam oberen Rand des Browserfensters.</div>\n\n<ol>\n	<li>Modus: klick - klick - Zuordnung</li>\n	<li>Modus: drag &amp; drop - Zuordnung<br/>\n	&nbsp;</li>\n</ol>\n\n<ul>\n	<li>Testen Sie beide Modi durch Zuordnung der Gro&szlig;- zu ihren Kleinbuchstaben.<br/>\n	<br/>\n	[Q7]&nbsp;</li>\n</ul>\n\n<h2><br/>\nDezimaltrennzeichen</h2>\n\n<p>Immer einen <strong>Punkt </strong>als Dezimaltrennzeichen verwenden!</p>\n\n<ul>\n	<li>Geben Sie die Zahl $x = {x}$ in das Ergebnisfeld ein.<br/>\n	<br/>\n	$x=$ [Q0]&nbsp;<br/>\n	<br/>\n	&nbsp;</li>\n</ul>\n\n<h2>Hilfestellung bei der Eingabe - Vorschaufenster</h2>\n\n<p>Ein <strong>Doppelklick </strong>ins Eingabefeld aktiviert ein Vorschaufenster, das die Eingabe besonders &uuml;bersichtlich darstellt.</p>\n\n<ul>\n	<li>Testen Sie diese Hilfestellung durch Doppelklick auf das obige Eingabefeld.<br/>\n	&nbsp;</li>\n</ul>\n\n<h2>Bilder-Zoom</h2>\n\n<p>Ein <strong>Doppelklick </strong>auf Graphiken innerhalb der Fragestellungen &ouml;ffnet eine vergr&ouml;&szlig;erte Ansicht der Graphik.</p>\n\n<ul>\n	<li>Testen Sie diese Hilfestellung durch Doppelklick auf das [IMG2]-Logo.</li>\n</ul>\n\n<h2>Komplexe Zahlen</h2>\n\n<p>Sie k&ouml;nnen komplexe Zahlen in unterschiedlichsten Varianten am LeTTo-Server eingeben.</p>\n\n<p>Als Demo betrachten wir eine komplexe Zahl $\\underline z$ mit<br/>\n<br/>\n$\\underline z = {z,karti} = {z,kartj}= {z, poldeg}= {z, polrad}$<br/>\n&nbsp;</p>\n\n<h3>Zul&auml;ssige Eingabenformate der Zahl $\\underline z$ sind:</h3>\n\n<ol>\n	<li>&nbsp;$\\underline z=$ 3+4j</li>\n	<li>&nbsp;$\\underline z=$ 3+4i</li>\n	<li>&nbsp;$\\underline z=$ 3+j*4</li>\n	<li>&nbsp;$\\underline z=$ 3+4*j</li>\n	<li>&nbsp;$\\underline z=$ 3+i*4</li>\n	<li>&nbsp;$\\underline z=$ 3+4*i</li>\n	<li>&nbsp;$\\underline z=$ 5arg53.13°</li>\n	<li>&nbsp;$\\underline z=$ 5arg0.9273<br/>\n	&nbsp;</li>\n</ol>\n\n<ul>\n	<li>Test Sie die unterschiedlichen Eingabeformate f&uuml;r $\\underline z$<br/>\n	<br/>\n	$\\underline z =$ [Q1]&nbsp;</li>\n</ul>\n\n<p><strong>TIPP</strong>: LeTTo interpretiert Winkeleingaben ohne dem Grad Symbol \" ° \" immer als Radiant. F&uuml;r die Eingabe eines Winkels in Radiant ist somit kein explizites Einheitensymbol notwendig.<br/>\n<br/>\n$ \\Longrightarrow&nbsp; \\alpha=30° \\neq \\alpha=30=-81.127°$<br/>\n<br/>\n&nbsp;</p>\n\n<h2>Physikalische Einheiten</h2>\n\n<ol>\n	<li>Ergebnisse sind immer mit Einheit anzugeben, au&szlig;er es steht explizit anders dabei.</li>\n	<li>Bei der Eingabe von Einheiten ist auf Gro&szlig;/Kleinschreibung zu achten!</li>\n	<li>Leerzeichen zwischen Zahl und Einheit st&ouml;ren nicht, sind aber auch nicht notwendig.</li>\n	<li>SI-Vorsilben werden unterst&uuml;tzt<br/>\n	&nbsp;</li>\n</ol>\n\n<table border=\"1\" cellpadding=\"1\" cellspacing=\"1\" style=\"height:179px; width:264px\">\n	<tbody>\n		<tr>\n			<td><strong>SI-Vorsilbe</strong></td>\n			<td><strong>Faktor</strong></td>\n			<td><strong>LeTTo</strong></td>\n		</tr>\n		<tr>\n			<td>Giga</td>\n			<td>$10^9$</td>\n			<td>G</td>\n		</tr>\n		<tr>\n			<td>Mega</td>\n			<td>$10^6$</td>\n			<td>M</td>\n		</tr>\n		<tr>\n			<td>Kilo</td>\n			<td>$10^3$</td>\n			<td>k</td>\n		</tr>\n		<tr>\n			<td>Milli</td>\n			<td>$10^{-3}$</td>\n			<td>m</td>\n		</tr>\n		<tr>\n			<td>Mikro</td>\n			<td>$10^{-6}$</td>\n			<td>u</td>\n		</tr>\n		<tr>\n			<td>Nano</td>\n			<td>$10^{-9}$</td>\n			<td>n</td>\n		</tr>\n	</tbody>\n</table>\n\n<p>&nbsp;</p>\n\n<h3><br/>\nZul&auml;ssige Eingabeformate einer elektrischen Spannung $U = {U}$ sind bspw.</h3>\n\n<ol>\n	<li>&nbsp; $U= $ 0.3V (bzw. $U= $ 0.3 V)</li>\n	<li>&nbsp;&nbsp;$U= $ 300mV</li>\n	<li>&nbsp;&nbsp;$U= $ 3e-1V</li>\n	<li>&nbsp; $U= $ 300e-3 V</li>\n	<li>&nbsp; $U= $ 3e5uV</li>\n	<li>&nbsp; $U= $ 0.0003kV</li>\n	<li>&nbsp; $U= $ 3e-4kV<br/>\n	&nbsp;</li>\n</ol>\n\n<ul>\n	<li>&nbsp;Testen Sie die Eingabe f&uuml;r die elektrische Spannung $U={U}$.<br/>\n	<br/>\n	$U=$ [Q2]&nbsp;<br/>\n	&nbsp;</li>\n	<li>Bei der Eingabe von elektrischen Widerst&auml;nden ist anstelle des Einheitensymbols $\\Omega$ das Wort Ohm zu verwenden (Bsp.: $R=$ 2200Ohm).Testen Sie die Eingabe f&uuml;r den elektrischen Wirkwiderstand $R={R}$.<br/>\n	<br/>\n	$R=$ [Q3]&nbsp;<br/>\n	<br/>\n	&nbsp;</li>\n</ul>\n\n<h3>Zusammenfassung wichtiger Einheiten:<br/>\n&nbsp;</h3>\n\n<table align=\"left\" border=\"1\" cellpadding=\"1\" cellspacing=\"1\" style=\"height:356px; width:379px\">\n	<tbody>\n		<tr>\n			<td><strong>physikalische Gr&ouml;&szlig;e</strong></td>\n			<td><strong>physikalische Einheit</strong></td>\n			<td><strong>LeTTo</strong></td>\n		</tr>\n		<tr>\n			<td>elektrische Spannung</td>\n			<td>Volt</td>\n			<td>V</td>\n		</tr>\n		<tr>\n			<td>elektrischer Strom</td>\n			<td>Ampere</td>\n			<td>A</td>\n		</tr>\n		<tr>\n			<td>elektrischer Widerstand</td>\n			<td>Ohm</td>\n			<td>Ohm</td>\n		</tr>\n		<tr>\n			<td>magnetischer Fluss</td>\n			<td>Volt-Sekunde</td>\n			<td>Vs</td>\n		</tr>\n		<tr>\n			<td>&nbsp;</td>\n			<td>Weber</td>\n			<td>Wb</td>\n		</tr>\n		<tr>\n			<td>(Kreis-) Frequenz / Drehzahl</td>\n			<td>pro Sekunde</td>\n			<td>s-1</td>\n		</tr>\n		<tr>\n			<td>&nbsp;</td>\n			<td>pro Minute</td>\n			<td>min-1</td>\n		</tr>\n		<tr>\n			<td>&nbsp;</td>\n			<td>pro Minute</td>\n			<td>Upm</td>\n		</tr>\n		<tr>\n			<td>&nbsp;</td>\n			<td>Hertz</td>\n			<td>Hz</td>\n		</tr>\n		<tr>\n			<td>Scheinleistung</td>\n			<td>Volt-Ampere</td>\n			<td>VA</td>\n		</tr>\n		<tr>\n			<td>Blindleistung</td>\n			<td>Volt-Ampere</td>\n			<td>VA</td>\n		</tr>\n		<tr>\n			<td>Wirkleistung</td>\n			<td>Watt</td>\n			<td>W</td>\n		</tr>\n		<tr>\n			<td>Drehmoment</td>\n			<td>Newton-Meter</td>\n			<td>Nm</td>\n		</tr>\n	</tbody>\n</table>\n\n<p><br/>\n<br/>\n&nbsp;</p>\n\n<p>&nbsp;</p>\n\n<p>&nbsp;</p>\n\n<p><br/>\n<br/>\n&nbsp;</p>\n\n<h2>&nbsp;</h2>\n\n<h2>&nbsp;</h2>\n\n<h2>&nbsp;</h2>\n\n<h2>&nbsp;</h2>\n\n<h2>&nbsp;</h2>\n\n<p>&nbsp;</p>\n\n<h2>Normierte Gr&ouml;&szlig;en</h2>\n\n<p>Verwenden Sie bei der Eingabe von normierten Gr&ouml;&szlig;en mindestens drei Nachkommastellen.</p>\n\n<ul>\n	<li>Testen Sie die Eingabe der normierten elektrischen Spannung $u = {u}$<br/>\n	<br/>\n	$u=$ [Q4]&nbsp;</li>\n</ul>\n\n<p>&nbsp;</p>\n\n<h2>Eingabe analytischer L&ouml;sungen</h2>\n\n<p>LeTTo unterst&uuml;tzt analytische L&ouml;sungen. Machen Sie von der Ergebnisvorschau durch Doppelklick auf das Eingabefeld gebrauch.</p>\n\n<ul>\n	<li>Testen Sie die Eingabe f&uuml;r $R=\\frac{ U}{ I}$<br/>\n	<br/>\n	$R= $ [Q5]&nbsp;<br/>\n	&nbsp;</li>\n	<li>Testen Sie die Eingabe f&uuml;r $y(x)= \\frac{\\sin(x)}{ x}$<br/>\n	<br/>\n	$y(x) =$ [Q6]&nbsp;<br/>\n	&nbsp;</li>\n</ul>\n\n<h2>&nbsp;</h2>\n\n<p>&nbsp;</p>\n\n<h2>Hilfe zur Eingabe</h2>\n\n<p>Hilfe zur Eingabe finden Sie in der rechten oberen Ecke Ihres Browserfensters [IMG0]</p>',2394,0),(2405,'html','',2394,1),(2406,'html','',2394,2),(2407,'html','',2394,3),(2408,'html','',2394,4),(2409,'html','',2394,5),(2435,'html','<h1><strong>LeTTo-Onramp</strong></h1>\n\n<h2><strong>Herzlich Willkommen!</strong></h2>\n\n<p>In diesem interaktiven Tutorial werden</p>\n\n<ul>\n	<li>\n	<p>die Details zur Ergebniseingabe am LeTTo-Server veranschaulicht.</p>\n	</li>\n	<li>\n	<p>M&ouml;glichkeiten geboten Ergebniseingaben online zu testen.</p>\n	</li>\n</ul>\n\n<h2><br/>\nDas <strong>LeTTo-Team w&uuml;nscht viel Erfolg</strong> bei bevorstehenden Pr&uuml;fungen.</h2>\n\n<h2>&nbsp;</h2>\n\n<h2>Dezimaltrennzeichen</h2>\n\n<p>Immer einen <strong>Punkt </strong>als Dezimaltrennzeichen verwenden!</p>\n\n<ul>\n	<li>Geben Sie die Zahl $x = {x}$ in das Ergebnisfeld ein.<br/>\n	<br/>\n	$x=$ [Q0]&nbsp;<br/>\n	<br/>\n	&nbsp;</li>\n</ul>\n\n<h2>Hilfestellung bei der Eingabe - Vorschaufenster</h2>\n\n<p>Ein <strong>Doppelklick </strong>ins Eingabefeld aktiviert ein Vorschaufenster, das die Eingabe besonders &uuml;bersichtlich darstellt.</p>\n\n<ul>\n	<li>Testen Sie diese Hilfestellung durch Doppelklick auf das obige Eingabefeld.<br/>\n	<br/>\n	&nbsp;</li>\n</ul>\n\n<h2>Komplexe Zahlen</h2>\n\n<p>Sie k&ouml;nnen komplexe Zahlen in unterschiedlichsten Varianten am LeTTo-Server eingeben.</p>\n\n<p>Als Demo betrachten wir eine komplexe Zahl $\\underline z$ mit<br/>\n<br/>\n$\\underline z = {z,karti} = {z,kartj}= {z, poldeg}= {z, polrad}$<br/>\n&nbsp;</p>\n\n<h3>Zul&auml;ssige Eingabenformate der Zahl $\\underline z$ sind:</h3>\n\n<ol>\n	<li>&nbsp;$\\underline z=$ 3+4j</li>\n	<li>&nbsp;$\\underline z=$ 3+4i</li>\n	<li>&nbsp;$\\underline z=$ 3+j*4</li>\n	<li>&nbsp;$\\underline z=$ 3+4*j</li>\n	<li>&nbsp;$\\underline z=$ 3+i*4</li>\n	<li>&nbsp;$\\underline z=$ 3+4*i</li>\n	<li>&nbsp;$\\underline z=$ 5arg53.13°</li>\n	<li>&nbsp;$\\underline z=$ 5arg0.9273<br/>\n	&nbsp;</li>\n</ol>\n\n<ul>\n	<li>Test Sie die unterschiedlichen Eingabeformate f&uuml;r $\\underline z$<br/>\n	<br/>\n	$\\underline z =$ [Q1]&nbsp;</li>\n</ul>\n\n<p><strong>TIPP</strong>: LeTTo interpretiert Winkeleingaben ohne dem Grad Symbol \" ° \" immer als Radiant. F&uuml;r die Eingabe eines Winkels in Radiant ist somit kein explizites Einheitensymbol notwendig.<br/>\n<br/>\n$ \\Longrightarrow&nbsp; \\alpha=30° \\neq \\alpha=30=-81.127°$<br/>\n<br/>\n&nbsp;</p>\n\n<h2>Physikalische Einheiten</h2>\n\n<ol>\n	<li>Ergebnisse sind immer mit Einheit anzugeben, au&szlig;er es steht explizit anders dabei.</li>\n	<li>Bei der Eingabe von Einheiten ist auf Gro&szlig;/Kleinschreibung zu achten!</li>\n	<li>Leerzeichen zwischen Zahl und Einheit st&ouml;ren nicht, sind aber auch nicht notwendig.</li>\n	<li>SI-Vorsilben werden unterst&uuml;tzt<br/>\n	&nbsp;</li>\n</ol>\n\n<table border=\"1\" cellpadding=\"1\" cellspacing=\"1\" style=\"height:179px; width:264px\">\n	<tbody>\n		<tr>\n			<td><strong>SI-Vorsilbe</strong></td>\n			<td><strong>Faktor</strong></td>\n			<td><strong>LeTTo</strong></td>\n		</tr>\n		<tr>\n			<td>Giga</td>\n			<td>$10^9$</td>\n			<td>G</td>\n		</tr>\n		<tr>\n			<td>Mega</td>\n			<td>$10^6$</td>\n			<td>M</td>\n		</tr>\n		<tr>\n			<td>Kilo</td>\n			<td>$10^3$</td>\n			<td>k</td>\n		</tr>\n		<tr>\n			<td>Milli</td>\n			<td>$10^{-3}$</td>\n			<td>m</td>\n		</tr>\n		<tr>\n			<td>Mikro</td>\n			<td>$10^{-6}$</td>\n			<td>u</td>\n		</tr>\n		<tr>\n			<td>Nano</td>\n			<td>$10^{-9}$</td>\n			<td>n</td>\n		</tr>\n	</tbody>\n</table>\n\n<p>&nbsp;</p>\n\n<h3><br/>\nZul&auml;ssige Eingabeformate einer elektrischen Spannung $U = {U}$ sind bspw.</h3>\n\n<ol>\n	<li>&nbsp; $U= $ 0.3V (bzw. $U= $ 0.3 V)</li>\n	<li>&nbsp;&nbsp;$U= $ 300mV</li>\n	<li>&nbsp;&nbsp;$U= $ 3e-1V</li>\n	<li>&nbsp; $U= $ 300e-3 V</li>\n	<li>&nbsp; $U= $ 3e5uV</li>\n	<li>&nbsp; $U= $ 0.0003kV</li>\n	<li>&nbsp; $U= $ 3e-4kV<br/>\n	&nbsp;</li>\n</ol>\n\n<ul>\n	<li>&nbsp;Testen Sie die Eingabe f&uuml;r die elektrische Spannung $U={U}$.<br/>\n	<br/>\n	$U=$ [Q2]&nbsp;<br/>\n	&nbsp;</li>\n	<li>Bei der Eingabe von elektrischen Widerst&auml;nden ist anstelle des Einheitensymbols $\\Omega$ das Wort Ohm zu verwenden (Bsp.: $R=$ 2200Ohm).Testen Sie die Eingabe f&uuml;r den elektrischen Wirkwiderstand $R={R}$.<br/>\n	<br/>\n	$R=$ [Q3]&nbsp;<br/>\n	<br/>\n	&nbsp;</li>\n</ul>\n\n<h3>Zusammenfassung wichtiger Einheiten:<br/>\n&nbsp;</h3>\n\n<table align=\"left\" border=\"1\" cellpadding=\"1\" cellspacing=\"1\" style=\"height:356px; width:379px\">\n	<tbody>\n		<tr>\n			<td><strong>physikalische Gr&ouml;&szlig;e</strong></td>\n			<td><strong>physikalische Einheit</strong></td>\n			<td><strong>LeTTo</strong></td>\n		</tr>\n		<tr>\n			<td>elektrische Spannung</td>\n			<td>Volt</td>\n			<td>V</td>\n		</tr>\n		<tr>\n			<td>elektrischer Strom</td>\n			<td>Ampere</td>\n			<td>A</td>\n		</tr>\n		<tr>\n			<td>elektrischer Widerstand</td>\n			<td>Ohm</td>\n			<td>Ohm</td>\n		</tr>\n		<tr>\n			<td>magnetischer Fluss</td>\n			<td>Volt-Sekunde</td>\n			<td>Vs</td>\n		</tr>\n		<tr>\n			<td>&nbsp;</td>\n			<td>Weber</td>\n			<td>Wb</td>\n		</tr>\n		<tr>\n			<td>(Kreis-) Frequenz / Drehzahl</td>\n			<td>pro Sekunde</td>\n			<td>s-1</td>\n		</tr>\n		<tr>\n			<td>&nbsp;</td>\n			<td>pro Minute</td>\n			<td>min-1</td>\n		</tr>\n		<tr>\n			<td>&nbsp;</td>\n			<td>pro Minute</td>\n			<td>Upm</td>\n		</tr>\n		<tr>\n			<td>&nbsp;</td>\n			<td>Hertz</td>\n			<td>Hz</td>\n		</tr>\n		<tr>\n			<td>Scheinleistung</td>\n			<td>Volt-Ampere</td>\n			<td>VA</td>\n		</tr>\n		<tr>\n			<td>Blindleistung</td>\n			<td>Volt-Ampere</td>\n			<td>VA</td>\n		</tr>\n		<tr>\n			<td>Wirkleistung</td>\n			<td>Watt</td>\n			<td>W</td>\n		</tr>\n		<tr>\n			<td>Drehmoment</td>\n			<td>Newton-Meter</td>\n			<td>Nm</td>\n		</tr>\n	</tbody>\n</table>\n\n<p><br/>\n<br/>\n&nbsp;</p>\n\n<p>&nbsp;</p>\n\n<p>&nbsp;</p>\n\n<p><br/>\n<br/>\n&nbsp;</p>\n\n<h2>&nbsp;</h2>\n\n<h2>&nbsp;</h2>\n\n<h2>&nbsp;</h2>\n\n<h2>&nbsp;</h2>\n\n<h2>&nbsp;</h2>\n\n<p>&nbsp;</p>\n\n<h2>Normierte Gr&ouml;&szlig;en</h2>\n\n<p>Verwenden Sie bei der Eingabe von normierten Gr&ouml;&szlig;en mindestens drei Nachkommastellen.</p>\n\n<ul>\n	<li>Testen Sie die Eingabe der normierten elektrischen Spannung $u = {u}$<br/>\n	<br/>\n	$u=$ [Q4]&nbsp;</li>\n</ul>\n\n<p>&nbsp;</p>\n\n<h2>Eingabe analytischer L&ouml;sungen</h2>\n\n<p>LeTTo unterst&uuml;tzt analytische L&ouml;sungen. Machen Sie von der Ergebnisvorschau durch Doppelklick auf das Eingabefeld gebrauch.</p>\n\n<ul>\n	<li>Testen Sie die Eingabe f&uuml;r $R=\\frac{ U}{ I}$<br/>\n	<br/>\n	$R= $ [Q5]&nbsp;<br/>\n	&nbsp;</li>\n	<li>Testen Sie die Eingabe f&uuml;r $y(x)= \\frac{\\sin(x)}{ x}$<br/>\n	<br/>\n	$y(x) =$ [Q6]&nbsp;<br/>\n	&nbsp;</li>\n</ul>\n\n<h2>&nbsp;</h2>\n\n<p>&nbsp;</p>\n\n<h2>Hilfe zur Eingabe</h2>\n\n<p>Hilfe zur Eingabe finden Sie in der rechten oberen Ecke Ihres Browserfensters [IMG0]</p>',2428,0),(2437,'html','',2428,1),(2438,'html','',2428,2),(2439,'html','',2428,3),(2440,'html','',2428,4),(2441,'html','',2428,5),(2462,'html','<h1>Plot Plugin - interaktive Eingabe - direkte Auswertung - toarrow</h1>\n\n<ul>\n	<li>Geben sie einen Vektor mit Betrag 5 und einem Winkel von 45° ein</li>\n</ul>\n\n<p>[Q0]&nbsp;</p>',2460,0),(2463,'html','',2460,1),(2464,'html','',2460,2),(2465,'html','',2460,3),(2466,'html','',2460,4),(2467,'html','',2460,5),(2475,'html','<h1>Plot Plugin - interaktive Eingabe - direkte Auswertung - topoint</h1>\n\n<ul>\n	<li>Zeichnen Sie mit der Anfangstangente die Zeitbasis der Funktion ein!</li>\n</ul>\n\n<p>[Q0]&nbsp;</p>',2470,0),(2476,'html','',2470,1),(2477,'html','',2470,2),(2478,'html','',2470,3),(2479,'html','',2470,4),(2480,'html','',2470,5),(2486,'html','<h1>Plot Plugin - interaktive Eingabe - direkte Auswertung - point</h1>\n\n<ul>\n	<li>Geben Sie den Punkt {P}&nbsp;ein.</li>\n</ul>\n\n<p>[Q0]&nbsp;</p>\n\n<p>&nbsp;</p>',2483,0),(2487,'html','',2483,1),(2488,'html','',2483,2),(2489,'html','',2483,3),(2490,'html','',2483,4),(2491,'html','',2483,5),(2499,'html','<h1>Plot Plugin - interaktive Eingabe - direkte Auswertung - points</h1>\n\n<ul>\n	<li>Geben Sie die Punkte {P},{P1},{P2} ein:</li>\n</ul>\n\n<p>[Q0]&nbsp;</p>',2494,0),(2500,'html','',2494,1),(2501,'html','',2494,2),(2502,'html','',2494,3),(2503,'html','',2494,4),(2504,'html','',2494,5),(2511,'html','<h1>Plot Plugin - interaktive Eingabe - direkte Auswertung - measure</h1>\n\n<ul>\n	<li>Messen Sie den Punktabstand der beiden Punkte!</li>\n</ul>\n\n<p>[Q0]&nbsp;</p>',2507,0),(2512,'html','',2507,1),(2513,'html','',2507,2),(2514,'html','',2507,3),(2515,'html','',2507,4),(2516,'html','',2507,5),(2524,'html','<h1>Plot Plugin - interaktive Eingabe - direkte Auswertung - polygon</h1>\n\n<ul>\n	<li>Zeichnen Sie ein Dreieck mit den Koordinaten $A = {A}$ $B = {B}$ $C = {C}$</li>\n</ul>\n\n<p>[Q0]&nbsp;</p>',2519,0),(2525,'html','',2519,1),(2526,'html','',2519,2),(2527,'html','',2519,3),(2528,'html','',2519,4),(2529,'html','',2519,5),(2537,'html','<h1>Plot Plugin - interaktive Eingabe - direkte Auswertung - polygon</h1>\n\n<ul>\n	<li>Zeichnen Sie ein Rechteck mit den Eckpunkten&nbsp;$A = {A}$ $C&nbsp;= {=B}$ in horizontaler Lage.</li>\n</ul>\n\n<p>[Q0]&nbsp;</p>',2532,0),(2538,'html','',2532,1),(2539,'html','',2532,2),(2540,'html','',2532,3),(2541,'html','',2532,4),(2542,'html','',2532,5),(2547,'html','<h1>Plot Plugin - interaktive Eingabe - direkte Auswertung - line</h1>\n\n<ul>\n	<li>Zeichnen Sie die Gerade {=G}</li>\n</ul>\n\n<p>[Q0]&nbsp;</p>',2545,0),(2548,'html','',2545,1),(2549,'html','',2545,2),(2550,'html','',2545,3),(2551,'html','',2545,4),(2552,'html','',2545,5),(2557,'html','<h1>Plot Plugin - interaktive Eingabe - direkte Auswertung - lines</h1>\n\n<ul>\n	<li>Zeichnen Sie die Gerade {=G}</li>\n</ul>\n\n<p>[Q0]&nbsp;</p>',2555,0),(2558,'html','',2555,1),(2559,'html','',2555,2),(2560,'html','',2555,3),(2561,'html','',2555,4),(2562,'html','',2555,5),(2567,'html','<h1>Plot Plugin - interaktive Eingabe - direkte Auswertung - function</h1>\n\n<ul>\n	<li>Zeichnen Sie die Funktion {=G} mit mindestens 5&nbsp;Punkten.</li>\n</ul>\n\n<p>[Q0]&nbsp;</p>',2565,0),(2568,'html','',2565,1),(2569,'html','',2565,2),(2570,'html','',2565,3),(2571,'html','',2565,4),(2572,'html','',2565,5),(2577,'html','<h1>Plot Plugin - interaktive Eingabe - direkte Auswertung - points mit Funktion</h1>\n\n<ul>\n	<li>Zeichnen Sie die Funktion $y={=G}$ mit mindestens 5&nbsp;Punkten</li>\n</ul>\n\n<p>[Q0]&nbsp;</p>',2575,0),(2578,'html','',2575,1),(2579,'html','',2575,2),(2580,'html','',2575,3),(2581,'html','',2575,4),(2582,'html','',2575,5),(2589,'html','<h1>Plot Plugin - interaktive Eingabe - direkte Auswertung - hline</h1>\n\n<ul>\n	<li>Zeichnen Sie den Spitzenwert der Spannung ein.</li>\n</ul>\n\n<p>[Q0]&nbsp;</p>',2585,0),(2590,'html','',2585,1),(2591,'html','',2585,2),(2592,'html','',2585,3),(2593,'html','',2585,4),(2594,'html','',2585,5),(2601,'html','<h1>Plot Plugin - interaktive Eingabe - direkte Auswertung - vline</h1>\n\n<ul>\n	<li>Zeichnen Sie die erste Periodendauer $T$ der Schwingung ein!</li>\n</ul>\n\n<p>[Q0]&nbsp;</p>',2597,0),(2602,'html','',2597,1),(2603,'html','',2597,2),(2604,'html','',2597,3),(2605,'html','',2597,4),(2606,'html','',2597,5),(2612,'html','<h1>Plot Plugin - interaktive Eingabe - boolsche Auswertung - Vektoren</h1>\n\n<ul>\n	<li>Zeichnen Sie die Auflagerkr&auml;fte ein. Zeichnen Sie die Pfeilspitze der Kraft in den Lagerangriffspunkt! [Q1] [Q2]&nbsp;</li>\n</ul>\n\n<p>[Q0]</p>',2610,0),(2614,'html','',2610,1),(2615,'html','',2610,2),(2616,'html','',2610,3),(2617,'html','',2610,4),(2618,'html','',2610,5),(2630,'html','<h1>Plot Plugin - interaktive Eingabe - boolsche Auswertung - points</h1>\n\n<ul>\n	<li>Zeichnen Sie die Nullstellen der Funktion ein!</li>\n</ul>\n\n<p>[Q0]&nbsp;&nbsp;[Q1]&nbsp; [Q2] [Q3]&nbsp;&nbsp;[Q4]&nbsp;&nbsp;</p>',2625,0),(2631,'html','',2625,1),(2632,'html','',2625,2),(2633,'html','',2625,3),(2634,'html','',2625,4),(2635,'html','',2625,5),(2652,'html','<h1>Plot Plugin - interaktive Eingabe - boolsche Auswertung - toline</h1>\n\n<ul>\n	<li>Geben Sie eine Gerade mit einer Steigung von 2 ein</li>\n</ul>\n\n<p>[Q0]&nbsp;&nbsp;[Q1]</p>',2649,0),(2653,'html','',2649,1),(2654,'html','',2649,2),(2655,'html','',2649,3),(2656,'html','',2649,4),(2657,'html','',2649,5),(2668,'html','<h1>Plot Plugin - interaktive Eingabe - boolsche Auswertung - Funktion</h1>\n\n<ul>\n	<li>Zeichnen Sie die angegebene Funktion m&ouml;glichst gut nach.</li>\n</ul>\n\n<p>[Q0]&nbsp;&nbsp;&nbsp;[Q1]&nbsp;</p>\n\n<p>&nbsp;</p>',2662,0),(2669,'html','',2662,1),(2670,'html','',2662,2),(2671,'html','',2662,3),(2672,'html','',2662,4),(2673,'html','',2662,5),(2683,'html','<h1>Plot Plugin - interaktive Eingabe - boolsche Auswertung - Funktion</h1>\n\n<ul>\n	<li>Zeichnen Sie die angegebene Funktion m&ouml;glichst gut nach.</li>\n</ul>\n\n<p>[Q0]&nbsp;&nbsp;&nbsp;[Q1]&nbsp;</p>\n\n<p>&nbsp;</p>',2681,0),(2684,'html','',2681,1),(2685,'html','',2681,2),(2686,'html','',2681,3),(2687,'html','',2681,4),(2688,'html','',2681,5),(2698,'html','<h1>Plot Plugin - interaktive Eingabe - boolsche Auswertung - point</h1>\n\n<ul>\n	<li>Geben Sie einen beliebigen Punkt im 3. Quadranten ein</li>\n</ul>\n\n<p>[Q0]&nbsp;&nbsp;[Q1]&nbsp;</p>',2696,0),(2699,'html','',2696,1),(2700,'html','',2696,2),(2701,'html','',2696,3),(2702,'html','',2696,4),(2703,'html','',2696,5),(2709,'html','<h1>Plot-Plugin - interaktive Eingabe - point</h1>\n\n<ul>\n	<li>Geben Sie den Punkt {=P} an!</li>\n</ul>\n\n<p>[Q0] [Q1]</p>\n\n<ul>\n	<li>Geben Sie den Punkt {=P} an!</li>\n</ul>\n\n<p>[Q2]&nbsp;&nbsp;[Q3]&nbsp;</p>',2708,0),(2710,'html','',2708,1),(2711,'html','',2708,2),(2712,'html','',2708,3),(2713,'html','',2708,4),(2714,'html','',2708,5),(2724,'html','<h1>Plot-Plugin - interaktive Eingabe - points</h1>\n\n<ul>\n	<li>Markieren Sie die Eckpunkte des Dreiecks!</li>\n</ul>\n\n<p>[Q0] [Q1]</p>\n\n<ul>\n	<li>Markieren Sie die Eckpunkte des Dreiecks!</li>\n</ul>\n\n<p>[Q2]&nbsp;&nbsp;[Q3]</p>\n\n<p>&nbsp;</p>\n\n<p>&nbsp;</p>',2723,0),(2725,'html','',2723,1),(2726,'html','',2723,2),(2727,'html','',2723,3),(2728,'html','',2723,4),(2729,'html','',2723,5),(2739,'html','<h1>Plot-Plugin - interaktive Eingabe - measure</h1>\n\n<ul>\n	<li>Messen Sie den Abstand der Punkte!</li>\n</ul>\n\n<p>[Q0] [Q1]</p>\n\n<ul>\n	<li>Messen Sie den Abstand der Punkte!</li>\n</ul>\n\n<p>[Q2]&nbsp;&nbsp;[Q3]&nbsp;</p>',2738,0),(2740,'html','',2738,1),(2741,'html','',2738,2),(2742,'html','',2738,3),(2743,'html','',2738,4),(2744,'html','',2738,5),(2756,'html','<h1>Plot-Plugin - interaktive Eingabe - line</h1>\n\n<ul>\n	<li>Zeichnen Sie&nbsp;die Linie {=G}&nbsp;</li>\n</ul>\n\n<p>[Q0]</p>\n\n<ul>\n	<li>Zeichnen Sie&nbsp;die Linie {=G}&nbsp;</li>\n</ul>\n\n<p>[Q2]&nbsp;&nbsp;[Q3]&nbsp;</p>',2753,0),(2757,'html','',2753,1),(2758,'html','',2753,2),(2759,'html','',2753,3),(2760,'html','',2753,4),(2761,'html','',2753,5),(2771,'html','<h1>Plot-Plugin - interaktive Eingabe - lines</h1>\n\n<ul>\n	<li>Zeichnen Sie&nbsp;zwei parallel Geraden&nbsp;</li>\n</ul>\n\n<p>[Q0]&nbsp;[Q1]&nbsp;</p>',2768,0),(2772,'html','',2768,1),(2773,'html','',2768,2),(2774,'html','',2768,3),(2775,'html','',2768,4),(2776,'html','',2768,5),(2782,'html','<h1>Plot-Plugin - interaktive Eingabe - hline</h1>\n\n<ul>\n	<li>Geben Sie&nbsp;die y-Koordinate y=3 an!</li>\n</ul>\n\n<p>[Q0] [Q1]</p>\n\n<ul>\n	<li>Geben Sie&nbsp;die y-Koordinate y=4 an!</li>\n</ul>\n\n<p>[Q2]&nbsp;&nbsp;[Q3]&nbsp;</p>',2781,0),(2783,'html','',2781,1),(2784,'html','',2781,2),(2785,'html','',2781,3),(2786,'html','',2781,4),(2787,'html','',2781,5),(2797,'html','<h1>Plot-Plugin - interaktive Eingabe - vline</h1>\n\n<ul>\n	<li>Geben Sie&nbsp;die x-Koordinate x=3 an!</li>\n</ul>\n\n<p>[Q0] [Q1]</p>\n\n<ul>\n	<li>Geben Sie&nbsp;die x-Koordinate x=4 an!</li>\n</ul>\n\n<p>[Q2]&nbsp;&nbsp;[Q3]&nbsp;</p>',2796,0),(2798,'html','',2796,1),(2799,'html','',2796,2),(2800,'html','',2796,3),(2801,'html','',2796,4),(2802,'html','',2796,5),(2814,'html','<h1>Plot Plugin - stumme Karte</h1>\n\n<ul>\n	<li>Wo liegt der Inn?</li>\n</ul>\n\n<p>[Q0]&nbsp;</p>',2812,0),(2816,'html','',2812,1),(2817,'html','',2812,2),(2818,'html','',2812,3),(2819,'html','',2812,4),(2820,'html','',2812,5),(2825,'html','<h1>Plot Plugin - stumme Karte</h1>\n\n<ul>\n	<li>Markieren Sie die Lager der angegebenen Anordnung!</li>\n</ul>\n\n<p>[Q0]</p>\n\n<p>&nbsp;</p>',2823,0),(2827,'html','',2823,1),(2828,'html','',2823,2),(2829,'html','',2823,3),(2830,'html','',2823,4),(2831,'html','',2823,5),(2845,'html','<h1>Plot Plugin - stumme Karte dynamisch</h1>\n\n<ul>\n	<li>Markieren Sie den Tiefpunkt der Funktion $y(x)={=y}$</li>\n</ul>\n\n<p>[Q0]</p>',2834,0),(2846,'html','',2834,1),(2847,'html','',2834,2),(2848,'html','',2834,3),(2849,'html','',2834,4),(2850,'html','',2834,5),(2855,'html','<h1>M&ouml;gliche Cursor-Darstellungen im Plot-Plugin</h1>\n\n<table border=\"1\" cellpadding=\"1\" cellspacing=\"1\">\n	<tbody>\n		<tr>\n			<td>STANDARD:[PIG Plugin1/]</td>\n			<td>OFF: [PIG Plugin1 \"cursor=off\"/]</td>\n			<td>ON: [PIG Plugin1 \"cursor=on\"/]</td>\n		</tr>\n		<tr>\n			<td>NUMBERS: [PIG Plugin1 \"cursor=numbers\"/]</td>\n			<td>CNUM: [PIG Plugin1 \"cursor=cnum\"/]</td>\n			<td>CARG: [PIG Plugin1 \"cursor=carg\"/]</td>\n		</tr>\n		<tr>\n			<td>POINT: [PIG Plugin1 \"cursor=point\"/]</td>\n			<td>PNUM: [PIG Plugin1 \"cursor=pnum\"/]</td>\n			<td>PARG: [PIG Plugin1 \"cursor=parg\"/]</td>\n		</tr>\n		<tr>\n			<td>HLINE: [PIG Plugin1 \"cursor=hline\"/]</td>\n			<td>HNUM: [PIG Plugin1 \"cursor=hnum\"/]</td>\n			<td>PIXEL: [PIG Plugin1 \"cursor=pixel\"/]</td>\n		</tr>\n		<tr>\n			<td>VLINE: [PIG Plugin1 \"cursor=vline\"/]</td>\n			<td>VNUM: [PIG Plugin1 \"cursor=vnum\"/]</td>\n			<td>ALL: [PIG Plugin1 \"cursor=all\"/]</td>\n		</tr>\n		<tr>\n			<td>CREL: [PIG Plugin1 \"cursor=crel;input=points\"/]</td>\n			<td>&nbsp;</td>\n			<td>&nbsp;</td>\n		</tr>\n	</tbody>\n</table>\n\n<p>&nbsp;</p>',2853,0),(2856,'html','',2853,1),(2857,'html','',2853,2),(2858,'html','',2853,3),(2859,'html','',2853,4),(2860,'html','',2853,5),(2863,'html','<h1>Plot Plugin - Fl&auml;chenf&uuml;llung</h1>\n\n<p>[PIG Plugin1 \"w30h\"/]</p>\n\n<ul>\n	<li>Berechnen Sie die markierte Fl&auml;che $A$.<br/>\n	<br/>\n	$A=$ [Q0]&nbsp;</li>\n</ul>',2861,0),(2864,'html','',2861,1),(2865,'html','',2861,2),(2866,'html','',2861,3),(2867,'html','',2861,4),(2868,'html','',2861,5),(2875,'html','<h1>Plot Plugin - Bodediagramm interaktiv mit klassischer Auswertung</h1>\n\n<ul>\n	<li>Ermitteln Sie mittels der Tangentenmethode die beiden Zeitkonstanten der &Uuml;bertragungsfunktion!</li>\n</ul>\n\n<p>[PIG Plugin1 \"w50;input=lines\"/]</p>\n\n<p>Zeitkonstanten durch Beistrich getrennt eingeben: [Q0]&nbsp;</p>',2871,0),(2876,'html','',2871,1),(2877,'html','',2871,2),(2878,'html','',2871,3),(2879,'html','',2871,4),(2880,'html','',2871,5),(2892,'html','<h1>Plot Plugin - interaktive Eingabe - normale Auswertung</h1>\n\n<p>[PIG Plugin1 \"w50h;input=measure\"/]</p>\n\n<ul>\n	<li>Messen Sie den Absolutbetrag des Winkels AB/AC [Q0]<br/>\n	&nbsp;</li>\n	<li>Messe den Abstand BC [Q1]&nbsp;</li>\n</ul>\n\n<p>&nbsp;</p>\n\n<p>&nbsp;</p>',2884,0),(2893,'html','',2884,1),(2894,'html','',2884,2),(2895,'html','',2884,3),(2896,'html','',2884,4),(2897,'html','',2884,5),(2912,'html','<h1>Gemischte Br&uuml;che</h1>\n\n<p>siehe auch <a href=\"https://www.letto.at/mediawiki/index.php/Zahlendarstellung\" target=\"_blank\">Zahlendarstellung-Wiki</a></p>\n\n<ul>\n	<li>Schreiben Sie das Ergebnis als gemischte Zahl (zB.: 3 2/5)</li>\n</ul>\n\n<p>{=B1,frac}+{=B2,frac} = [Q0]&nbsp;</p>',2904,0),(2913,'html','',2904,1),(2914,'html','',2904,2),(2915,'html','',2904,3),(2916,'html','',2904,4),(2917,'html','',2904,5),(2922,'html','<h1>Termdarstellung ohne Malpunkt</h1>\n\n<p>siehe auch <a href=\"https://www.letto.at/mediawiki/index.php/Zahlendarstellung\" target=\"_blank\">Zahlendarstellung-Wiki</a></p>\n\n<p>Bei der vereinfachten Term-Darstellung werden alle Malpunkte zwischen Variablen und Zahlenwerten weggelassen.</p>\n\n<p>{=:f;term} = [Q0]&nbsp;</p>',2920,0),(2923,'html','',2920,1),(2924,'html','',2920,2),(2925,'html','',2920,3),(2926,'html','',2920,4),(2927,'html','',2920,5),(2932,'html','<h1>Nachkommastellen</h1>\n\n<p>siehe auch <a href=\"https://www.letto.at/mediawiki/index.php/Zahlendarstellung\" target=\"_blank\">Zahlendarstellung-Wiki</a></p>\n\n<table border=\"1\" cellpadding=\"1\" cellspacing=\"1\" style=\"width:500px\">\n	<tbody>\n		<tr>\n			<td>normale Darstellung</td>\n			<td>&nbsp;</td>\n			<td>{=x}</td>\n			<td>{=y}</td>\n		</tr>\n		<tr>\n			<td>Zahl mit maximal 4 f&uuml;hrenden Ziffern</td>\n			<td>;4</td>\n			<td>{=x;4}</td>\n			<td>{=y;4}</td>\n		</tr>\n		<tr>\n			<td>Gleitkommazahl mit maximal 4 f&uuml;hrenden Ziffern</td>\n			<td>;f4</td>\n			<td>{=x;f4}</td>\n			<td>{=y;f4}</td>\n		</tr>\n		<tr>\n			<td>Gleitkommazahl mit genau 4 f&uuml;hrenden Ziffern</td>\n			<td>;F4</td>\n			<td>{=x;F4}</td>\n			<td>{=y;F4}</td>\n		</tr>\n		<tr>\n			<td>Kommazahl mit maximal 4 f&uuml;hrenden Ziffern</td>\n			<td>;r4</td>\n			<td>{=x;r4}</td>\n			<td>{=y;r4}</td>\n		</tr>\n		<tr>\n			<td>Kommazahl mit genau 4 f&uuml;hrenden Ziffern</td>\n			<td>;R4</td>\n			<td>{=x;R4}</td>\n			<td>{=y;R4}</td>\n		</tr>\n		<tr>\n			<td>Kommazahl mit maximal 5 Nachkommastellen</td>\n			<td>;a5</td>\n			<td>{=x;a5}</td>\n			<td>{=y;a5}</td>\n		</tr>\n		<tr>\n			<td>Kommazahl mit genau 5 Nachkommastellen</td>\n			<td>;A5</td>\n			<td>{=x;A5}</td>\n			<td>{=y;A5}</td>\n		</tr>\n		<tr>\n			<td>Exponentialschreibweise mit maximal 5 Nachkommastellen</td>\n			<td>;e5</td>\n			<td>{=x;e5}</td>\n			<td>{=y;e5}</td>\n		</tr>\n		<tr>\n			<td>Exponentialschreibweise mit genau 5 Nachkommastellen</td>\n			<td>;E5</td>\n			<td>{=x;E5}</td>\n			<td>{=y;E5}</td>\n		</tr>\n	</tbody>\n</table>',2930,0),(2933,'html','',2930,1),(2934,'html','',2930,2),(2935,'html','',2930,3),(2936,'html','',2930,4),(2937,'html','',2930,5),(2942,'html','<h1>Vektoren</h1>\n\n<p>siehe auch <a href=\"https://www.letto.at/mediawiki/index.php/Zahlendarstellung\" target=\"_blank\">Zahlendarstellung-Wiki</a></p>\n\n<p>Intern verwendet LeTTo f&uuml;r Mengen, Listen und Vektoren den gleichen Datentyp. Es ist deshalb m&ouml;glich, Mengen als Vektoren und umgekehrt darzustellen.</p>\n\n<p>normal: {=v}</p>\n\n<div>set: {=v;set}</div>\n\n<p>line: {=v;line}</p>\n\n<p>input: {=v;input}</p>\n\n<p>list: {=v;list}<br/>\n&nbsp;</p>\n\n<h1>Matrizen</h1>\n\n<p>normal: {=M}</p>\n\n<p>set: {=M;set}</p>\n\n<p>line: {=M;line}</p>\n\n<p>input: {=M;input}</p>',2940,0),(2943,'html','',2940,1),(2944,'html','',2940,2),(2945,'html','',2940,3),(2946,'html','',2940,4),(2947,'html','',2940,5),(2955,'html','<h1>Komplexe Zahlen</h1>\n\n<p>siehe auch <a href=\"https://www.letto.at/mediawiki/index.php/ZielEinheit\" target=\"_blank\">Zieleinheit-komplexe Zahlen-Wiki</a></p>\n\n<table border=\"1\" cellpadding=\"1\" cellspacing=\"1\" style=\"width:500px\">\n	<tbody>\n		<tr>\n			<td>pol</td>\n			<td>{a;pol}</td>\n			<td>{b;pol}</td>\n			<td>{c;pol}</td>\n			<td>{d;pol}</td>\n			<td>{e;pol}</td>\n		</tr>\n		<tr>\n			<td>poli</td>\n			<td>{a;poli}</td>\n			<td>{b;poli}</td>\n			<td>{c;poli}</td>\n			<td>{d;poli}</td>\n			<td>{e;poli}</td>\n		</tr>\n		<tr>\n			<td>polj</td>\n			<td>{a;polj}</td>\n			<td>{b;polj}</td>\n			<td>{c;polj}</td>\n			<td>{d;polj}</td>\n			<td>{e;polj}</td>\n		</tr>\n		<tr>\n			<td>polrad</td>\n			<td>{a;polrad}</td>\n			<td>{b;polrad}</td>\n			<td>{c;polrad}</td>\n			<td>{d;polrad}</td>\n			<td>{e;polrad}</td>\n		</tr>\n		<tr>\n			<td>poldeg</td>\n			<td>{a;polgrad}</td>\n			<td>{b;polgrad}</td>\n			<td>{c;polgrad}</td>\n			<td>{d;polgrad}</td>\n			<td>{e;polgrad}</td>\n		</tr>\n		<tr>\n			<td>kart</td>\n			<td>{a;kart}</td>\n			<td>{b;kart}</td>\n			<td>{c;kart}</td>\n			<td>{d;kart}</td>\n			<td>{e;kart}</td>\n		</tr>\n		<tr>\n			<td>karti</td>\n			<td>{a;karti}</td>\n			<td>{b;karti}</td>\n			<td>{c;karti}</td>\n			<td>{d;karti}</td>\n			<td>{e;karti}</td>\n		</tr>\n		<tr>\n			<td>kartj</td>\n			<td>{a;kartj}</td>\n			<td>{b;kartj}</td>\n			<td>{c;kartj}</td>\n			<td>{d;kartj}</td>\n			<td>{e;kartj}</td>\n		</tr>\n	</tbody>\n</table>\n\n<p>&nbsp;</p>',2948,0),(2956,'html','',2948,1),(2957,'html','',2948,2),(2958,'html','',2948,3),(2959,'html','',2948,4),(2960,'html','',2948,5),(2963,'html','<h1>Polynome</h1>\n\n<p>siehe dazu <a href=\"https://www.letto.at/mediawiki/index.php/Zahlendarstellung#f.C3.BCr_Polynome_und_gebrochen_rationale_Funktionen_mit_numerischen_Koeffizienten_in_einer_Variablen_k.C3.B6nnen_folgende_Parameter_angegeben_werden\" target=\"_blank\">Polynome-Darstellung-Wiki</a></p>\n\n<p>M&ouml;gliche Darstellungen f&uuml;r das Polynom {=:p1}</p>\n\n<ul>\n	<li>Mit Pol- und Nullstellen:</li>\n</ul>\n\n<table border=\"1\" cellpadding=\"1\" cellspacing=\"1\" style=\"width:500px\">\n	<tbody>\n		<tr>\n			<td>pnPN1</td>\n			<td>{=p;pnPN1}&nbsp;</td>\n			<td>pnPN</td>\n			<td>{=p;pnPN}&nbsp;</td>\n		</tr>\n	</tbody>\n</table>\n\n<ul>\n	<li>Mit positiven Potenzen:</li>\n</ul>\n\n<table border=\"1\" cellpadding=\"1\" cellspacing=\"1\" style=\"width:500px\">\n	<tbody>\n		<tr>\n			<td>pnF1</td>\n			<td>{=p;pnF1}</td>\n			<td>pnFn</td>\n			<td>{=p;pnFn}</td>\n		</tr>\n		<tr>\n			<td>pnF1F</td>\n			<td>{=p;pnF1F}</td>\n			<td>pnFnF</td>\n			<td>{=p;pnFnF}</td>\n		</tr>\n		<tr>\n			<td>pnN1</td>\n			<td>{=p;pnN1}</td>\n			<td>pnNn</td>\n			<td>{=p;pnNn}</td>\n		</tr>\n		<tr>\n			<td>pnN1F</td>\n			<td>{=p;pnN1F}</td>\n			<td>pnNnF</td>\n			<td>{=p;pnNnF}</td>\n		</tr>\n		<tr>\n			<td>pnZ1</td>\n			<td>{=p;pnZ1}</td>\n			<td>pnZn</td>\n			<td>{=p;pnZn}</td>\n		</tr>\n		<tr>\n			<td>pnZ1F</td>\n			<td>{=p;pnZ1F}</td>\n			<td>pnZnF</td>\n			<td>{=p;pnZnF}</td>\n		</tr>\n	</tbody>\n</table>\n\n<ul>\n	<li>Mit negativen Potenzen:</li>\n</ul>\n\n<table border=\"1\" cellpadding=\"1\" cellspacing=\"1\" style=\"width:500px\">\n	<tbody>\n		<tr>\n			<td>pnF1i</td>\n			<td>{=p;pnF1i}</td>\n			<td>pnFni</td>\n			<td>{=p;pnFni}</td>\n		</tr>\n		<tr>\n			<td>pnF1Fi</td>\n			<td>{=p;pnF1Fi}</td>\n			<td>pnFnFi</td>\n			<td>{=p;pnFnFi}</td>\n		</tr>\n		<tr>\n			<td>pnN1i</td>\n			<td>{=p;pnN1i}</td>\n			<td>pnNni</td>\n			<td>{=p;pnNni}</td>\n		</tr>\n		<tr>\n			<td>pnN1Fi</td>\n			<td>{=p;pnN1Fi}</td>\n			<td>pnNnFi</td>\n			<td>{=p;pnNnFi}</td>\n		</tr>\n		<tr>\n			<td>pnZ1i</td>\n			<td>{=p;pnZ1i}</td>\n			<td>pnZni</td>\n			<td>{=p;pnZni}</td>\n		</tr>\n		<tr>\n			<td>pnZ1Fi</td>\n			<td>{=p;pnZ1Fi}</td>\n			<td>pnZnFi</td>\n			<td>{=p;pnZnFi}</td>\n		</tr>\n	</tbody>\n</table>',2961,0),(2964,'html','',2961,1),(2965,'html','',2961,2),(2966,'html','',2961,3),(2967,'html','',2961,4),(2968,'html','',2961,5),(2971,'html','<p>[PIG Plugin1 \"w40h\"/]</p>\n\n<p>Punktemenge: {=M}</p>\n\n<p>Punkte: {=vget(M,0)} {=vget(M,1)} {=vget(M,2)} {=vget(M,3)}</p>\n\n<p>Punkteanzahl: {=pvpoints(M)}</p>\n\n<p>Gerade1:</p>\n\n<table border=\"1\" cellpadding=\"1\" cellspacing=\"1\" style=\"width:500px\">\n	<tbody>\n		<tr>\n			<td>Gerade1</td>\n			<td>{=pvline(M,0)}</td>\n			<td>k={=pvlinek(M,0)} d={=pvlined(M,0)}</td>\n		</tr>\n		<tr>\n			<td>Gerade2</td>\n			<td>{=pvline(M,1)}</td>\n			<td>k={=pvlinek(M,1)} d={=pvlined(M,1)}</td>\n		</tr>\n	</tbody>\n</table>\n\n<p>L&auml;nge P0-P1 : {=pvlineabs(M,0)} Winkel: {=pvlinearg(M,0);=°}</p>\n\n<p>L&auml;nge P2-P3 : {=pvlineabs(M,1)} Winkel: {=pvlinearg(M,1);=°}</p>\n\n<p>Vektor aus P0-P1&nbsp; {=pvvect(M,0)}</p>\n\n<p>Vektor aus P2-P3&nbsp; {=pvvect(M,1)}</p>\n\n<p>Summe aller Betr&auml;ge der Strecken: {=pvforeachline(M,p,pvlineabs(p),\"+\")}</p>\n\n<p>Alle L&auml;ngen: {=pvlineabs(M);input}</p>\n\n<p>Alle Winkel: {=pvlinearg(M);input,°}</p>\n\n<p>Steigungen: {=pvlinek(M);input}</p>\n\n<p>d: {=pvlined(M);input}</p>\n\n<p>Geraden: {=pvline(M);input}</p>',2970,0),(2972,'html','',2970,1),(2973,'html','',2970,2),(2974,'html','',2970,3),(2975,'html','',2970,4),(2976,'html','',2970,5),(2978,'html','<p>[PIG Plugin1 \"w40h\"/]</p>\n\n<p>Punktemenge: {=M}</p>\n\n<p>2.Punkt {=get(M,1)}</p>\n\n<p>X-Koordinaten: {=pvgetx(M);line} 2.Punkt {=pvgetx(M,1)}</p>\n\n<p>Y-Koordinaten: {=pvgety(M);line} 2.Punkt {=pvgety(M,1)}</p>\n\n<p>Betr&auml;ge: {=pvabs(M);line} 2.Punkt {=pvabs(M,1)}</p>\n\n<p>Winkel:&nbsp;&nbsp; {=pvarg(M);line} 2.Punkt {=pvarg(M,1)}</p>',2977,0),(2979,'html','',2977,1),(2980,'html','',2977,2),(2981,'html','',2977,3),(2982,'html','',2977,4),(2983,'html','',2977,5),(2985,'html','<p>[PIG Plugin1 \"w40h\"/]</p>\n\n<p>Punktemenge: {=M;input}</p>\n\n<p>Sortiert nach x: {=pvsortx(M);input}</p>\n\n<p>Sortiert nach y: {=pvsorty(M);input}</p>\n\n<p>Sortiert nach Betrag: {=pvsortabs(M);input}</p>\n\n<p>Sortiert nach Winkel: {=pvsortarg(M);input}</p>\n\n<p>Sortiere nach Linien:</p>\n\n<p>Sortiert nach x: {=pvsortlinex(M);input}</p>\n\n<p>Sortiert nach y: {=pvsortliney(M);input}</p>\n\n<p>Sortiert nach Betrag: {=pvsortlineabs(M);input}</p>\n\n<p>Sortiert nach Winkel: {=pvsortlinearg(M);input}</p>',2984,0),(2986,'html','',2984,1),(2987,'html','',2984,2),(2988,'html','',2984,3),(2989,'html','',2984,4),(2990,'html','',2984,5),(2992,'html','<p>[PIG Plugin1 \"w40h\"/]</p>\n\n<p>M={=M;input}</p>\n\n<p>N={=N;input}</p>\n\n<p>M=N : {=pvequals(M,N,2%)}</p>\n\n<p>M=N Liniensortiert : {=pvequals(pvsortlinex(M),pvsortlinex(N),2%)}</p>',2991,0),(2993,'html','',2991,1),(2994,'html','',2991,2),(2995,'html','',2991,3),(2996,'html','',2991,4),(2997,'html','',2991,5),(3001,'html','<h1>Mengen Funktionen</h1>\n\n<p>siehe auch <a href=\"https://www.letto.at/mediawiki/index.php/Berechnungen#Mengen-Funktionen\">Berechnungen-Mengen Funktionen-Wiki</a></p>\n\n<ul>\n	<li>Ausgangsmenge:<br/>\n	$M={=M;set}$<br/>\n	&nbsp;\n	<ul>\n		<li>Mengen-Funktionen:\n		<table border=\"1\" cellpadding=\"1\" cellspacing=\"1\" style=\"width:99%\">\n			<tbody>\n				<tr>\n					<td>setget</td>\n					<td>Liefert ein Element mit einem zero-based Index</td>\n					<td>setget(M,2)</td>\n					<td>{=setget(M,2)}</td>\n				</tr>\n				<tr>\n					<td>setgetmin</td>\n					<td>kleinstes Element</td>\n					<td>setgetmin(M)</td>\n					<td>{=setgetmin(M)}</td>\n				</tr>\n				<tr>\n					<td>setgetmax</td>\n					<td>gr&ouml;&szlig;tes Element</td>\n					<td>setgetmax(M)</td>\n					<td>{=setgetmax(M)}</td>\n				</tr>\n				<tr>\n					<td>setgetfirst</td>\n					<td>erstes Element</td>\n					<td>setgetfirst(M)</td>\n					<td>{=setgetfirst(M)}</td>\n				</tr>\n				<tr>\n					<td>setgetlast</td>\n					<td>letztes Element</td>\n					<td>setgetlast(M)</td>\n					<td>{=setgetlast(M)}</td>\n				</tr>\n				<tr>\n					<td>setsub</td>\n					<td>Teilmenge von Index bis Index</td>\n					<td>setsub(M,2,4)</td>\n					<td>{=setsub(M,2,4);set}</td>\n				</tr>\n				<tr>\n					<td>setset</td>\n					<td>setzt ein Element</td>\n					<td>setset(M,2,15)</td>\n					<td>{=setset(M,2,15);set}</td>\n				</tr>\n				<tr>\n					<td>setlength</td>\n					<td>liefert die Anzahl der Elemente</td>\n					<td>setlength(M)</td>\n					<td>{=setlength(M)}</td>\n				</tr>\n				<tr>\n					<td>setinsert</td>\n					<td>F&uuml;gt ein Element ein</td>\n					<td>setinsert(M,2,15)</td>\n					<td>{=setinsert(M,2,15);set}</td>\n				</tr>\n				<tr>\n					<td>setremove</td>\n					<td>l&ouml;scht ein Element</td>\n					<td>setremove(M,2)</td>\n					<td>{=setremove(M,2);set}</td>\n				</tr>\n				<tr>\n					<td>setremovefirst</td>\n					<td>l&ouml;scht das erste Element</td>\n					<td>setget(M,2)</td>\n					<td>{=setget(M,2)}</td>\n				</tr>\n				<tr>\n					<td>setremovelast</td>\n					<td>l&ouml;scht das letzte Element</td>\n					<td>setget(M,2)</td>\n					<td>{=setget(M,2)}</td>\n				</tr>\n				<tr>\n					<td>setnd</td>\n					<td>l&ouml;scht alle doppelten Elemente</td>\n					<td>setnd(M)</td>\n					<td>{=setnd(M);set}</td>\n				</tr>\n				<tr>\n					<td>setsort</td>\n					<td>sortiert die Menge</td>\n					<td>setsort(M)</td>\n					<td>{=setsort(M);set}</td>\n				</tr>\n				<tr>\n					<td>setsortnd</td>\n					<td>entfernt doppelte und sortiert die Menge</td>\n					<td>setsortnd(M)</td>\n					<td>{=setsortnd(M);set}</td>\n				</tr>\n				<tr>\n					<td>setreverse</td>\n					<td>dreht die Element-Reihenfolge um</td>\n					<td>setreverse(M)</td>\n					<td>{=setreverse(M);set}</td>\n				</tr>\n				<tr>\n					<td>setboxplot</td>\n					<td>Liefert die Werte des Boxplot einer Menge (Minimum, unteres Quartil, Median, oberes Quartil, Maximum) als Vektor</td>\n					<td>setboxplot(M)</td>\n					<td>{=setboxplot(M);set}</td>\n				</tr>\n				<tr>\n					<td>setcount</td>\n					<td>Bestimmt die Anzahl wie oft ein Element in einer Menge vorkommt.</td>\n					<td>setcount(M,5)</td>\n					<td>{=setcount(M,5)}</td>\n				</tr>\n				<tr>\n					<td>setmodus</td>\n					<td>Liefert das Element einer Menge, welches am &ouml;ftesten vorkommt oder die Elemente als Menge wenn mehrere Elemente gleich oft vorkommen</td>\n					<td>setmodus(M)</td>\n					<td>{=setmodus(M);set}</td>\n				</tr>\n				<tr>\n					<td>setmedian</td>\n					<td>Liefert den Median einer Menge</td>\n					<td>setmedian(M)</td>\n					<td>{=setmedian(M)}</td>\n				</tr>\n				<tr>\n					<td>setmittel</td>\n					<td>\n					<p>Bestimmt den arithmetischen Mittelwert einer Menge</p>\n\n					<p>$\\dfrac{1}{n}\\cdot\\sum_{i=1}^n{M_i}$</p>\n					</td>\n					<td>setmittel(M)</td>\n					<td>{=setmittel(M)}</td>\n				</tr>\n				<tr>\n					<td>setgeomittel</td>\n					<td>\n					<p>Bestimmt das geometrische Mittelwert einer Menge aus positiven reellen Zahlen</p>\n\n					<p>$\\sqrt[n]{\\prod_{i=1}^n{M_i}}$</p>\n					</td>\n					<td>setgeomittel([1,3,5])</td>\n					<td>{=setgeomittel([1,3,5])}</td>\n				</tr>\n				<tr>\n					<td>setquadratmittel</td>\n					<td>\n					<p>Bestimmt den quadratischen Mittelwert einer Menge</p>\n\n					<p>$\\sqrt{\\dfrac{1}{n}\\cdot\\sum_{i=1}^n{M_i^2}}$</p>\n					</td>\n					<td>setquadratmittel(M)</td>\n					<td>{=setquadratmittel(M)}</td>\n				</tr>\n				<tr>\n					<td>setvarianz</td>\n					<td>\n					<p>Bestimmt die empirische Varianz einer Menge</p>\n\n					<p>mit $MW=\\dfrac{1}{n}\\cdot\\sum_{i=1}^n{M_i}$</p>\n\n					<p>$\\dfrac{1}{n}\\cdot\\sum_{i=1}^n{(M_i-MW)^2}$</p>\n					</td>\n					<td>setvarianz(M)</td>\n					<td>{=setvarianz(M)}</td>\n				</tr>\n				<tr>\n					<td>setsum</td>\n					<td>\n					<p>Bestimmt die Summe aller Werte einer Menge</p>\n\n					<p>$\\sum_{i=1}^n{M_i}$</p>\n					</td>\n					<td>setsum(M)</td>\n					<td>{=setsum(M)}</td>\n				</tr>\n				<tr>\n					<td>setprod</td>\n					<td>\n					<p>Bestimmt das Produkt aller Werte einer Menge</p>\n\n					<p>$\\prod_{i=1}^n{M_i}$</p>\n					</td>\n					<td>setprod(M)</td>\n					<td>{=setprod(M)}</td>\n				</tr>\n				<tr>\n					<td>setunion</td>\n					<td>F&uuml;gt mehrere Mengen zu einer neuen Menge zusammen</td>\n					<td>setunion(M,[13,5,16,19])</td>\n					<td>{=setunion(M,[13,5,16,19]);set}</td>\n				</tr>\n				<tr>\n					<td>setunionnd</td>\n					<td>F&uuml;gt mehrere Mengen zu einer neuen Menge zusammen, sortiert diese und entfernt alle mehrfachen Elemente</td>\n					<td>setunionnd(M,[13,5,16,19])</td>\n					<td>{=setunionnd(M,[13,5,16,19]);set}</td>\n				</tr>\n				<tr>\n					<td>setcut</td>\n					<td>Bildet die Schnittmenge aus mehreren Mengen</td>\n					<td>setcut(M,[13,5,16,19])</td>\n					<td>{=setcut(M,[13,5,16,19]);set}</td>\n				</tr>\n				<tr>\n					<td>setcompare</td>\n					<td>vergleicht zwei Mengen miteinander, wobei die Reihenfolge egal ist</td>\n					<td>setcompare([1,2,3],[2,1,3])</td>\n					<td>{=setcompare([1,2,3],[2,1,3])}</td>\n				</tr>\n				<tr>\n					<td>setcomparend</td>\n					<td>vergleicht zwei Mengen miteinander, wobei die Reihenfolge egal ist und doppelte Werte als einfach behandelt werden</td>\n					<td>setcomparend([1,2,3,2],[2,3,1,3])</td>\n					<td>{=setcomparend([1,2,3,2],[2,3,1,3])}</td>\n				</tr>\n				<tr>\n					<td>setpartof</td>\n					<td>pr&uuml;ft ob die erste Menge eine Teilmenge der zweite Menge ist wobei die Reihenfolge egal ist aber mehrfache Werte ber&uuml;cksichtigt werden</td>\n					<td>&nbsp;</td>\n					<td>&nbsp;</td>\n				</tr>\n				<tr>\n					<td>setpartofnd</td>\n					<td>pr&uuml;ft ob die erste Menge eine Teilmenge der zweite Menge ist wobei die Reihenfolge und mehrfache Werte egal sind</td>\n					<td>&nbsp;</td>\n					<td>&nbsp;</td>\n				</tr>\n				<tr>\n					<td>setmakelist</td>\n					<td>setmakelist(f,x,start,stop) setzt in den Ausdruck f f&uuml;r x die Werte von start bis stop mit einer Schrittweite von 1 ein.</td>\n					<td>setmakelist(x^2,x,3,6)</td>\n					<td>{=setmakelist(x^2,x,3,6);set}</td>\n				</tr>\n				<tr>\n					<td>setapply(Variable,Menge,Ausdruck)</td>\n					<td>wendet einen Ausdruck oder Funktion auf alle Elemente einer Menge an.</td>\n					<td>setapply(y,M,y*2)</td>\n					<td>{=setapply(y,M,y*2);set}</td>\n				</tr>\n				<tr>\n					<td>setforeach(Menge,Variable,Ausdruck,\"Aggregat\")</td>\n					<td>F&uuml;hrt f&uuml;r jedes Element eine Berechnung aus und verbindet die Ergebnisse mit einem Infix-Operator als Aggregatsfunktion.</td>\n					<td>foreach(M,p,cabs(p),\"+\")</td>\n					<td>{=foreach(M,p,cabs(p),\"+\")}</td>\n				</tr>\n				<tr>\n					<td>setforeach(Menge,Variable,Ausdruck)</td>\n					<td>wie setapply, jedoch mit anderer Parameterreihenfolge.</td>\n					<td>foreach(M,y,y*2)</td>\n					<td>{=foreach(M,y,y*2);set}</td>\n				</tr>\n			</tbody>\n		</table>\n		</li>\n	</ul>\n	</li>\n</ul>',2999,0),(3002,'html','',2999,1),(3003,'html','',2999,2),(3004,'html','',2999,3),(3005,'html','',2999,4),(3006,'html','',2999,5),(3009,'html','<h1>setshuffle</h1>\n\n<p>Mit <em>setshuffle </em>k&ouml;nnen Mengen mittels eines ganzzahligen Datensatzes umsortiert (gemischt) werden wobei das Ergebnis direkt von der Ausgangsmenge und dem Mischfaktor abh&auml;ngt und somit reproduzierbar bleibt!</p>\n\n<p>siehe auch <a href=\"https://www.letto.at/mediawiki/index.php/Berechnungen#Mengen-Funktionen\" target=\"_blank\">Berechnungen-Mengen Funktionen-Wiki</a></p>\n\n<ul>\n	<li>Ausgangsmenge:<br/>\n	$M={=M;input}$<br/>\n	&nbsp;</li>\n	<li>Umsortiert mit setshuffle:</li>\n</ul>\n\n<table border=\"1\" cellpadding=\"1\" cellspacing=\"1\" style=\"width:500px\">\n	<tbody>\n		<tr>\n			<td>setshuffle(M,0)</td>\n			<td>{=setshuffle(M,0);input}</td>\n		</tr>\n		<tr>\n			<td>setshuffle(M,1)</td>\n			<td>{=setshuffle(M,1);input}</td>\n		</tr>\n		<tr>\n			<td>setshuffle(M,2)</td>\n			<td>{=setshuffle(M,2);input}</td>\n		</tr>\n		<tr>\n			<td>setshuffle(M,3)</td>\n			<td>{=setshuffle(M,3);input}</td>\n		</tr>\n		<tr>\n			<td>setshuffle(M,4)</td>\n			<td>{=setshuffle(M,4);input}</td>\n		</tr>\n		<tr>\n			<td>setshuffle(M,5)</td>\n			<td>{=setshuffle(M,5);input}</td>\n		</tr>\n		<tr>\n			<td>setshuffle(M,6)</td>\n			<td>{=setshuffle(M,6);input}</td>\n		</tr>\n		<tr>\n			<td>setshuffle(M,7)</td>\n			<td>{=setshuffle(M,7);input}</td>\n		</tr>\n		<tr>\n			<td>setshuffle(M,8)</td>\n			<td>{=setshuffle(M,8);input}</td>\n		</tr>\n		<tr>\n			<td>setshuffle(M,9)</td>\n			<td>{=setshuffle(M,9);input}</td>\n		</tr>\n		<tr>\n			<td>setshuffle(M,10)</td>\n			<td>{=setshuffle(M,10);input}</td>\n		</tr>\n		<tr>\n			<td>setshuffle(M,11)</td>\n			<td>{=setshuffle(M,11);input}</td>\n		</tr>\n		<tr>\n			<td>setshuffle(M,12)</td>\n			<td>{=setshuffle(M,12);input}</td>\n		</tr>\n		<tr>\n			<td>setshuffle(M,13)</td>\n			<td>{=setshuffle(M,13);input}</td>\n		</tr>\n	</tbody>\n</table>\n\n<p>&nbsp;</p>',3007,0),(3010,'html','',3007,1),(3011,'html','',3007,2),(3012,'html','',3007,3),(3013,'html','',3007,4),(3014,'html','',3007,5),(3020,'html','<p>Berechne den Widerstand $R$, welcher an einer Spannung $U = {U}$ einen Strom von $I = {I}$ hervorruft.</p>\n\n<p>$R=$ [Q0]</p>\n\n<ul>\n	<li>Welchem Leitwert entspricht das? [Q1]&nbsp;</li>\n</ul>\n\n<p>Anmerkung 1:</p>\n\n<ul>\n	<li>Durch das Hakerl bei \"Vorberechnung\" werden die Datens&auml;tze vor der Maxima-Berechnung in Maxima eingesetzt und verlieren dadurch ihre Einheit. Als Zahlenwert wird der Zahlenwert bezogen auf die SI-Grundeinheiten verwendet. zB. wird statt 10mV der Wert 0.01 in Maxima verwendet.</li>\n	<li>Durch den Kommentar \"//unit(R*)=Ohm\" werden alle Maxima-Variable, welche mit R beginnen automatisch mit der Einheit Ohm erg&auml;nzt. Dies ist auch im Fragetext verwendbar.<br/>\n	(zB.: R={=R} )</li>\n	<li>Nat&uuml;rlich kann wie in Q1 auch &uuml;ber die Zieleinheit \"S\" die Einheit zugewiesen werden. Dies ist dann aber im Fragetext nicht verf&uuml;gbar .<br/>\n	(zB.: G={=G} nur l&ouml;sbar durch G={=G;S} )</li>\n</ul>\n\n<p>Anmerkung 2:</p>\n\n<ul>\n	<li>Verwendet man \"Vorberechnung\" und \"Parser\" so werden alle Einheiten korrekt berechnet, aber es wird das Maxima-Feld nur mit dem Parser gerechnet.&nbsp; Somit stehen nur die Funktionen zur Verf&uuml;gung, welche der Parser unterst&uuml;tzt. F&uuml;r technische Berechnungen wird das meist die bessere Wahl sein, f&uuml;r symbolische Mathematik wird eher Maxima empfohlen.</li>\n</ul>',3016,0),(3021,'html','',3016,1),(3022,'html','',3016,2),(3023,'html','',3016,3),(3024,'html','',3016,4),(3025,'html','',3016,5),(3032,'html','<h1>Polynome</h1>\n\n<p>siehe dazu <a href=\"https://www.letto.at/mediawiki/index.php/Zahlendarstellung#f.C3.BCr_Polynome_und_gebrochen_rationale_Funktionen_mit_numerischen_Koeffizienten_in_einer_Variablen_k.C3.B6nnen_folgende_Parameter_angegeben_werden\" target=\"_blank\">Polynome-Darstellung-Wiki</a></p>\n\n<p>M&ouml;gliche Darstellungen f&uuml;r das Polynom {=:p1}</p>\n\n<ul>\n	<li>Mit Pol- und Nullstellen:</li>\n</ul>\n\n<table border=\"1\" cellpadding=\"1\" cellspacing=\"1\" style=\"width:500px\">\n	<tbody>\n		<tr>\n			<td>pnPN1</td>\n			<td>{=p;pnPN1}&nbsp;</td>\n			<td>pnPN</td>\n			<td>{=p;pnPN}&nbsp;</td>\n		</tr>\n	</tbody>\n</table>\n\n<ul>\n	<li>Mit positiven Potenzen:</li>\n</ul>\n\n<table border=\"1\" cellpadding=\"1\" cellspacing=\"1\" style=\"width:500px\">\n	<tbody>\n		<tr>\n			<td>pnF1</td>\n			<td>{=p;pnF1}</td>\n			<td>pnFn</td>\n			<td>{=p;pnFn}</td>\n		</tr>\n		<tr>\n			<td>pnF1F</td>\n			<td>{=p;pnF1F}</td>\n			<td>pnFnF</td>\n			<td>{=p;pnFnF}</td>\n		</tr>\n		<tr>\n			<td>pnN1</td>\n			<td>{=p;pnN1}</td>\n			<td>pnNn</td>\n			<td>{=p;pnNn}</td>\n		</tr>\n		<tr>\n			<td>pnN1F</td>\n			<td>{=p;pnN1F}</td>\n			<td>pnNnF</td>\n			<td>{=p;pnNnF}</td>\n		</tr>\n		<tr>\n			<td>pnZ1</td>\n			<td>{=p;pnZ1}</td>\n			<td>pnZn</td>\n			<td>{=p;pnZn}</td>\n		</tr>\n		<tr>\n			<td>pnZ1F</td>\n			<td>{=p;pnZ1F}</td>\n			<td>pnZnF</td>\n			<td>{=p;pnZnF}</td>\n		</tr>\n	</tbody>\n</table>\n\n<ul>\n	<li>Mit negativen Potenzen:</li>\n</ul>\n\n<table border=\"1\" cellpadding=\"1\" cellspacing=\"1\" style=\"width:500px\">\n	<tbody>\n		<tr>\n			<td>pnF1i</td>\n			<td>{=p;pnF1i}</td>\n			<td>pnFni</td>\n			<td>{=p;pnFni}</td>\n		</tr>\n		<tr>\n			<td>pnF1Fi</td>\n			<td>{=p;pnF1Fi}</td>\n			<td>pnFnFi</td>\n			<td>{=p;pnFnFi}</td>\n		</tr>\n		<tr>\n			<td>pnN1i</td>\n			<td>{=p;pnN1i}</td>\n			<td>pnNni</td>\n			<td>{=p;pnNni}</td>\n		</tr>\n		<tr>\n			<td>pnN1Fi</td>\n			<td>{=p;pnN1Fi}</td>\n			<td>pnNnFi</td>\n			<td>{=p;pnNnFi}</td>\n		</tr>\n		<tr>\n			<td>pnZ1i</td>\n			<td>{=p;pnZ1i}</td>\n			<td>pnZni</td>\n			<td>{=p;pnZni}</td>\n		</tr>\n		<tr>\n			<td>pnZ1Fi</td>\n			<td>{=p;pnZ1Fi}</td>\n			<td>pnZnFi</td>\n			<td>{=p;pnZnFi}</td>\n		</tr>\n	</tbody>\n</table>',3031,0),(3033,'html','',3031,1),(3034,'html','',3031,2),(3035,'html','',3031,3),(3036,'html','',3031,4),(3037,'html','',3031,5),(3042,'html','<h1>Polynomfunktionen</h1>\n\n<p>siehe auch <a href=\"https://www.letto.at/mediawiki/index.php/Berechnungen#Polynome\" target=\"_blank\">Polynomfunktionen-Wiki</a></p>\n\n<table border=\"1\" cellpadding=\"1\" cellspacing=\"1\" style=\"height:79px; width:838px\">\n	<tbody>\n		<tr>\n			<td>Funktion</td>\n			<td>Beschreibung</td>\n			<td>Beispiel</td>\n			<td>Ergebnis</td>\n		</tr>\n		<tr>\n			<td>polynom</td>\n			<td>Erzeuge ein Polynom mit konstanten Faktoren</td>\n			<td>polynom((2+x)/(1+2*x))</td>\n			<td>{=polynom((2+x)/(1+2*x));pnN1}</td>\n		</tr>\n		<tr>\n			<td>polynom</td>\n			<td>Erzeuge ein Polynom mit Datens&auml;tzen</td>\n			<td>polynom((a+b*x)/(1+c*x),x)</td>\n			<td>{=polynom((a+b*x)/(1+c*x));pnN1}</td>\n		</tr>\n		<tr>\n			<td>polynom</td>\n			<td>Erzeuge ein Polynom mit Einheiten</td>\n			<td>polynom((2m+x)/(1m+2*x),x,\"m\")</td>\n			<td>{=polynom((2m+x)/(1m+2*x),x,\"m\");pnN1}</td>\n		</tr>\n		<tr>\n			<td>factfrompolynom</td>\n			<td>Erzeuge die Faktoren eines Polynoms</td>\n			<td>factfrompolynom(polynom((2+x)/(1+2*x)))</td>\n			<td>{=factfrompolynom(polynom((2+x)/(1+2*x)))}</td>\n		</tr>\n		<tr>\n			<td>polynomfromfact</td>\n			<td>Erzeuge aus einem Faktoren-Vektor das zugeh&ouml;rige Polynom</td>\n			<td>\n			<p>polynomfromfact([[1,0.5],[0.5,1],\"x\",\"\"])</p>\n\n			<p>polynomfromfact([1,0.5],[0.5,1],x,\"\"])</p>\n			</td>\n			<td>\n			<p>{=polynomfromfact([[1,0.5],[0.5,1],\"x\",\"\"]);pnN1}</p>\n\n			<p>{=polynomfromfact([1,0.5],[0.5,1],x,\"\");pnN1}</p>\n			</td>\n		</tr>\n		<tr>\n			<td>nullfrompolynom</td>\n			<td>Erzeuge die Nullstellen eines Polynoms</td>\n			<td>nullfrompolynom(polynom((2+x)/(1+2*x)))</td>\n			<td>{=nullfrompolynom(polynom((2+x)/(1+2*x)))}</td>\n		</tr>\n		<tr>\n			<td>polynomfromnull</td>\n			<td>Erzeuge aus einem Nullstellen-Vektor das zugeh&ouml;rige Polynom</td>\n			<td>\n			<p>polynomfromnull([0.5,[-2],[-0.5],x])</p>\n\n			<p>polynomfromnull(0.5,[-2],[-0.5],x)</p>\n			</td>\n			<td>\n			<p>{=polynomfromnull([0.5,[-2],[-0.5],x])}</p>\n\n			<p>{=polynomfromnull(0.5,[-2],[-0.5],x)}</p>\n			</td>\n		</tr>\n		<tr>\n			<td>polynomk</td>\n			<td>Bestimmt das Verh&auml;ltnis der Faktoren der h&ouml;chsten Potenz in Z&auml;hler und Nenner.</td>\n			<td>polynomk(polynom((2+x)/(1+2*x)))</td>\n			<td>\n			<p>{=polynomk(polynom((2+x)/(1+2*x)))}</p>\n\n			<p>siehe dazu {=p;pnPN}</p>\n			</td>\n		</tr>\n	</tbody>\n</table>\n\n<p>&nbsp;</p>\n\n<p>&nbsp;</p>\n\n<p>&nbsp;</p>',3038,0),(3043,'html','',3038,1),(3044,'html','',3038,2),(3045,'html','',3038,3),(3046,'html','',3038,4),(3047,'html','',3038,5),(3053,'html','<h1>Rechentoleranz bei und um Null</h1>\n\n<p>siehe auch <a href=\"https://youtu.be/1ZT9_P4aMWc\">Toleranz-Video</a><br/>\n<br/>\nGegeben sei ein rechtwinkeliges Dreieck $a = {a}$, $b = {b}$ $c={=c}$</p>\n\n<ul>\n	<li>Berechnen sie $a^2+b^2-c^2$ :</li>\n</ul>\n\n<p>[Q0] -&gt; Hier wird Null wegen der relativen Toleranz nicht als richtig gewertet</p>\n\n<p>[Q1] -&gt; Hier ist Null wegen der absoluten Toleranz nur richtig, wenn $a$ und $b$ gen&uuml;gend klein sind!<br/>\n(wechseln Sie dazu den Datensatz )</p>\n\n<p>[Q2] [Q3] -&gt; Hier funktioniert die absolute Toleranz durch eine boolsche Antwort auch bei gro&szlig;en Zahlenwerten!</p>',3049,0),(3055,'html','',3049,1),(3056,'html','',3049,2),(3057,'html','',3049,3),(3058,'html','',3049,4),(3059,'html','',3049,5),(3070,'html','<h1>Formatierung der Frage</h1>\n\n<p>Dies ist&nbsp;<strong>fett</strong>, dies ist&nbsp;<em>kursiv</em>, dies ist&nbsp;<u>unterstrichen</u>.</p>\n\n<ol>\n	<li>Auto</li>\n	<li>Haus&nbsp;</li>\n	<li>Boot</li>\n</ol>\n\n<p>Und nun mit Items:</p>\n\n<ul>\n	<li>Franz</li>\n	<li>Karl</li>\n	<li>Jutta</li>\n</ul>\n\n<p><a href=\"https://www.letto.at\">LeTTo</a>&nbsp;als Link.</p>\n\n<table border=\"1\" cellpadding=\"1\" cellspacing=\"1\" style=\"width:500px\" summary=\"Der Inhalt\">\n	<caption>&Uuml;berschrift</caption>\n	<tbody>\n		<tr>\n			<td>A</td>\n			<td>B</td>\n		</tr>\n		<tr>\n			<td>C</td>\n			<td>D</td>\n		</tr>\n		<tr>\n			<td>E</td>\n			<td>F</td>\n		</tr>\n		<tr>\n			<td>G</td>\n			<td>H</td>\n		</tr>\n	</tbody>\n</table>\n\n<hr/>\n<p>Und nun ein Sonderzeichen:&nbsp;&#9658;&rarr;</p>\n\n<h1>&Uuml;berschrift 1</h1>\n\n<h2>&Uuml;berschrift 2</h2>\n\n<h3>&Uuml;berschrift 3</h3>\n\n<h4>&Uuml;berschrift 4</h4>\n\n<p>&Uuml;berschrift Normal</p>\n\n<h5>&Uuml;berschrift 5</h5>\n\n<h6>&Uuml;berschrift 6</h6>\n\n<pre>\nFormatiert     EINS\n</pre>\n\n<pre>\npublic static final String FormatPre     = \"{\\\\texttt \";\n</pre>\n\n<address>Adresse</address>\n\n<div>Normal</div>\n\n<div>Und nun ein <span style=\"color:#ff0000\">roter</span> Text mit <span style=\"background-color:#ffff00\">gelbem </span><span style=\"color:#ff0000\"><span style=\"background-color:#ffff00\">Hintergrund</span></span>.</div>\n\n<div>&nbsp;</div>\n\n<p>&nbsp;</p>',3068,0),(3071,'html','',3068,1),(3072,'html','',3068,2),(3073,'html','',3068,3),(3074,'html','',3068,4),(3075,'html','',3068,5),(3078,'html','<h1>Taschenrechner und Vorschau</h1>\n\n<ul>\n	<li>Geben Sie eine Berechnung ein, welche als Ergebnis 5 hat und klicken Sie mit Doppelklick in das Eingabefeld.<br/>\n	<br/>\n	[Q0]&nbsp;<br/>\n	<br/>\n	&nbsp;</li>\n	<li>Schreiben Sie den Satz des Pythagoras an und klicken Sie mit Doppelklick in das Eingabefeld um eine Vorschau zu erhalten.<br/>\n	<br/>\n	[Q1]&nbsp;</li>\n</ul>',3076,0),(3079,'html','',3076,1),(3080,'html','',3076,2),(3081,'html','',3076,3),(3082,'html','',3076,4),(3083,'html','',3076,5),(3090,'html','<h1>Lückentext normal</h1>\n\n<p>Ein [Q0] hat vier [Q1] und ein [Q2] hat 2 Räder.</p>\n\n<p><em>Anmerkung zur Korrektur:</em></p>\n\n<ul>\n	<li>Die drei Lücken haben eine Punktegewichtung von 2,1,2 die sich auf die Gesamtpunkteanzahl von 3 Punkten aufteilen. Somit kann mit der ersten Lücke {=:2/5*3=1.2} Punkte, mit der zweiten Lücke {=:1/5*3=0.6} Punkte und mit der dritten Lücke {=:2/5*3=1.2} Punkte erreicht werden.</li>\n	<li>Bei der dritten Lücke werden für \"fahrrad\" 50% der 1.2 Punkte und für \"farrad\" 30% der 1.2 Punkte vergeben.</li>\n	<li>Die Angabe von \"0:Haus\" hat nur im Drag and Drop Modus einen Sinn um Falschwerte in der Liste zu bekommen.</li>\n	<li>Beispiel 1: Für die Eingaben \"Auto\",\"Kalender\",\"fahrrad\" erhält man somit {=:1*1.2+0*0.6+0.5*1.2=1.8} Punkte</li>\n	<li>Beispiel 2: Für die Eingaben \"Auto\",\"Räder\",\"farrad\" erhält man somit {=:1*1.2+1*0.6+0.3*1.2=2.16} Punkte</li>\n</ul>',3088,0),(3091,'html','',3088,1),(3092,'html','',3088,2),(3093,'html','',3088,3),(3094,'html','',3088,4),(3095,'html','',3088,5),(3107,'html','<h1>Lückentext Drag and Drop</h1>\n\n<p>Ein [Q0] hat vier [Q1] und ein [Q2] hat 2 Räder.</p>\n\n<p><em>Anmerkung zur Korrektur:</em></p>\n\n<ul>\n	<li>Die drei Lücken haben eine Punktegewichtung von 2,1,2 die sich auf die Gesamtpunkteanzahl von 3 Punkten aufteilen. Somit kann mit der ersten Lücke {=:2/5*3=1.2} Punkte, mit der zweiten Lücke {=:1/5*3=0.6} Punkte und mit der dritten Lücke {=:2/5*3=1.2} Punkte erreicht werden.</li>\n	<li>Bei der dritten Lücke werden für \"fahrrad\" 50% der 1.2Punkte und für \"farrad\" 30% der 1.2Punkte vergeben.</li>\n	<li>Die Angabe von \"0:Haus\" hat nur im Drag and Drop Modus einen Sinn um Falschwerte in der Liste zu bekommen.</li>\n	<li>Beispiel 1: Für die Eingaben \"Auto\",\"Kalender\",\"fahrrad\" erhält man somit {=:1*1.2+0*0.6+0.5*1.2=1.8} Punkte</li>\n	<li>Beispiel 2: Für die Eingaben \"Auto\",\"Räder\",\"farrad\" erhält man somit {=:1*1.2+1*0.6+0.3*1.2=2.16} Punkte</li>\n</ul>',3105,0),(3108,'html','',3105,1),(3109,'html','',3105,2),(3110,'html','',3105,3),(3111,'html','',3105,4),(3112,'html','',3105,5),(3125,'html','<h1>Sonderzeichen</h1>\n\n<p><a href=\"https://www.letto.at/mediawiki/index.php/Editor_f%C3%BCr_den_Angabetext#Sonderzeichen\" target=\"_blank\">Wiki Sonderzeichen</a></p>\n\n<p>Das Dollar \\$ wird mit einem Backslash verblockt, auch in Formeln $\\$x$.</p>\n\n<p>Eine <strong>geschwungene</strong> Klammer { und } kann eigentlich ganz normal verwendet werden. In Formeln durch \\ verblockt $\\{a\\}+b$.</p>\n\n<p>Eine eckige Klammer [ und ] kann normal verwendet werden. In Formeln auch $[x]+y$</p>\n\n<p>Andere Zeichen:</p>\n\n<p>Im Text: &lt;&gt;|,._;:-#&#39;+*~\\x&sup2;x&sup3;!\"&sect;&amp;/()=?%</p>\n\n<p>In einer Formel $&lt;&gt;|,.\\_;:-\\#&#39;+*\\sim \\backslash x^2x^3!\"&sect;&amp;/()=?\\%$</p>',3122,0),(3126,'html','',3122,1),(3127,'html','',3122,2),(3128,'html','',3122,3),(3129,'html','',3122,4),(3130,'html','',3122,5),(3138,'html','<h1>Zeichenketten-Datens&auml;tze definieren</h1>\n\n<p>siehe auch <a href=\"https://www.letto.at/mediawiki/index.php/Datens%C3%A4tze_definieren#Definition_der_Werte\" target=\"_blank\">Datens&auml;tze-Wiki</a></p>\n\n<ul>\n	<li>Zeichenkette durch Angabe aller m&ouml;glichen Worte definiert mit <strong>S:</strong><br/>\n	Bsp:<br/>\n	Verwendung in der Frage liefert: {a}<br/>\n	Datensatz: {=dataset(a),set}<br/>\n	Definition:\n	<pre>\nS:abc,x  zf,man,b\\,s,golf\n</pre>\n	</li>\n	<li>sortierte Zeichenkette definiert mit <strong>sS:</strong> liefert eine definierte Reihenfolge der Datens&auml;tze<br/>\n	Bsp:<br/>\n	Datensatz: {=dataset(s),set}<br/>\n	Definition:\n	<pre>\nsS:abc,x  zf,man,b\\,s,golf\n</pre>\n	</li>\n	<li>zuf&auml;llige Zeichenfolgen&nbsp;mit zuf&auml;lliger L&auml;nge durch Verwendung von \"inversen regul&auml;ren Ausdr&uuml;cken\" definiert mit <strong>R:</strong><br/>\n	Bsp:<br/>\n	Datensatz: {=dataset(r1),set}<br/>\n	Definition:\n	<pre>\n    R:[a-f0-9]+\n</pre>\n	</li>\n	<li>zuf&auml;llige Zeichenfolgen definierter L&auml;nge durch Verwendung von \"inversen regul&auml;ren Ausdr&uuml;cken\" definiert mit <strong>R</strong> und Stringl&auml;nge:<br/>\n	Bsp:<br/>\n	Datensatz: {=dataset(r2),set}<br/>\n	Definition:\n	<pre>\n    R4:[a-z]+</pre>\n	</li>\n</ul>',3132,0),(3139,'html','',3132,1),(3140,'html','',3132,2),(3141,'html','',3132,3),(3142,'html','',3132,4),(3143,'html','',3132,5),(3154,'html','<h1>Datens&auml;tze definieren</h1>\n\n<p>siehe auch <a href=\"https://www.letto.at/mediawiki/index.php/Datens%C3%A4tze_definieren#Definition_der_Werte\" target=\"_blank\">Datens&auml;tze-Wiki</a> und <a href=\"https://youtu.be/fZEv62EWVtE\">Datens&auml;tze-Video</a></p>\n\n<ul>\n	<li>Zahlen aus einer <span style=\"color:#ff0000\"><strong>Liste</strong></span> von Zahlen durch <strong>Wert,Wert,Wert</strong><br/>\n	Bsp:<br/>\n	Verwendung in der Frage liefert: {a}<br/>\n	Datensatz: {=dataset(a),set}<br/>\n	Definition:\n	<pre>\n4,6,2,8\n</pre>\n	</li>\n	<li>Zahlen aus einem <strong><span style=\"color:#ff0000\">Zahlenbereich</span></strong> durch <strong>Minimum - Maximum</strong><br/>\n	Bsp:<br/>\n	Datensatz: {=dataset(b),set}<br/>\n	Definition:\n	<pre>\n2-20\n</pre>\n	</li>\n	<li>Zahlen aus einem <strong><span style=\"color:#ff0000\">Zahlenbereich f&uuml;r negative Zahlen</span></strong> durch <strong>-Minimum--Maximum</strong><br/>\n	Bsp:<br/>\n	Datensatz: {=dataset(e),set}<br/>\n	Definition:\n	<pre>\n-20--2</pre>\n	</li>\n	<li>Zahlen aus einem Bereich mit <strong><span style=\"color:#ff0000\">definiertem Abstand</span></strong> durch <strong>ErsterWert : Abstand : MaximalWert</strong><br/>\n	Bsp:<br/>\n	Datensatz: {=dataset(c),set}<br/>\n	Definition:\n	<pre>\n2:0.1:5\n</pre>\n	</li>\n	<li>Zahlen aus einem Bereich mit <strong><span style=\"color:#ff0000\">definiertem Multiplikator</span></strong> durch <strong>ErsterWert : Multiplikator : MaximalWert</strong><br/>\n	Bsp:<br/>\n	Datensatz: {=dataset(f),set}<br/>\n	Definition:\n	<pre>\n3*2:100</pre>\n	</li>\n	<li>Zahlen aus einer <strong><span style=\"color:#ff0000\">Normreihe</span></strong> durch <strong><em>[Reihe]</em> : MinimalWert : MaximalWert</strong><br/>\n	Normreihen:\n	<table border=\"1\" cellpadding=\"1\" cellspacing=\"1\" style=\"width:500px\">\n		<tbody>\n			<tr>\n				<td>E3</td>\n				<td>{=e3;set}</td>\n			</tr>\n			<tr>\n				<td>E6</td>\n				<td>{=e6;set}</td>\n			</tr>\n			<tr>\n				<td>E12</td>\n				<td>{=e12;set}</td>\n			</tr>\n			<tr>\n				<td>E24</td>\n				<td>{=e24;set}</td>\n			</tr>\n			<tr>\n				<td>E48</td>\n				<td>{=e48;set}</td>\n			</tr>\n			<tr>\n				<td>D2</td>\n				<td>{=d2;set}</td>\n			</tr>\n			<tr>\n				<td>D5</td>\n				<td>{=d5;set}</td>\n			</tr>\n			<tr>\n				<td>D10</td>\n				<td>{=d10;set}</td>\n			</tr>\n			<tr>\n				<td>D20</td>\n				<td>{=d20;set}</td>\n			</tr>\n			<tr>\n				<td>D40</td>\n				<td>{=d40;set}</td>\n			</tr>\n		</tbody>\n	</table>\n	<br/>\n	Bsp:<br/>\n	Datensatz: {=dataset(g),set}<br/>\n	Definition:\n	<pre>\nE12:10-80</pre>\n	</li>\n	<li><span style=\"color:#ff0000\"><strong>Einheitenvielfache</strong></span> durch Vorsetzen eines Einheitenvorsatzes <strong>m,u,n,p,f,a,k,M,G,T</strong><br/>\n	Bsp:<br/>\n	Datensatz: {=dataset(h),set}<br/>\n	Definition:\n	<pre>\n2m,3k,4u,6M</pre>\n	</li>\n</ul>',3144,0),(3155,'html','',3144,1),(3156,'html','',3144,2),(3157,'html','',3144,3),(3158,'html','',3144,4),(3159,'html','',3144,5),(3168,'html','<h1>Datens&auml;tze Vektor-Matrix</h1>\n\n<p>siehe auch <a href=\"https://www.letto.at/mediawiki/index.php/Datens%C3%A4tze_definieren#Definition_der_Werte\" target=\"_blank\">Datens&auml;tze-Wiki</a></p>\n\n<ul>\n	<li><span style=\"color:#ff0000\"><strong>Vektoren</strong></span> durch <em><strong>V</strong></em><em>[dimension]</em><strong>:</strong><br/>\n	Bsp:<br/>\n	Verwendung in der Frage liefert: {a}<br/>\n	Datensatz: {=dataset(a),set}<br/>\n	Definition:\n	<pre>\nV4:2-8\n</pre>\n	</li>\n	<li><span style=\"color:#ff0000\"><strong>Vektoren</strong></span> aus Ganzzahlen durch <em><strong>V</strong></em><em>[dimension]</em><strong>:<em>I</em></strong><br/>\n	Bsp:<br/>\n	Verwendung in der Frage liefert: {b}<br/>\n	Datensatz: {=dataset(b),set}<br/>\n	Definition:\n	<pre>\nV4:I2-8</pre>\n	</li>\n	<li><span style=\"color:#ff0000\"><strong>Matrizen</strong></span> durch <em><strong>M</strong></em><em>[zeilen]</em><strong>x</strong><em>[spalten]</em><strong>:</strong><br/>\n	Bsp:<br/>\n	Verwendung in der Frage liefert: {c}<br/>\n	Datensatz: {=dataset(c),set}<br/>\n	Definition:\n	<pre>\nM3x4:2-8\n</pre>\n	</li>\n	<li><span style=\"color:#ff0000\"><strong>Matrizen</strong></span> aus Ganzzahlen durch <em><strong>M</strong></em><em>[zeilen]</em><strong>x</strong><em>[spalten]</em><strong>:<em>I</em></strong><br/>\n	Bsp:<br/>\n	Verwendung in der Frage liefert: {d}<br/>\n	Datensatz: {=dataset(d),set}<br/>\n	Definition:\n	<pre>\nM3x2:I2-8</pre>\n	</li>\n	<li><span style=\"color:#ff0000\"><strong>Matrizen</strong></span> mit einer Determinante ungleich Null <em><strong>M</strong></em><em>[dimension]</em><strong>:</strong><br/>\n	Bsp:<br/>\n	Verwendung in der Frage liefert: {e}<br/>\n	Datensatz: {=dataset(e),set}<br/>\n	Definition:\n	<pre>\nM3:I2-8</pre>\n	</li>\n	<li><span style=\"color:#ff0000\"><strong>Matrizen</strong></span> mit einer Determinante ungleich Null und Ganzzahlen <em><strong>M</strong></em><em>[dimension]</em><strong>:<em>I</em></strong><br/>\n	Bsp:<br/>\n	Verwendung in der Frage liefert: {f}<br/>\n	Datensatz: {=dataset(f),set}<br/>\n	Definition:\n	<pre>\nM3:I3-8</pre>\n	</li>\n</ul>',3160,0),(3169,'html','',3160,1),(3170,'html','',3160,2),(3171,'html','',3160,3),(3172,'html','',3160,4),(3173,'html','',3160,5),(3186,'html','<h1>Datentypen f&uuml;r Zahlen</h1>\n\n<p>siehe auch <a href=\"https://www.letto.at/mediawiki/index.php/Datens%C3%A4tze_definieren#Definition_der_Werte\" target=\"_blank\">Datens&auml;tze-Wiki</a></p>\n\n<ul>\n	<li><span style=\"color:#ff0000\"><strong>Ganzzahlen </strong></span>durch <strong>I:</strong><br/>\n	Bsp:<br/>\n	Verwendung in der Frage liefert: {a}<br/>\n	Datensatz: {=dataset(a),set}<br/>\n	Definition:\n	<pre>\nI:2-10\n</pre>\n	</li>\n	<li><span style=\"color:#ff0000\"><strong>sortierte Ganzzahlen</strong></span> deren Reihenfolge bleibt durch <strong>sI:Wert,Wert,Wert</strong><br/>\n	Bsp:<br/>\n	Datensatz: {=dataset(b),set}<br/>\n	Definition:\n	<pre>\nsI:3,6,2,8,-3,5\n</pre>\n	</li>\n	<li><strong><span style=\"color:#ff0000\">Gleitkommazahlen</span></strong> durch <strong>F:</strong><br/>\n	Bsp:<br/>\n	Datensatz: {=dataset(c),set}<br/>\n	Definition:\n	<pre>\nF:2,3-5,7\n</pre>\n	</li>\n	<li><strong><span style=\"color:#ff0000\">Gleitkommazahlen</span></strong> definierter Anzahl g&uuml;ltiger Ziffern durch <strong>F</strong><em>[ziffern]</em><strong>:</strong><br/>\n	Bsp:<br/>\n	Datensatz: {=dataset(d),set}<br/>\n	Definition:\n	<pre>\nF3:3-20</pre>\n	</li>\n	<li>Zahlen aus einem Bereich mit <strong><span style=\"color:#ff0000\">definiertem Abstand</span></strong> durch <strong>ErsterWert : Abstand : LetzterWert</strong><br/>\n	Bsp:<br/>\n	Datensatz: {=dataset(g),set}<br/>\n	Definition:\n	<pre>\n2:0.1:5</pre>\n	</li>\n	<li><strong><span style=\"color:#ff0000\">Gleitkommazahlen</span></strong> aus einer definierten Anzahl von &auml;quidistanten Werten durch <em>[ziffern]</em><strong>:</strong><em>[Startwert]</em><strong>:</strong><em>[Endwert]</em><br/>\n	Bsp:<br/>\n	Datensatz: {=dataset(e),set}<br/>\n	Definition: {=H,set}\n	<pre>\n6:2-5</pre>\n	</li>\n	<li><span style=\"color:#ff0000\"><strong>sortierte Gleitkommazahlen</strong></span> deren Reihenfolge bleibt durch <strong>sF:Wert,Wert,Wert</strong><br/>\n	Bsp:<br/>\n	Datensatz: {=dataset(f),set}<br/>\n	Definition:\n	<pre>\nsF:1.2,-5,2.3,8,0.03,12</pre>\n	</li>\n	<li><strong><span style=\"color:#ff0000\">komplexe Zahlen</span></strong> mit definiertem Betrag durch <strong>C</strong><em>[stellen]</em><strong>:</strong><em>[BetragVon]</em><strong>-</strong><em>[BetragBis]</em><br/>\n	Bsp:<br/>\n	Datensatz: {=dataset(h),set}<br/>\n	[PIG Plugin1 \"\"/]<br/>\n	Definition:\n	<pre>\nC2:2-4\n</pre>\n	</li>\n	<li><strong><span style=\"color:#ff0000\">komplexe Zahlen</span></strong> mit Betrag und Winkel in Grad&nbsp;durch <strong>C</strong><em>[stellen]</em><strong>:</strong><em>[BetragVon]</em><strong>-</strong><em>[BetragBis]</em><strong>arg</strong><em>[WinkelVon]</em><strong>-</strong><em>[WinkelBis]</em><br/>\n	Bsp:<br/>\n	Datensatz: {=dataset(i),set}<br/>\n	[PIG Plugin2 \"\"/]<br/>\n	Definition:\n	<pre>\nC2:2-4arg10-90</pre>\n	</li>\n	<li><strong><span style=\"color:#ff0000\">komplexe Zahlen</span></strong> mit Real und Imagin&auml;rteil durch <strong>C</strong><em>[stellen]</em><strong>:</strong><em>[RealVon]</em><strong>-</strong><em>[RealBis]</em><strong>j</strong><em>[Imagin&auml;rVon]</em><strong>-</strong><em>[Imagin&auml;rBis]</em><br/>\n	Bsp:<br/>\n	Datensatz: {=dataset(j);karti,set}<br/>\n	[PIG Plugin3 \"\"/]<br/>\n	Definition:\n	<pre>\nC2:2-4j-2-6</pre>\n	</li>\n</ul>',3174,0),(3187,'html','',3174,1),(3188,'html','',3174,2),(3189,'html','',3174,3),(3190,'html','',3174,4),(3191,'html','',3174,5);

--
-- Table structure for table `noten`
--

CREATE TABLE `noten` (
  `id` int NOT NULL AUTO_INCREMENT,
  `MAHNUNG` tinyint(1) DEFAULT '0',
  `NOTE` varchar(255) DEFAULT NULL,
  `SEMESTER` int DEFAULT NULL,
  `idLehrerKlasse` int DEFAULT NULL,
  `idUser` int DEFAULT NULL,
  `noten_ORDER` int DEFAULT NULL,
  PRIMARY KEY (`id`),
  KEY `FK_noten_idLehrerKlasse` (`idLehrerKlasse`),
  KEY `FK_noten_idUser` (`idUser`),
  CONSTRAINT `FK_noten_idLehrerKlasse` FOREIGN KEY (`idLehrerKlasse`) REFERENCES `lehrerKlasse` (`id`),
  CONSTRAINT `FK_noten_idUser` FOREIGN KEY (`idUser`) REFERENCES `user` (`id`)
) ENGINE=InnoDB DEFAULT CHARSET=utf8mb4 COLLATE=utf8mb4_0900_ai_ci;

--
-- Dumping data for table `noten`
--


--
-- Table structure for table `noten_deskriptor`
--

CREATE TABLE `noten_deskriptor` (
  `negativeDeskriptoren_ID` int NOT NULL,
  `negativeNote_ID` int NOT NULL,
  PRIMARY KEY (`negativeDeskriptoren_ID`,`negativeNote_ID`),
  KEY `FK_noten_deskriptor_negativeNote_ID` (`negativeNote_ID`),
  CONSTRAINT `FK_noten_deskriptor_negativeDeskriptoren_ID` FOREIGN KEY (`negativeDeskriptoren_ID`) REFERENCES `deskriptor` (`id`),
  CONSTRAINT `FK_noten_deskriptor_negativeNote_ID` FOREIGN KEY (`negativeNote_ID`) REFERENCES `noten` (`id`)
) ENGINE=InnoDB DEFAULT CHARSET=utf8mb4 COLLATE=utf8mb4_0900_ai_ci;

--
-- Dumping data for table `noten_deskriptor`
--


--
-- Table structure for table `noten_lehrinhalt`
--

CREATE TABLE `noten_lehrinhalt` (
  `negativerLehrinhalt_ID` int NOT NULL,
  `negativeNote_ID` int NOT NULL,
  PRIMARY KEY (`negativerLehrinhalt_ID`,`negativeNote_ID`),
  KEY `FK_noten_lehrinhalt_negativeNote_ID` (`negativeNote_ID`),
  CONSTRAINT `FK_noten_lehrinhalt_negativeNote_ID` FOREIGN KEY (`negativeNote_ID`) REFERENCES `noten` (`id`),
  CONSTRAINT `FK_noten_lehrinhalt_negativerLehrinhalt_ID` FOREIGN KEY (`negativerLehrinhalt_ID`) REFERENCES `lehrinhalt` (`id`)
) ENGINE=InnoDB DEFAULT CHARSET=utf8mb4 COLLATE=utf8mb4_0900_ai_ci;

--
-- Dumping data for table `noten_lehrinhalt`
--


--
-- Table structure for table `projekte`
--

CREATE TABLE `projekte` (
  `id` int NOT NULL AUTO_INCREMENT,
  `ANGABE` varchar(255) DEFAULT NULL,
  PRIMARY KEY (`id`)
) ENGINE=InnoDB DEFAULT CHARSET=utf8mb4 COLLATE=utf8mb4_0900_ai_ci;

--
-- Dumping data for table `projekte`
--


--
-- Table structure for table `question`
--

CREATE TABLE `question` (
  `id` bigint NOT NULL AUTO_INCREMENT,
  `ABZUG` varchar(255) DEFAULT NULL,
  `ABZUGMAX` double DEFAULT NULL,
  `ADDDOCUMENTSPOSSIBLE` tinyint(1) DEFAULT '0',
  `ANSWERNUMBERING` varchar(20) DEFAULT NULL,
  `ATTACHMENTS` int DEFAULT NULL,
  `HIDDEN` int DEFAULT NULL,
  `IDUSER` bigint DEFAULT NULL,
  `KONSTANTEMITPROZENT` tinyint(1) DEFAULT '0',
  `LICENCEKEY` varchar(255) DEFAULT NULL,
  `MAXIMA` longtext,
  `MAXIMAANGABE` longtext,
  `MD5` varchar(200) DEFAULT NULL,
  `NAME` varchar(200) DEFAULT NULL,
  `NOAUTOCORRECT` int DEFAULT NULL,
  `PLUGINS` longtext,
  `PRECALC` tinyint(1) DEFAULT '0',
  `PUNKTE` double DEFAULT NULL,
  `QUESTIONINFO` longtext,
  `QUESTIONTYPE` int DEFAULT NULL,
  `RANDOMDATASET` tinyint(1) DEFAULT '0',
  `RESPONSEFIELDLINES` int DEFAULT NULL,
  `RESPONSEFORMAT` varchar(20) DEFAULT NULL,
  `revNr` int DEFAULT NULL,
  `SENDTOPARSER` tinyint(1) DEFAULT '0',
  `SHOWUNITS` int DEFAULT NULL,
  `SHUFFLEANSWERS` int DEFAULT NULL,
  `SINGLE` int DEFAULT NULL,
  `STRENG` tinyint(1) DEFAULT '0',
  `SYNCHRONIZE` int DEFAULT NULL,
  `TAG` varchar(200) DEFAULT NULL,
  `UNITGRADINGTYPE` int DEFAULT NULL,
  `UNITPENALTY` double DEFAULT NULL,
  `UNITS` longtext,
  `UNITSLEFT` int DEFAULT NULL,
  `USESYMBOLICMODE` tinyint(1) DEFAULT '0',
  `USECASE` int DEFAULT NULL,
  `idCategory` int DEFAULT NULL,
  `questionList_ORDER` int DEFAULT NULL,
  PRIMARY KEY (`id`),
  KEY `FK_question_idCategory` (`idCategory`),
  CONSTRAINT `FK_question_idCategory` FOREIGN KEY (`idCategory`) REFERENCES `category` (`id`)
) ENGINE=InnoDB AUTO_INCREMENT=3175 DEFAULT CHARSET=utf8mb4 COLLATE=utf8mb4_0900_ai_ci;

--
-- Dumping data for table `question`
--

INSERT INTO `question` VALUES (2275,'',0,0,'abc',3,0,19,1,'','\n',';::;','','000-LeTTo-Onramp: Intro ',0,'',0,1,'',22,0,10,'editor',1,0,0,1,2,0,0,'',2,0.1,'',0,0,0,2274,0),(2289,'',0,0,'abc',3,0,19,1,'','erg:U/I\nerg2:sin(x)/x\n',';::;erg:U/I;erg2:sin(x)/x;','','001-LeTTo-Onramp: Dezimaltrennzeichen',0,'',0,1,'',22,0,10,'editor',1,0,0,1,2,0,0,'',2,0.1,'',0,0,0,2274,1),(2306,'',0,0,'abc',3,0,19,1,'','erg:U/I\nerg2:sin(x)/x\n',';::;erg:U/I;erg2:sin(x)/x;','','002-LeTTo-Onramp: Zuordnungsfrage',0,'',0,1,'',22,0,10,'editor',1,0,0,1,2,0,0,'',2,0.1,'',0,0,0,2274,2),(2325,'',0,0,'abc',3,0,19,1,'','erg:U/I\nerg2:sin(x)/x\n',';::;erg:U/I;erg2:sin(x)/x;','','003-LeTTo-Onramp: komplexe Zahlen',0,'',0,1,'',22,0,10,'editor',1,0,0,1,2,0,0,'',2,0.1,'',0,0,0,2274,3),(2342,'',0,0,'abc',3,0,19,1,'','erg:U/I\nerg2:sin(x)/x\n',';::;erg:U/I;erg2:sin(x)/x;','','004-LeTTo-Onramp: physikalische Einheiten',0,'',0,2,'',22,0,10,'editor',1,0,0,1,2,0,0,'',2,0.1,'',0,0,0,2274,4),(2360,'',0,0,'abc',3,0,19,1,'','erg:U/I\nerg2:sin(x)/x\n',';::;erg:U/I;erg2:sin(x)/x;','','005-LeTTo-Onramp:  normierte Größen',0,'',0,1,'',22,0,10,'editor',1,0,0,1,2,0,0,'',2,0.1,'',0,0,0,2274,5),(2376,'',0,0,'abc',3,0,19,1,'','erg:U/I\nerg2:sin(x)/x\n',';::;erg:U/I;erg2:sin(x)/x;','','006-LeTTo-Onramp: analytische Lösungen',0,'',0,2,'',22,0,10,'editor',1,0,0,1,2,0,0,'',2,0.1,'',0,0,0,2274,6),(2394,'',0,0,'abc',3,0,19,1,'','erg:U/I\nerg2:sin(x)/x\n',';::;erg:U/I;erg2:sin(x)/x;','','LeTTo-Onramp (Tutorial) full',0,'',0,8,'',22,0,10,'editor',1,0,0,1,2,0,0,'',2,0.1,'',0,0,0,2273,0),(2428,'',0,0,'abc',3,0,19,1,'','erg:U/I\nerg2:sin(x)/x\n',';::;erg:U/I;erg2:sin(x)/x;','','LeTTo-Onramp (Tutorial) light',0,'',0,7,'',22,0,10,'editor',1,0,0,1,2,0,0,'',2,0.1,'',0,0,0,2273,1),(2460,'',0,0,'abc',3,0,5,1,'','erg:[2,0]+[1,1]*5/sqrt(2)',';::;erg:[5/sqrt(2,2)+2,5/sqrt(2,2)];','','LP-PL-dA-010-toarrow',0,'[PI Plugin1 Plot \"input=toarrow(2,0);cursor=crel\"]',0,1,'',22,0,10,'editor',0,0,0,1,2,0,0,'',2,0.1,'',0,0,0,2459,0),(2470,'',0,0,'abc',3,0,5,1,'','y:a-b*exp(-x/T)\nm:max(a-b,a)',';::;m:max(a,a-b);y:a-b*%e^-(x/T);','','LP-PL-dA-020-topoint',0,'[PI Plugin1 Plot \"y(x):=y;x:0,6*T;y:0,m*1.2;input=topoint(0,a-b);w50h;\"]',0,1,'',22,0,10,'editor',1,0,0,1,2,0,0,'',2,0.1,'',0,0,0,2459,1),(2483,'',0,0,'abc',3,0,5,1,'','P:[P_1,P_2]\n',';::;P:[P_1,P_2];','','LP-PL-dA-030-Punktb',0,'[PI Plugin1 Plot \"w30h\"]',0,1,'',22,0,10,'editor',1,0,0,1,2,0,0,'',2,0.1,'',0,0,0,2459,2),(2494,'',0,0,'abc',3,0,5,1,'','P2:[P2_1,P2_2]\nP1:[P1_1,P1_2]\nP:[P_1,P_2]\n',';::;P:[P_1,P_2];P1:[P1_1,P1_2];P2:[P2_1,P2_2];','','LP-PL-dA-040-Punkte',0,'[PI Plugin1 Plot \"w30h\"]',0,1,'',22,0,10,'editor',1,0,0,1,2,0,0,'',2,0.1,'',0,0,0,2459,3),(2507,'',0,0,'abc',3,0,5,1,'','P2:[P2_1,P2_2]\nP1:[P1_1,P1_2]\n',';::;P1:[P1_1,P1_2];P2:[P2_1,P2_2];','','LP-PL-dA-050-Messen',0,'[PI Plugin1 Plot \"w30h;point(vget(P1,0),vget(P1,1));point(vget(P2,0),vget(P2,1))\"]',0,1,'',22,0,10,'editor',1,0,0,1,2,0,0,'',2,0.1,'',0,0,0,2459,4),(2519,'',0,0,'abc',3,0,5,1,'','C:[C_1,C_2]\nB:[B_1,B_2]\nA:[A_1,A_2]\nD:[A,B,C]\n',';::;A:[A_1,A_2];B:[B_1,B_2];C:[C_1,C_2];D:matrix([A_1,A_2],[B_1,B_2],[C_1,C_2]);','','LP-PL-dA-060-Dreieck',0,'[PI Plugin1 Plot \"\"]',0,1,'',22,0,10,'editor',1,0,0,1,2,0,0,'',2,0.1,'',0,0,0,2459,5),(2532,'',0,0,'abc',3,0,5,1,'','A:[A_1,A_2]\nB:[A_1+b,A_2+h]\nD:[[A_1,A_2],[A_1,A_2+h],[A_1+b,A_2+h],[A_1+b,A_2]]\n',';::;A:[A_1,A_2];B:[b+A_1,h+A_2];D:matrix([A_1,A_2],[A_1,h+A_2],[b+A_1,h+A_2],[b+A_1,A_2]);','','LP-PL-dA-070-Rechteck',0,'[PI Plugin1 Plot \"\"]',0,1,'',22,0,10,'editor',1,0,0,1,2,0,0,'',2,0.1,'',0,0,0,2459,6),(2545,'',0,0,'abc',3,0,5,1,'','G:y=2*x-3\n',';::;G:y=2*x-3;','','LP-PL-dA-080-Gerade',0,'[PI Plugin1 Plot \"\"]',0,1,'',22,0,10,'editor',1,0,0,1,2,0,0,'',2,0.1,'',0,0,0,2459,7),(2555,'',0,0,'abc',3,0,5,1,'','G:y=2*x-3\n',';::;G:y=2*x-3;','','LP-PL-dA-090-Geraden',0,'[PI Plugin1 Plot \"\"]',0,1,'',22,0,10,'editor',1,0,0,1,2,0,0,'',2,0.1,'',0,0,0,2459,8),(2565,'',0,0,'abc',3,0,5,1,'','G:y=x^2-4\n',';::;G:y=x^2-4;','','LP-PL-dA-100-Polynomfunktion als Gleichung',0,'[PI Plugin1 Plot \"\"]',0,1,'',22,0,10,'editor',1,0,0,1,2,0,0,'',2,0.1,'',0,0,0,2459,9),(2575,'',0,0,'abc',3,0,5,1,'','G:x^2-4\n',';::;G:x^2-4;','','LP-PL-dA-110-Polynomfunktion',0,'[PI Plugin1 Plot \"\"]',0,1,'',22,0,10,'editor',1,0,0,1,2,0,0,'',2,0.1,'',0,0,0,2459,10),(2585,'',0,0,'abc',3,0,5,1,'','u:Us*sin(2*%pi*f*t)',';::;u:Us*sin(2*%pi*f*t);','','LP-PL-dA-120-hline',0,'[PI Plugin1 Plot \"U(t):=Us*sin(2*%pi*f*t);U:-Us*1.2,Us*1.2,name=u(t);t:0s,3/f;input=hline;cursor=hnum;w50h\"]',0,1,'',22,0,10,'editor',1,0,0,1,2,0,0,'',2,0.1,'',0,0,0,2459,11),(2597,'',0,0,'abc',3,0,5,1,'','u:Us*sin(2*%pi*f*t)',';::;u:Us*sin(2*%pi*f*t);','','LP-PL-dA-130-vline',0,'[PI Plugin1 Plot \"U(t):=Us*sin(2*%pi*f*t);U:-Us*1.2,Us*1.2,name=u(t);t:0s,3/f;input=vline;cursor=vnum;w50h\"]',0,1,'',22,0,10,'editor',1,0,0,1,2,0,0,'',2,0.1,'',0,0,0,2459,12),(2610,'',0,0,'abc',3,0,5,1,'','// richtige Lösung\nL1:[58,435]\nL2:[1204,435]\nk1:2\nk2:-2\n\n// Endpunkte der Vektoren sind korrekt\np1:lor(land(L1=vget(Q0,1),L2=vget(Q0,3)),land(L2=vget(Q0,1),L1=vget(Q0,3)))\n\n//Steigungen der Geraden\np2:wenn(vget(Q0,1,0)<vget(Q0,3,0), land(k1=pvlinek(Q0,0),k2=pvlinek(Q0,1)) , land(k1=pvlinek(Q0,1),k2=pvlinek(Q0,0)) )',';::;L1:[58,435];L2:[1204,435];k1:2;k2:-2;p1:lor(land([58,435]=vget(Q0,1),[1204,435]=vget(Q0,3)),land([1204,435]=vget(Q0,1),[58,435]=vget(Q0,3)));p2:wenn(vget(Q0,1,0)<vget(Q0,3,0),land(2=pvlinek(Q0,0),-2=pvlinek(Q0,1)),land(2=pvlinek(Q0,1),-2=pvlinek(Q0,0)));','','LP-PL-boolsch-010-Trägerberechnung',0,'[PI Plugin1 Plot \"baseimage(0);input=arrow\"]',0,2,'',22,0,10,'editor',1,0,0,1,2,0,0,'',2,0.1,'',0,0,0,2609,0),(2625,'',0,0,'abc',3,0,5,1,'','x2:x1+dx2\nx3:x2+dx3\n\n// Polynom\np:(x-x1)*(x-x2)*(x-x3)\n\n//Nullstellen\nL:[[x1,0],[x2,0],[x3,0]]\n\n// Nullstellen korrekt\nq1a:pvhaspoint(Q0,[x1,0])\nq2a:pvhaspoint(Q0,[x2,0])\nq3a:pvhaspoint(Q0,[x3,0])\n\n// Anzahl der Nullstellen korrekt\nq4:pvpoints(Q0)=3\n\n// Nullstellen Position und Anzahl\nq1:land(q1a,q4)\nq2:land(q2a,q4)\nq3:land(q3a,q4)\n\n',';::;L:matrix([x1,0],[x1+dx2,0],[x1+dx3+dx2,0]);p:(x-x1)*((-x1)+x-dx2)*((-x1)+x-dx3-dx2);q1:land(pvhaspoint(Q0,[x1,0]),pvpoints(Q0)=3);q1a:pvhaspoint(Q0,[x1,0]);q2:land(pvhaspoint(Q0,[x1+dx2,0]),pvpoints(Q0)=3);q2a:pvhaspoint(Q0,[x1+dx2,0]);q3:land(pvhaspoint(Q0,[x1+dx3+dx2,0]),pvpoints(Q0)=3);q3a:pvhaspoint(Q0,[x1+dx3+dx2,0]);q4:pvpoints(Q0)=3;x2:x1+dx2;x3:x1+dx3+dx2;','','LP-PL-boolsch-020-Polynom-Nullstellen',0,'[PI Plugin1 Plot \"y(x):=p;y:-20,20;input=points\"]',0,3.5,'',22,0,10,'editor',0,0,0,1,2,0,0,'',2,0.1,'',0,0,0,2609,1),(2649,'',0,0,'abc',3,0,5,1,'','P:[2,0]\nerg:P+[1,k]\n\nq1:k=(vget(Q0,0,1)-vget(P,1))/(vget(Q0,0,0)-vget(P,0))',';::;P:[2,0];erg:[3,k];q1:k=vget(Q0,0,1)/(-2+vget(Q0,0,0));','','LP-PL-boolsch-030-toline',0,'[PI Plugin1 Plot \"input=toline(2,0);w50\"]',0,1,'',22,0,10,'editor',1,1,0,1,2,0,0,'',2,0.1,'',0,0,0,2609,2),(2662,'',0,0,'abc',3,0,5,1,'','y:tan(x)\nM:pvfunc(y,x,minx,maxx,(maxx-minx)/200)\n// Vergleich f\nq1:pvcompare(M,Q0,minx,maxx,miny,maxy)',';::;M:pvfunc(tan(x),x,minx,maxx,(maxx-minx)/200);q1:pvcompare(pvfunc(tan(x),x,minx,maxx,(maxx-minx)/200),Q0,minx,maxx,miny,maxy);y:tan(x);','','LP-PL-boolsch-040-pvfunc-tan',0,'[PI Plugin1 Plot \"drawpoints(M,color=blue);x:minx,maxx;y:miny,maxy;y(x):=y;input=function\"]',0,1,'',22,0,10,'editor',1,0,0,1,2,0,0,'',2,0.1,'',0,0,0,2609,3),(2681,'',0,0,'abc',3,0,5,1,'','y:cos(x)\nM:pvfunc(y,x,0,10,0.1)\n// Vergleich\nq1:pvcompare(M,Q0,0,10,-2,2)',';::;M:pvfunc(cos(x),x,0,10,0.1);q1:pvcompare(pvfunc(cos(x),x,0,10,0.1),Q0,0,10,-2,2);y:cos(x);','','LP-PL-boolsch-050-pvfunc',0,'[PI Plugin1 Plot \"drawpoints(M,color=blue);x:0,10;y:-1.2,1.2;y(x):=y;input=function\"]',0,1,'',22,0,10,'editor',0,0,0,1,2,0,0,'',2,0.1,'',0,0,0,2609,4),(2696,'',0,0,'abc',3,0,5,1,'','q1:land(vget(Q0,0)<0,vget(Q0,1)<0)',';::;q1:land(vget(Q0,0)<0,vget(Q0,1)<0);','','LP-PL-boolsch-060-input=point',0,'[PI Plugin1 Plot \"input=point\"]',0,1,'',22,0,10,'editor',0,0,0,1,2,0,0,'',2,0.1,'',0,0,0,2609,5),(2708,'',0,0,'abc',3,0,5,1,'','P:[3,4]',';::;P:[3,4];','','LP-PL-IA-010-input=point',0,'[PI Plugin1 Plot \"input=point;w50\"]',0,3,'',22,0,10,'editor',1,0,0,1,2,0,0,'',2,0.1,'',0,0,0,2458,0),(2723,'',0,0,'abc',3,0,5,1,'','A:[-2,-5]\nB:[6,1]\nC:[1,9]\nP:[A,B,C]\nq1:land(land(pvhaspoint(Q0,A),pvhaspoint(Q0,B)),pvhaspoint(Q0,C))\nq3:land(land(pvhaspoint(Q2,A),pvhaspoint(Q2,B)),pvhaspoint(Q2,C))',';::;A:[-2,-5];B:[6,1];C:[1,9];P:matrix([-2,-5],[6,1],[1,9]);q1:land(land(pvhaspoint(Q0,[-2,-5]),pvhaspoint(Q0,[6,1])),pvhaspoint(Q0,[1,9]));q3:land(land(pvhaspoint(Q2,[-2,-5]),pvhaspoint(Q2,[6,1])),pvhaspoint(Q2,[1,9]));','','LP-PL-IA-020-input=points',0,'[PI Plugin1 Plot \"input=points;polygon(P,color=blue);w50\"]',0,3,'',22,0,10,'editor',1,0,0,1,2,0,0,'',2,0.1,'',0,0,0,2458,1),(2738,'',0,0,'abc',3,0,5,1,'','P1:[3,4]\nP2:[6,-2]\n// Punkte\nM:[P1,P2]',';::;M:matrix([3,4],[6,-2]);P1:[3,4];P2:[6,-2];','','LP-PL-IA-030-input=measure',0,'[PI Plugin1 Plot \"input=measure;w50;drawpoints(M)\"]',0,3,'',22,0,10,'editor',1,0,0,1,2,0,0,'',2,0.1,'',0,0,0,2458,2),(2753,'',0,0,'abc',3,0,5,1,'','g:k*x+d\nP1:[0,ev(g,x=0)]\nP2:[2,ev(g,x=2)]\n// Punkte\nM:[P1,P2]\n// Gerade\nG:y=g\n// Korrektur\nq3:land(pvlinek(Q2,0)=k,pvlined(Q2,0)=d)',';::;G:y=k*x+d;M:matrix([0,d],[2,2*k+d]);P1:[0,d];P2:[2,2*k+d];g:k*x+d;q3:land(pvlinek(Q2,0)=k,pvlined(Q2,0)=d);','','LP-PL-IA-040-input=line',0,'[PI Plugin1 Plot \"input=line;w50\"]',0,2,'',22,0,10,'editor',1,0,0,1,2,0,0,'',2,0.1,'',0,0,0,2458,3),(2768,'',0,0,'abc',3,0,5,1,'','// Berechnung ist nur für eine Demo-Lösung notwendig\ng1:k*x+d\ng2:k*x+d+2\nP1:[0,ev(g1,x=0)]\nP2:[2,ev(g1,x=2)]\nP3:[0,ev(g2,x=0)]\nP4:[2,ev(g2,x=2)]\nM:[P1,P2,P3,P4]\n \n// Korrektur - Linien Parallel\nq1:pvlinek(Q0,0)=pvlinek(Q0,1)\n',';::;M:matrix([0,d],[2,2*k+d],[0,d+2],[2,2*k+d+2]);P1:[0,d];P2:[2,2*k+d];P3:[0,d+2];P4:[2,2*k+d+2];g1:k*x+d;g2:k*x+d+2;q1:pvlinek(Q0,0)=pvlinek(Q0,1);','','LP-PL-IA-050-input=lines',0,'[PI Plugin1 Plot \"input=lines;w50\"]',0,1,'',22,0,10,'editor',1,0,0,1,2,0,0,'',2,0.1,'',0,0,0,2458,4),(2781,'',0,0,'abc',3,0,5,1,'','erg:3',';::;','','LP-PL-IA-060-input=hline',0,'[PI Plugin1 Plot \"input=hline;w50\"]',0,3,'',22,0,10,'editor',0,0,0,1,2,0,0,'',2,0.1,'',0,0,0,2458,5),(2796,'',0,0,'abc',3,0,5,1,'','erg:3',';::;','','LP-PL-IA-070-input=vline',0,'[PI Plugin1 Plot \"input=vline;w50\"]',0,3,'',22,0,10,'editor',1,0,0,1,2,0,0,'',2,0.1,'',0,0,0,2458,6),(2812,'',0,0,'abc',3,0,5,1,'','',';::;','','LP-PL-SK-010-Stumme Karte',0,'[PI Plugin1 Plot \"baseimage(0);input=mc([301.2,521.1],[551.1,512],[697,470],[988.9,280.3],[905,220.1],[751.7,537.5],[631.4,641.5],[968.8,537.5],[666,347.8],[806.5,349.6],[1008,406.2])\"]',0,1,'',22,0,10,'editor',1,0,0,1,2,0,0,'',2,0.1,'',0,0,0,2811,0),(2823,'',0,0,'abc',3,0,5,1,'','',';::;','','LP-PL-SK-020-MultipleChoice-Image',0,'[PI Plugin1 Plot \"// Hintergrundbild einfügen;baseimage(0);;// Multiple-Choice-Definition;input=mc([55.76,434.6],[266.2,312],[1212,432.6],[270.3,373.3],[376.6,338.6],[456.3,269.1],[630,97.44,36.84],[615.7,334.5,114.6],[889.5,336.5],[995.8,371.3],[950.8,281.4],[905.9,293.6],[354.1,291.6],[779.2,240.5,27.42],color=magenta,franzi=alt)\"]',0,1,'',22,0,10,'editor',1,0,0,1,2,0,0,'',2,0.1,'',0,0,0,2811,1),(2834,'',0,0,'abc',3,0,5,1,'','y:a*x^2+b*x+c\nys:diff(y,x)\nxtp:ev(x,solve(ys=0,x))\nytp:ev(y,x=xtp)\nTP:[xtp,ytp]\nP1:TP+[s1,s2]\nP2:TP+[s2,s3]\nP3:TP+[s3,s4]\nP4:TP+[s4,s5]\nP5:TP+[s5,s6]\nminx:min(-1,xtp  + min(-1,s1,s2,s3,s4,s5))\nmaxx:max(1,xtp + max(1,s1,s2,s3,s4,s5))\nminy:min(-1,ytp  + min(-1,s6,s2,s3,s4,s5))\nmaxy:max(1,ytp + max(1,s6,s2,s3,s4,s5))',';::;P1:[s1-b/(2*a),s2+c-b^2/(4*a)];P2:[s2-b/(2*a),s3+c-b^2/(4*a)];P3:[s3-b/(2*a),s4+c-b^2/(4*a)];P4:[s4-b/(2*a),s5+c-b^2/(4*a)];P5:[s5-b/(2*a),s6+c-b^2/(4*a)];TP:[-b/(2*a),c-b^2/(4*a)];maxx:max(1,max(1,s1,s2,s3,s4,s5)-b/(2*a));maxy:max(1,c-b^2/(4*a)+max(1,s2,s3,s4,s5,s6));minx:min(-1,min(-1,s1,s2,s3,s4,s5)-b/(2*a));miny:min(-1,c-b^2/(4*a)+min(-1,s2,s3,s4,s5,s6));xtp:-b/(2*a);y:a*x^2+b*x+c;ys:2*a*x+b;ytp:c-b^2/(4*a);','','LP-PL-SK-030-graphisch MC',0,'[PI Plugin1 Plot \"//y(x):=y;input=mcxy(TP,P1,P2,P3,P4,P5,P6);x:1.2*minx,1.2*maxx;y:1.2*miny,1.2*maxy;w50h\"]',0,1,'',22,0,10,'editor',1,0,0,1,2,0,0,'',2,0.1,'',0,0,0,2811,2),(2853,'',0,0,'abc',3,0,5,1,'','',';::;','','LP-Plot-010-Plot-Cursor',0,'[PI Plugin1 Plot \"x:-10,10;y:-10,10;line(-7,-8,6,7,color=red);size=400;;\"]',0,0,'',22,0,10,'editor',0,0,0,1,2,0,0,'',2,0.1,'',0,0,0,2457,0),(2861,'',0,0,'abc',3,0,5,1,'','// Funktionen\ny:sin(x)\ny1:cos(x)\n\n// Fläche berechnen\nA:integrate(y1-y,x,-3*%pi/4,%pi/4)\n',';::;A:2^(3/2);y:sin(x);y1:cos(x);','','LP-PL-010-Fläche zwischen Kurven mit einer Legende',0,'[PI Plugin1 Plot \"y(x):=y;y1(x):=y1;fill:ch1<ch2;y:-1,1;y1:name=;x:-1pi,1pi\"]',0,1,'',22,0,10,'editor',1,0,0,1,2,0,0,'',2,0.1,'',0,0,0,2457,1),(2871,'',0,0,'abc',3,0,5,1,'','G:2/(1+s*T1)/(1+s*T2)',';::;G:2/((T1*s+1)*(T2*s+1));','','LP-PL-020-BodePlotEingabe',0,'[PI Plugin1 Plot \"G(s):=G;bode;cursor=all;w:0.1,100;abs:-40,10\"]',0,1,'',22,0,10,'editor',1,0,0,1,2,0,0,'',2,0.1,'',0,0,0,2457,2),(2884,'',0,0,'abc',3,0,5,1,'','A:[x1,y1]\nB:[x2,y2]\nC:[x3,y3]\nv1:B-A\nv2:C-A\nw:vin(v1,v2)/vabs(v1)/vabs(v2)\n',';::;A:[x1,y1];B:[x2,y2];C:[x3,y3];v1:[x2-x1,y2-y1];v2:[x3-x1,y3-y1];w:vin([x2-x1,y2-y1],[x3-x1,y3-y1])/(vabs([x2-x1,y2-y1])*vabs([x3-x1,y3-y1]));','','LP-PL-030-Plot mit Messung',0,'[PI Plugin1 Plot \"x:-10,10;y:-10,10;point(A,text=\"A\");point(B,text=\"B\");point(C,text=\"C\")\"]',0,1,'',22,0,10,'editor',1,0,0,1,2,0,0,'',2,0.1,'',0,0,0,2457,3),(2904,'',0,0,'abc',3,0,5,1,'','B1:[g1,z1,n1]\nB2:[g2,z2,n2]\nb:frac(B1)+frac(B2)\nB:defracmix(b)',';::;B:defracmix(frac([g2,z2,n2])+frac([g1,z1,n1]));B1:[g1,z1,n1];B2:[g2,z2,n2];b:frac([g2,z2,n2])+frac([g1,z1,n1]);','','LP-ZD-010-gemischte Brüche-Addition',0,'',0,1,'',22,0,10,'editor',1,0,0,1,2,0,0,'',2,0.1,'',0,0,0,2903,0),(2920,'',0,0,'abc',3,0,5,1,'','f:noopt(3*x^3*y+4*x^2+x*y^2)',';::;f:noopt(3*x^3*y+4*x^2+x*y^2);','','LP-ZD-020-vereinfachte Termdarstellung',0,'',0,1,'',22,0,10,'editor',1,0,0,1,2,0,0,'',2,0.1,'',0,0,0,2903,1),(2930,'',0,0,'abc',3,0,5,1,'','x:0.034\ny:1234567.8',';::;x:0.034;y:1.2345678E6;','','LP-ZD-030-Nachkommastellen',0,'',0,0,'',22,0,10,'editor',1,0,0,1,2,0,0,'',2,0.1,'',0,0,0,2903,2),(2940,'',0,0,'abc',3,0,5,1,'','v:[2,5,3,8,19]\nM:[[1,2,3],[4,5,6],[7,8,9]]',';::;M:matrix([1,2,3],[4,5,6],[7,8,9]);v:[2,5,3,8,19];','','LP-ZD-040-Vektor-Mengen Darstellung',0,'',0,0,'',22,0,10,'editor',1,0,0,1,2,0,0,'',2,0.1,'',0,0,0,2903,3),(2948,'',0,0,'abc',3,0,5,1,'','','','','LP-ZD-050-komplexe Zahlen',0,'',0,0,'',22,0,10,'editor',0,0,0,1,2,0,0,'',2,0.1,'',0,0,0,2903,4),(2961,'',0,0,'abc',3,0,5,1,'','p1:(3+2*x)^2*(1+5*x)/(4+2*x^2)\np:polynom(p1)',';::;p:polynom(2.25*(1+6.33333333333*x+7.11111111111*x^2+2.22222222222*x^3)/(1+0.5*x^2),x);p1:((2*x+3)^2*(5*x+1))/(2*x^2+4);','','LP-ZD-060-Polynom Darstellung',0,'',0,0,'',22,0,10,'editor',1,0,0,1,2,0,0,'',2,0.1,'',0,0,0,2903,5),(2970,'',0,0,'abc',3,0,5,1,'','M:[[2,3],[4,5],[6,3],[-2,4]]',';::;M:matrix([2,3],[4,5],[6,3],[-2,4]);','','LP-PV-010-Strecken',0,'[PI Plugin1 Plot \"drawline(M,color=red,pointstyle=\".-.\");x:-10,10;y:-10,10\"]',0,0,'',22,0,10,'editor',0,0,0,1,2,0,0,'',2,0.1,'',0,0,0,2969,0),(2977,'',0,0,'abc',3,0,5,1,'','M:[[2,3],[4,5],[6,3],[-2,4]]',';::;M:matrix([2,3],[4,5],[6,3],[-2,4]);','','LP-PV-020-Punkte',0,'[PI Plugin1 Plot \"f(x,y):=M;point(f);x:-10,10;y:-10,10\"]',0,0,'',22,0,10,'editor',1,0,0,1,2,0,0,'',2,0.1,'',0,0,0,2969,1),(2984,'',0,0,'abc',3,0,5,1,'','M:[[2,3],[4,5],[6,3],[-2,4],[-3,5],[-7,-9]]',';::;M:matrix([2,3],[4,5],[6,3],[-2,4],[-3,5],[-7,-9]);','','LP-PV-030-Sortierung',0,'[PI Plugin1 Plot \"f(x,y):=M;point(f);x:-10,10;y:-10,10\"]',0,0,'',22,0,10,'editor',1,0,0,1,2,0,0,'',2,0.1,'',0,0,0,2969,2),(2991,'',0,0,'abc',3,0,5,1,'','M:[[2,3],[4,5],[6,3],[-2,4],[-3,5],[-7,-9]]\nN:[[6,3],[-2.01,4],[2.01,3],[4.01,5],[-3,5],[-7,-9]]',';::;M:matrix([2,3],[4,5],[6,3],[-2,4],[-3,5],[-7,-9]);N:matrix([6,3],[-2.01,4],[2.01,3],[4.01,5],[-3,5],[-7,-9]);','','LP-PV-040-Vergleich',0,'[PI Plugin1 Plot \"f(x,y):=M;point(f);x:-10,10;y:-10,10\"]',0,0,'',22,0,10,'editor',1,0,0,1,2,0,0,'',2,0.1,'',0,0,0,2969,3),(2999,'',0,0,'abc',3,0,5,1,'','M:[2,-3,5,-6,2,4,5]',';::;M:[2,-3,5,-6,2,4,5];','','LP-MV-010-Mengenfunktionen',0,'',0,0,'',22,0,10,'editor',0,0,0,1,2,0,0,'',2,0.1,'',0,0,0,2998,0),(3007,'',0,0,'abc',3,0,5,1,'','M:[1,2,3,4]',';::;M:[1,2,3,4];','','LP-MV-020-SetShuffle',0,'',0,0,'',22,0,10,'editor',0,0,0,1,2,0,0,'',2,0.1,'',0,0,0,2998,1),(3016,'',0,0,'abc',3,0,5,1,'','R:U/I\nG:1/R\n\n//unit(R*)=Ohm',';::;G:1/4;I:4A;R:4Ohm;U:16V;','','LP-VB-010-VorBerechnung Demo',0,'',1,2,'',22,0,10,'editor',0,0,0,1,2,0,0,'',2,0.1,'',0,0,0,3015,0),(3031,'',0,0,'abc',3,0,5,1,'','p1:(3+2*x)^2*(1+5*x)/(4+2*x^2)\np:polynom(p1)',';::;p:polynom(2.25*(1+6.33333333333*x+7.11111111111*x^2+2.22222222222*x^3)/(1+0.5*x^2),x);p1:((2*x+3)^2*(5*x+1))/(2*x^2+4);','','LP-PN-010-Polynom Darstellung',0,'',0,0,'',22,0,10,'editor',1,0,0,1,2,0,0,'',2,0.1,'',0,0,0,3030,0),(3038,'',0,0,'abc',3,0,5,1,'','p:polynom((2+x)/(1+2*x))\nf:factfrompolynom(p)\nn:nullfrompolynom(p)',';::;f:factfrompolynom(polynom(2*(1+0.5*x)/(1+2*x),x));n:nullfrompolynom(polynom(2*(1+0.5*x)/(1+2*x),x));p:polynom(2*(1+0.5*x)/(1+2*x),x);','','LP-PN-020-Polynom-Funktionen',0,'',0,0,'',22,0,10,'editor',1,0,0,1,2,0,0,'',2,0.1,'',0,0,0,3030,1),(3049,'',0,0,'abc',3,0,5,1,'','c:cround(sqrt(a^2+b^2),4)\nn:a^2+b^2-c^2',';::;c:cround(sqrt(b^2+a^2,2),4);n:(-cround(sqrt(b^2+a^2,2),4)^2)+b^2+a^2;','','LT-FG-010-Rechentoleranz bei und um Null',0,'',0,3,'',22,0,10,'editor',1,0,0,1,2,0,0,'',2,0.1,'',0,0,0,3048,0),(3068,'',0,0,'abc',3,0,5,1,'','','','','LT-FG-020-Formatierungen HTML',0,'',0,0,'',22,0,10,'editor',1,0,0,1,2,0,0,'',2,0.1,'',0,0,0,3048,2),(3076,'',0,0,'abc',3,0,5,1,'','erg:5',';::;','','LT-FG-030-Taschenrechner und Vorschau',0,'',0,2,'',22,0,10,'editor',1,0,0,1,2,0,0,'',2,0.1,'',0,0,0,3048,3),(3088,'',0,0,'abc',3,0,5,1,'','','','','LT-FT-010-Lückentext Normal',0,'',0,3,'',19,0,10,'editor',0,0,0,1,2,0,0,'',2,0.1,'',0,0,0,3048,1),(3105,'',0,0,'abc',3,0,5,1,'','','','','LT-FT-011-Lückentext Drag and Drop',0,'',0,3,'',19,0,10,'editor',1,0,0,1,3,0,0,'',2,0.1,'',0,0,0,3048,4),(3122,'',0,0,'abc',3,0,5,1,'','','','','LT-FG-021-Sonderzeichen',0,'',0,0,'',22,0,10,'editor',0,0,0,1,2,0,0,'',2,0.1,'',0,0,0,3048,5),(3132,'',0,0,'abc',3,0,5,1,'','',';::;','','LeTTo-DS-010-Zeichenketten',0,'',0,0,'',22,0,10,'editor',1,0,0,1,2,0,0,'',2,0.1,'',0,0,0,3131,0),(3144,'',0,0,'abc',3,0,5,1,'','e3:[1,2,5]\ne6:[1,1.5,2.2,3.3,4.7,6.8]\ne12:[1,1.2,1.5,1.8,2.2,2.7,3.3,3.9,4.7,5.6,6.8,8.2]\ne24:[1,1.1,1.2,1.3,1.5,1.6,1.8,2.0,2.2,2.4,2.7,3.0,3.3,3.6,3.9,4.3,4.7,5.1,5.6,6.2,6.8,7.5,8.2,9.1]\ne48:[1,1.05,1.1,1.15,1.21,1.27,1.33,1.40,1.47,1.54,1.62,1.69,1.78,1.87,1.96,2.05,2.15,2.26,2.37,2.49,2.61,2.74,2.87,3.01,3.16,3.32,3.48,3.65,3.83,4.02,4.22,4.42,4.64,4.87,5.11,5.36,5.62,5.9,6.19,6.49,6.81,7.15,7.5,7.87,8.25,8.66,9.09,9.53]\nd2:[1,5]\nd5:[1,2,4,6,8]\nd10:[1,2,3,4,5,6,7,8,9]\nd20:[1,1.5,2,2.5,3,3.5,4,4.5,5,5.5,6,6.5,7,7.5,8,8.5,9,9.5]\nd40:[1,1.1,1.2,1.3,1.4,1.5,1.6,1.7,1.8,1.9,2,2.1,2.2,2.3,2.4,2.5,2.6,2.8,3,3.2,3.4,3.5,3.6,3.8,4,4.5,5,5.5,6,6.5,7,7.5,8,8.5,9,9.5]',';::;d10:[1,2,3,4,5,6,7,8,9];d2:[1,5];d20:[1,1.5,2,2.5,3,3.5,4,4.5,5,5.5,6,6.5,7,7.5,8,8.5,9,9.5];d40:[1,1.1,1.2,1.3,1.4,1.5,1.6,1.7,1.8,1.9,2,2.1,2.2,2.3,2.4,2.5,2.6,2.8,3,3.2,3.4,3.5,3.6,3.8,4,4.5,5,5.5,6,6.5,7,7.5,8,8.5,9,9.5];d5:[1,2,4,6,8];e12:[1,1.2,1.5,1.8,2.2,2.7,3.3,3.9,4.7,5.6,6.8,8.2];e24:[1,1.1,1.2,1.3,1.5,1.6,1.8,2,2.2,2.4,2.7,3,3.3,3.6,3.9,4.3,4.7,5.1,5.6,6.2,6.8,7.5,8.2,9.1];e3:[1,2,5];e48:[1,1.05,1.1,1.15,1.21,1.27,1.33,1.4,1.47,1.54,1.62,1.69,1.78,1.87,1.96,2.05,2.15,2.26,2.37,2.49,2.61,2.74,2.87,3.01,3.16,3.32,3.48,3.65,3.83,4.02,4.22,4.42,4.64,4.87,5.11,5.36,5.62,5.9,6.19,6.49,6.81,7.15,7.5,7.87,8.25,8.66,9.09,9.53];e6:[1,1.5,2.2,3.3,4.7,6.8];','','LeTTo-DS-020-Datensätze definieren',0,'',0,0,'',22,0,10,'editor',1,0,0,1,2,0,0,'',2,0.1,'',0,0,0,3131,1),(3160,'',0,0,'abc',3,0,5,1,'','',';::;','','LeTTo-DS-030-Datensätze Vektor-Matrix',0,'',0,0,'',22,0,10,'editor',1,0,0,1,2,0,0,'',2,0.1,'',0,0,0,3131,2),(3174,'',0,0,'abc',3,0,5,1,'','H:foreach(dataset(h),c,[realpart(c),imagpart(c)])\nI:foreach(dataset(i),c,[realpart(c),imagpart(c)])\nJ:foreach(dataset(j),c,[realpart(c),imagpart(c)])\nln:[[2*cos(10°),2*sin(10°)],[4*cos(10°),4*sin(10°)]]\n',';::;H:matrix([2.45933947885,-1.53676586628],[-2.4248711306,1.4],[-2.59540657903,-0.744220860706],[-3.4,0],[2.14492444073,-1.79980530712],[-2.65292023218,1.78941729111],[2.45933947885,-1.53676586628],[3.46410161514,-2],[-2.4248711306,1.4],[-2.75803763762,2.15481516364],[-2.66295824563,-0.86524758425],[2.45933947885,-1.53676586628],[-3.37749907476,-1.95],[2.05724838302,2.83155948031],[3,0],[-2.08849598027,0.219509772862],[2.54414428847,-1.5897577927],[2.05724838302,2.83155948031],[-2.46201938253,-0.434120444167],[1.12866647297,-3.10098564859],[-3.28192225472,0.344943928783],[2.08397511138,-2.15801940102],[0.698811421777,2.60799973098],[-2.29813332936,1.92836282906],[-1.11246117975,-3.42380345866],[2.05724838302,2.83155948031],[2.18742998748,0.710739087062],[-2.26505783193,-0.399390808634],[-2.65292023218,1.78941729111],[-2.26505783193,-0.399390808634],[-2.66295824563,-0.86524758425],[-1.60071983585,2.04882795938],[2.30374895898,-2.07430487971],[-2.46201938253,-0.434120444167],[2.14492444073,-1.79980530712],[-2.588854382,1.88091280734],[-1.76190221917,1.47841150228],[-2.46201938253,-0.434120444167],[-2.26505783193,-0.399390808634],[-2.75803763762,2.15481516364]);I:matrix([2.33143788437,1.88796117315],[0.786673846173,1.94708609459],[0.555674168534,3.15138480964],[1.88677395056,1.64014757248],[1.94286490364,1.57330097762],[2.48660258551,2.31879442421],[0.382025990867,2.16657705663],[0.139512947488,1.99512810052],[2.65979360424,2.85227943631],[2.29566374143,1.22062606324],[2.40915248052,1.95089321225],[0.382025990867,2.16657705663],[1.00343025873,2.61402519419],[3.17861133429,1.69009762603],[1.94286490364,1.57330097762],[2.56601257276,2.23060069857],[1.3485837363,3.33786187644],[1.84139557217,1.97465499437],[1.77808695269,2.5393713373],[1.23620175827,3.05970672007],[2.06901374284,3.06743901845],[2.40915248052,1.95089321225],[2.06901374284,3.06743901845],[0.64321775039,2.10387046312],[0.17439118436,2.49391012565],[3.47492544433,1.77056294898],[1.88677395056,1.64014757248],[3.17861133429,1.69009762603],[1.08635912091,2.68883317824],[0.697348268466,3.02054720083],[3.17861133429,1.69009762603],[1.3485837363,3.33786187644],[1.78941729111,2.65292023218],[0.209269421232,2.99269215078],[1.77808695269,2.5393713373],[0.555674168534,3.15138480964],[2.29566374143,1.22062606324],[1.40594789871,2.5363971507],[0.382025990867,2.16657705663],[2.48660258551,2.31879442421]);J:matrix([2.7,4],[2.8,1.5],[2.8,1.5],[2.9,5.7],[3,-0.8],[3.4,-0.71],[3.5,3.1],[3.1,5.7],[4,1.3],[3.5,3.1],[2.2,5.8],[3.7,2.1],[3.4,-0.7],[2.9,-1],[2.8,5.8],[3,-0.8],[3.1,3.6],[3.4,-0.7],[3.4,-0.71],[3.9,1.9],[3.9,3.3],[3.2,-1],[2.9,-1],[2.7,4],[2.9,-1],[2.1,2.7],[3.3,3.8],[3.9,1.9],[2.8,5],[3.1,3.6],[3.9,3.3],[3.9,3.3],[3.9,2.6],[3.1,0.69],[2.8,1.5],[4,1.3],[3.4,5.2],[2.8,1.5],[2.7,4],[3.1,3.6]);ln:matrix([1.96961550602,0.347296355334],[3.93923101205,0.694592710668]);','','LeTTo-DS-040-Datentypen für Zahlen',0,'[PI Plugin1 Plot \"w30;drawpoints(H,color=red);circle(0,0,2,color=blue);circle(0,0,4,color=blue)\"],[PI Plugin2 Plot \"w30;drawpoints(I,color=red);arc(0,0,2,10°,80°,color=blue);arc(0,0,4,10°,80°,color=blue);line(0,2,0,4,color=blue);drawline(ln,color=blue);\"],[PI Plugin3 Plot \"w30;drawpoints(J,color=red);rect(2,-2,4,6,color=blue)\"]',0,0,'',22,0,10,'editor',1,1,0,1,2,0,0,'',2,0.1,'',0,0,0,3131,3);

--
-- Table structure for table `questioncomment`
--

CREATE TABLE `questioncomment` (
  `id` int NOT NULL AUTO_INCREMENT,
  `ICON` int DEFAULT NULL,
  `MESSAGE` longtext,
  `question_id` bigint DEFAULT NULL,
  PRIMARY KEY (`id`),
  KEY `FK_questioncomment_question_id` (`question_id`),
  CONSTRAINT `FK_questioncomment_question_id` FOREIGN KEY (`question_id`) REFERENCES `question` (`id`)
) ENGINE=InnoDB AUTO_INCREMENT=3176 DEFAULT CHARSET=utf8mb4 COLLATE=utf8mb4_0900_ai_ci;

--
-- Dumping data for table `questioncomment`
--

INSERT INTO `questioncomment` VALUES (2276,1,'',2275),(2290,1,'',2289),(2307,1,'',2306),(2326,1,'',2325),(2343,1,'',2342),(2361,1,'',2360),(2377,1,'',2376),(2395,1,'',2394),(2429,1,'',2428),(2461,1,'',2460),(2471,1,'',2470),(2484,1,'',2483),(2495,1,'',2494),(2508,1,'',2507),(2520,1,'',2519),(2533,1,'',2532),(2546,1,'',2545),(2556,1,'',2555),(2566,1,'',2565),(2576,1,'',2575),(2586,1,'',2585),(2598,1,'',2597),(2611,1,'',2610),(2626,1,'',2625),(2650,1,'',2649),(2663,1,'',2662),(2682,1,'',2681),(2697,1,'',2696),(2813,1,'',2812),(2824,1,'',2823),(2835,1,'',2834),(2854,1,'',2853),(2862,1,'',2861),(2872,1,'',2871),(2885,1,'',2884),(2905,1,'',2904),(2921,1,'',2920),(2931,1,'',2930),(2941,1,'',2940),(2949,1,'',2948),(2962,1,'',2961),(3000,1,'',2999),(3008,1,'',3007),(3017,1,'',3016),(3050,1,'',3049),(3069,1,'',3068),(3077,1,'',3076),(3089,1,'',3088),(3106,1,'',3105),(3123,1,'',3122),(3133,1,'',3132),(3145,1,'',3144),(3161,1,'',3160),(3175,1,'',3174);

--
-- Table structure for table `questiontexthistory`
--

CREATE TABLE `questiontexthistory` (
  `id` int NOT NULL AUTO_INCREMENT,
  `IDQUESTION` int DEFAULT NULL,
  `INFOS` longtext,
  `TEXT` longtext,
  `timestamp` timestamp NOT NULL DEFAULT CURRENT_TIMESTAMP ON UPDATE CURRENT_TIMESTAMP,
  PRIMARY KEY (`id`)
) ENGINE=InnoDB DEFAULT CHARSET=utf8mb4 COLLATE=utf8mb4_0900_ai_ci;

--
-- Dumping data for table `questiontexthistory`
--


--
-- Table structure for table `schuelerKlasse`
--

CREATE TABLE `schuelerKlasse` (
  `id` int NOT NULL AUTO_INCREMENT,
  `KatNr` int DEFAULT NULL,
  `MAHNUNGSEM1` tinyint(1) DEFAULT '0',
  `MAHNUNGSEM2` tinyint(1) DEFAULT '0',
  `idKlasse` int DEFAULT NULL,
  `idUser` int NOT NULL,
  `KURSKENNUNG` varchar(255) DEFAULT NULL,
  PRIMARY KEY (`id`),
  KEY `FK_schuelerKlasse_idKlasse` (`idKlasse`),
  KEY `FK_schuelerKlasse_idUser` (`idUser`),
  CONSTRAINT `FK_schuelerKlasse_idKlasse` FOREIGN KEY (`idKlasse`) REFERENCES `klasse` (`id`),
  CONSTRAINT `FK_schuelerKlasse_idUser` FOREIGN KEY (`idUser`) REFERENCES `user` (`id`)
) ENGINE=InnoDB DEFAULT CHARSET=utf8mb4 COLLATE=utf8mb4_0900_ai_ci;

--
-- Dumping data for table `schuelerKlasse`
--


--
-- Table structure for table `schuelerKlasse_deskriptor`
--

CREATE TABLE `schuelerKlasse_deskriptor` (
  `SchuelerKlasse_ID` int NOT NULL,
  `negativeDeskriptoren_ID` int NOT NULL,
  PRIMARY KEY (`SchuelerKlasse_ID`,`negativeDeskriptoren_ID`),
  KEY `schuelerKlasse_deskriptor_negativeDeskriptoren_ID` (`negativeDeskriptoren_ID`),
  CONSTRAINT `FK_schuelerKlasse_deskriptor_SchuelerKlasse_ID` FOREIGN KEY (`SchuelerKlasse_ID`) REFERENCES `schuelerKlasse` (`id`),
  CONSTRAINT `schuelerKlasse_deskriptor_negativeDeskriptoren_ID` FOREIGN KEY (`negativeDeskriptoren_ID`) REFERENCES `deskriptor` (`id`)
) ENGINE=InnoDB DEFAULT CHARSET=utf8mb4 COLLATE=utf8mb4_0900_ai_ci;

--
-- Dumping data for table `schuelerKlasse_deskriptor`
--


--
-- Table structure for table `schuelergruppe`
--

CREATE TABLE `schuelergruppe` (
  `id` int NOT NULL AUTO_INCREMENT,
  `GRUPPENNAME` varchar(255) DEFAULT NULL,
  `GEGENSTAND_ID` int DEFAULT NULL,
  `SCHUELERKLASSE_ID` int DEFAULT NULL,
  PRIMARY KEY (`id`),
  KEY `FK_schuelergruppe_SCHUELERKLASSE_ID` (`SCHUELERKLASSE_ID`),
  KEY `FK_schuelergruppe_GEGENSTAND_ID` (`GEGENSTAND_ID`),
  CONSTRAINT `FK_schuelergruppe_GEGENSTAND_ID` FOREIGN KEY (`GEGENSTAND_ID`) REFERENCES `gegenstand` (`id`),
  CONSTRAINT `FK_schuelergruppe_SCHUELERKLASSE_ID` FOREIGN KEY (`SCHUELERKLASSE_ID`) REFERENCES `schuelerKlasse` (`id`)
) ENGINE=InnoDB DEFAULT CHARSET=utf8mb4 COLLATE=utf8mb4_0900_ai_ci;

--
-- Dumping data for table `schuelergruppe`
--


--
-- Table structure for table `schule`
--

CREATE TABLE `schule` (
  `id` int NOT NULL AUTO_INCREMENT,
  `ADRESSE` varchar(100) DEFAULT NULL,
  `ANSPRECHPARTNER` varchar(255) DEFAULT NULL,
  `DIREKTOR` varchar(100) DEFAULT NULL,
  `EMAIL` varchar(100) DEFAULT NULL,
  `INFO` varchar(100) DEFAULT NULL,
  `NAME` varchar(100) DEFAULT NULL,
  `SCHULKENNZAHL` varchar(100) DEFAULT NULL,
  `SEMESTRIERUNG` int DEFAULT NULL,
  `TELEFON` varchar(100) CHARACTER SET latin1 COLLATE latin1_swedish_ci DEFAULT NULL,
  `UNGERADEWINTERSEMESTER` tinyint(1) DEFAULT '0',
  `USEALLCATEGORIES` tinyint(1) DEFAULT '0',
  `WEB` varchar(100) DEFAULT NULL,
  PRIMARY KEY (`id`)
) ENGINE=InnoDB AUTO_INCREMENT=2 DEFAULT CHARSET=utf8mb3;

--
-- Dumping data for table `schule`
--

INSERT INTO `schule` VALUES (1,NULL,'Ansprechpartner',NULL,'a@b',NULL,'Schule',NULL,NULL,'1234',1,1,NULL);

--
-- Table structure for table `schule_category`
--

CREATE TABLE `schule_category` (
  `categories_ID` int NOT NULL,
  `schulen_ID` int NOT NULL,
  PRIMARY KEY (`categories_ID`,`schulen_ID`),
  KEY `FK_schule_category_schulen_ID` (`schulen_ID`),
  CONSTRAINT `FK_schule_category_categories_ID` FOREIGN KEY (`categories_ID`) REFERENCES `category` (`id`),
  CONSTRAINT `FK_schule_category_schulen_ID` FOREIGN KEY (`schulen_ID`) REFERENCES `schule` (`id`)
) ENGINE=InnoDB DEFAULT CHARSET=utf8mb4 COLLATE=utf8mb4_0900_ai_ci;

--
-- Dumping data for table `schule_category`
--


--
-- Table structure for table `schule_schultyp`
--

CREATE TABLE `schule_schultyp` (
  `schulen_ID` int NOT NULL,
  `schulTypen_ID` int NOT NULL,
  PRIMARY KEY (`schulen_ID`,`schulTypen_ID`),
  KEY `FK_schule_schultyp_schulTypen_ID` (`schulTypen_ID`),
  CONSTRAINT `FK_schule_schultyp_schulen_ID` FOREIGN KEY (`schulen_ID`) REFERENCES `schule` (`id`),
  CONSTRAINT `FK_schule_schultyp_schulTypen_ID` FOREIGN KEY (`schulTypen_ID`) REFERENCES `schultyp` (`id`)
) ENGINE=InnoDB DEFAULT CHARSET=utf8mb4 COLLATE=utf8mb4_0900_ai_ci;

--
-- Dumping data for table `schule_schultyp`
--


--
-- Table structure for table `schuljahr`
--

CREATE TABLE `schuljahr` (
  `id` int NOT NULL AUTO_INCREMENT,
  `BIS` date DEFAULT NULL,
  `IMMERGUELTIG` tinyint(1) DEFAULT '0',
  `NAME` varchar(40) NOT NULL,
  `SEMESTER` date DEFAULT NULL,
  `VON` date DEFAULT NULL,
  PRIMARY KEY (`id`)
) ENGINE=InnoDB AUTO_INCREMENT=2265 DEFAULT CHARSET=utf8mb4 COLLATE=utf8mb4_0900_ai_ci;

--
-- Dumping data for table `schuljahr`
--

INSERT INTO `schuljahr` VALUES (1,'2022-08-31',0,'2021/22','2022-02-10','2021-09-01'),(2264,'2023-08-31',0,'2022/23','2023-02-10','2022-09-01');

--
-- Table structure for table `schultyp`
--

CREATE TABLE `schultyp` (
  `id` int NOT NULL AUTO_INCREMENT,
  `ABK` varchar(255) DEFAULT NULL,
  `BESCHREIBUNG` varchar(100) DEFAULT NULL,
  `STARTSCHULSTUFE` int DEFAULT NULL,
  `TYP` varchar(100) DEFAULT NULL,
  PRIMARY KEY (`id`)
) ENGINE=InnoDB AUTO_INCREMENT=2130509 DEFAULT CHARSET=utf8mb4 COLLATE=utf8mb4_0900_ai_ci;

--
-- Dumping data for table `schultyp`
--

INSERT INTO `schultyp` VALUES (2130500,NULL,NULL,0,'Gymnasium Unterstufe'),(2130501,NULL,NULL,0,'Gymnasium Oberstufe'),(2130502,NULL,NULL,0,'Abendschule'),(2130503,NULL,NULL,0,'Fachschule'),(2130504,NULL,NULL,0,'Höhere'),(2130505,NULL,NULL,0,'Mittelschule'),(2130506,NULL,NULL,0,'Berufsschule'),(2130507,NULL,NULL,0,'Hochschule'),(2130508,NULL,NULL,0,'Universität');

--
-- Table structure for table `schultyp_gegenstand`
--

CREATE TABLE `schultyp_gegenstand` (
  `gegenstaende_ID` int NOT NULL,
  `schultypen_ID` int NOT NULL,
  PRIMARY KEY (`gegenstaende_ID`,`schultypen_ID`),
  KEY `FK_schultyp_gegenstand_schultypen_ID` (`schultypen_ID`),
  CONSTRAINT `FK_schultyp_gegenstand_gegenstaende_ID` FOREIGN KEY (`gegenstaende_ID`) REFERENCES `gegenstand` (`id`),
  CONSTRAINT `FK_schultyp_gegenstand_schultypen_ID` FOREIGN KEY (`schultypen_ID`) REFERENCES `schultyp` (`id`)
) ENGINE=InnoDB DEFAULT CHARSET=utf8mb4 COLLATE=utf8mb4_0900_ai_ci;

--
-- Dumping data for table `schultyp_gegenstand`
--


--
-- Table structure for table `subquestion`
--

CREATE TABLE `subquestion` (
  `id` bigint NOT NULL AUTO_INCREMENT,
  `GRADE` double DEFAULT NULL,
  `MAXIMA` longtext,
  `MODE` int DEFAULT NULL,
  `NAME` varchar(80) DEFAULT NULL,
  `PLUGININFO` longtext,
  `SCHWIERIGKEIT` int DEFAULT NULL,
  `SHUFFLEANSWERS` int DEFAULT NULL,
  `PARENT_ID` bigint DEFAULT NULL,
  `subQuestions_ORDER` int DEFAULT NULL,
  PRIMARY KEY (`id`),
  KEY `FK_subquestion_PARENT_ID` (`PARENT_ID`),
  CONSTRAINT `FK_subquestion_PARENT_ID` FOREIGN KEY (`PARENT_ID`) REFERENCES `question` (`id`)
) ENGINE=InnoDB AUTO_INCREMENT=3118 DEFAULT CHARSET=utf8mb4 COLLATE=utf8mb4_0900_ai_ci;

--
-- Dumping data for table `subquestion`
--

INSERT INTO `subquestion` VALUES (2287,1,'',3,'Q1','',3,1,2275,0),(2304,1,'',4,'Q0','',0,1,2289,0),(2321,1,'',8,'Q7','',0,1,2306,0),(2340,1,'',4,'Q1','',0,1,2325,0),(2356,1,'',4,'Q2','',0,1,2342,0),(2358,1,'',4,'Q3','',0,1,2342,1),(2374,1,'',4,'Q4','',0,1,2360,0),(2390,1,'',4,'Q5','',0,1,2376,0),(2392,1,'',4,'Q6','',0,1,2376,1),(2410,1,'',4,'Q0','',0,1,2394,0),(2412,1,'',4,'Q1','',0,1,2394,1),(2414,1,'',4,'Q2','',0,1,2394,2),(2416,1,'',4,'Q3','',0,1,2394,3),(2418,1,'',4,'Q4','',0,1,2394,4),(2420,1,'',4,'Q5','',0,1,2394,5),(2422,1,'',4,'Q6','',0,1,2394,6),(2424,1,'',8,'Q7','',1,1,2394,7),(2442,1,'',4,'Q0','',0,1,2428,0),(2444,1,'',4,'Q1','',0,1,2428,1),(2446,1,'',4,'Q2','',0,1,2428,2),(2448,1,'',4,'Q3','',0,1,2428,3),(2450,1,'',4,'Q4','',0,1,2428,4),(2452,1,'',4,'Q5','',0,1,2428,5),(2454,1,'',4,'Q6','',0,1,2428,6),(2468,1,'',6,'Q0','Plugin1:',0,1,2460,0),(2481,1,'',6,'Q0','Plugin1:',0,1,2470,0),(2492,1,'',6,'Q0','Plugin1:input=point',0,1,2483,0),(2505,1,'',6,'Q0','Plugin1:input=points',0,1,2494,0),(2517,1,'',6,'Q0','Plugin1:input=measure;cursor=all',0,1,2507,0),(2530,1,'',6,'Q0','Plugin1:w40h;input=polygon',0,1,2519,0),(2543,1,'',6,'Q0','Plugin1:w40h;input=polygon',0,1,2532,0),(2553,1,'',6,'Q0','Plugin1:w40h;input=line;cursor=all',0,1,2545,0),(2563,1,'',6,'Q0','Plugin1:w40h;input=lines',0,1,2555,0),(2573,1,'',6,'Q0','Plugin1:w40h;input=function;inputcounter=5',0,1,2565,0),(2583,1,'',6,'Q0','Plugin1:w40h;input=points;inputcounter=5',0,1,2575,0),(2595,1,'',6,'Q0','Plugin1:',0,1,2585,0),(2607,1,'',6,'Q0','Plugin1:',0,1,2597,0),(2619,0,'',6,'Q0','Plugin1:',0,1,2610,0),(2621,1,'',5,'Q1','',0,1,2610,1),(2623,1,'',5,'Q2','',0,1,2610,2),(2636,0,'',6,'Q0','Plugin1:',0,1,2625,0),(2638,1,'',5,'Q1','',0,1,2625,1),(2641,1,'',5,'Q2','',0,1,2625,2),(2644,1,'',5,'Q3','',0,1,2625,3),(2647,0.5,'',5,'Q4','',0,1,2625,4),(2658,0,'',6,'Q0','Plugin1:',0,1,2649,0),(2660,1,'',5,'Q1','',0,1,2649,1),(2674,0,'',6,'Q0','Plugin1:',0,1,2662,0),(2676,1,'',5,'Q1','',0,1,2662,1),(2689,0,'',6,'Q0','Plugin1:',0,1,2681,0),(2691,1,'',5,'Q1','',0,1,2681,1),(2704,0,'',6,'Q0','Plugin1:',0,1,2696,0),(2706,1,'',5,'Q1','',0,1,2696,1),(2715,1,'',6,'Q0','Plugin1:',0,1,2708,0),(2717,1,'',5,'Q1','',0,1,2708,1),(2719,0,'',6,'Q2','Plugin1:',0,1,2708,2),(2721,1,'',5,'Q3','',0,1,2708,3),(2730,1,'',6,'Q0','Plugin1:',0,1,2723,0),(2732,1,'',5,'Q1','',0,1,2723,1),(2734,0,'',6,'Q2','Plugin1:',0,1,2723,2),(2736,1,'',5,'Q3','',0,1,2723,3),(2745,1,'',6,'Q0','Plugin1:',0,1,2738,0),(2747,1,'',5,'Q1','',0,1,2738,1),(2749,0,'',6,'Q2','Plugin1:',0,1,2738,2),(2751,1,'',5,'Q3','',0,1,2738,3),(2762,1,'',6,'Q0','Plugin1:',0,1,2753,0),(2764,0,'',6,'Q2','Plugin1:',0,1,2753,1),(2766,1,'',5,'Q3','',0,1,2753,2),(2777,0,'',6,'Q0','Plugin1:',0,1,2768,0),(2779,1,'',5,'Q1','',0,1,2768,1),(2788,1,'',6,'Q0','Plugin1:',0,1,2781,0),(2790,1,'',5,'Q1','',0,1,2781,1),(2792,0,'',6,'Q2','Plugin1:',0,1,2781,2),(2794,1,'',5,'Q3','',0,1,2781,3),(2803,1,'',6,'Q0','Plugin1:',0,1,2796,0),(2805,1,'',5,'Q1','',0,1,2796,1),(2807,0,'',6,'Q2','Plugin1:',0,1,2796,2),(2809,1,'',5,'Q3','',0,1,2796,3),(2821,1,'',6,'Q0','Plugin1:',0,1,2812,0),(2832,1,'',6,'Q0','Plugin1:',0,1,2823,0),(2851,1,'',6,'Q0','Plugin1:',0,1,2834,0),(2869,1,'',4,'Q0','',0,1,2861,0),(2881,1,'',4,'Q0','',0,1,2871,0),(2898,0,'',4,'Q0','',0,1,2884,0),(2900,1,'',4,'Q1','',0,1,2884,1),(2918,1,'',4,'Q0','',0,1,2904,0),(2928,1,'',4,'Q0','',0,1,2920,0),(2938,0,'',4,'Q0','',0,1,2930,0),(3026,1,'',4,'Q0','',0,1,3016,0),(3028,1,'',4,'Q1','',0,1,3016,1),(3060,1,'',4,'Q0','',0,1,3049,0),(3062,1,'',4,'Q1','',0,1,3049,1),(3064,0,'',4,'Q2','',0,1,3049,2),(3066,1,'',5,'Q3','',0,1,3049,3),(3084,1,'',4,'Q0','',0,1,3076,0),(3086,1,'',4,'Q1','',0,1,3076,1),(3096,2,'',1,'Q0','',0,1,3088,0),(3098,1,'',1,'Q1','',0,1,3088,1),(3100,2,'',1,'Q2','',0,1,3088,2),(3113,2,'',1,'Q0','',0,1,3105,0),(3115,1,'',1,'Q1','',0,1,3105,1),(3117,2,'',1,'Q2','',0,1,3105,2);

--
-- Table structure for table `subscription`
--

CREATE TABLE `subscription` (
  `id` int NOT NULL AUTO_INCREMENT,
  `BIS` date DEFAULT NULL,
  `VON` date DEFAULT NULL,
  `idThema` int DEFAULT NULL,
  `idUser` int DEFAULT NULL,
  PRIMARY KEY (`id`),
  KEY `FK_subscription_idThema` (`idThema`),
  KEY `FK_subscription_idUser` (`idUser`),
  CONSTRAINT `FK_subscription_idThema` FOREIGN KEY (`idThema`) REFERENCES `lehrerKlasse` (`id`),
  CONSTRAINT `FK_subscription_idUser` FOREIGN KEY (`idUser`) REFERENCES `user` (`id`)
) ENGINE=InnoDB DEFAULT CHARSET=utf8mb4 COLLATE=utf8mb4_0900_ai_ci;

--
-- Dumping data for table `subscription`
--


--
-- Table structure for table `symbolicrexexp`
--

CREATE TABLE `symbolicrexexp` (
  `ID` int NOT NULL AUTO_INCREMENT,
  `HELP` longtext,
  `NAME` varchar(40) NOT NULL,
  `REXEXP` varchar(250) NOT NULL,
  PRIMARY KEY (`ID`)
) ENGINE=InnoDB AUTO_INCREMENT=3 DEFAULT CHARSET=utf8mb4 COLLATE=utf8mb4_0900_ai_ci;

--
-- Dumping data for table `symbolicrexexp`
--

INSERT INTO `symbolicrexexp` VALUES (1,NULL,'Einfachbruch','regexp Einfachbruch'),(2,NULL,'Keine Klammern','regExp keine Klammern');

--
-- Table structure for table `testAnswerSubQuestion`
--

CREATE TABLE `testAnswerSubQuestion` (
  `id` int NOT NULL AUTO_INCREMENT,
  `ANSWER` longtext,
  `IST` double DEFAULT NULL,
  `LEHRERSCORED` tinyint(1) DEFAULT '0',
  `ORIGIST` double DEFAULT NULL,
  `SCOREANZAHL` int DEFAULT NULL,
  `SCOREINFO` longtext,
  `SCORETEXT` longtext,
  `SCORED` int DEFAULT NULL,
  `SOLL` double DEFAULT NULL,
  `SUBQUEST` varchar(255) DEFAULT NULL,
  `idTestAntwort` int DEFAULT NULL,
  `idSubQuestion` bigint DEFAULT NULL,
  `antwortenSubquestions_ORDER` int DEFAULT NULL,
  PRIMARY KEY (`id`),
  KEY `FK_testAnswerSubQuestion_idSubQuestion` (`idSubQuestion`),
  KEY `FK_testAnswerSubQuestion_idTestAntwort` (`idTestAntwort`),
  CONSTRAINT `FK_testAnswerSubQuestion_idSubQuestion` FOREIGN KEY (`idSubQuestion`) REFERENCES `subquestion` (`id`),
  CONSTRAINT `FK_testAnswerSubQuestion_idTestAntwort` FOREIGN KEY (`idTestAntwort`) REFERENCES `testAntwort` (`id`)
) ENGINE=InnoDB DEFAULT CHARSET=utf8mb4 COLLATE=utf8mb4_0900_ai_ci;

--
-- Dumping data for table `testAnswerSubQuestion`
--


--
-- Table structure for table `testAntwort`
--

CREATE TABLE `testAntwort` (
  `id` int NOT NULL AUTO_INCREMENT,
  `Bewertung` int DEFAULT NULL,
  `EINGABE` longtext,
  `MANELLSCORED` tinyint(1) DEFAULT '0',
  `Points` double DEFAULT NULL,
  `TIMESTAMP` datetime DEFAULT NULL,
  `USERRESCORE` int DEFAULT NULL,
  `idTestDetail` int DEFAULT NULL,
  PRIMARY KEY (`id`),
  KEY `FK_testAntwort_idTestDetail` (`idTestDetail`),
  CONSTRAINT `FK_testAntwort_idTestDetail` FOREIGN KEY (`idTestDetail`) REFERENCES `testDetails` (`id`)
) ENGINE=InnoDB DEFAULT CHARSET=utf8mb4 COLLATE=utf8mb4_0900_ai_ci;

--
-- Dumping data for table `testAntwort`
--


--
-- Table structure for table `testDetails`
--

CREATE TABLE `testDetails` (
  `id` int NOT NULL AUTO_INCREMENT,
  `DATASET` longtext,
  `FILESFORDETAIL` longtext,
  `individualFeedback` longtext,
  `Selektor` int DEFAULT NULL,
  `TESTANTWORTJSON` longtext,
  `question` int DEFAULT NULL,
  `idTestVersuch` int DEFAULT NULL,
  `idUser` int DEFAULT NULL,
  `documentId` int DEFAULT NULL,
  `testDetails_ORDER` int DEFAULT NULL,
  PRIMARY KEY (`id`),
  KEY `FK_testDetails_idTestVersuch` (`idTestVersuch`),
  KEY `FK_testDetails_idUser` (`idUser`),
  KEY `FK_testDetails_documentId` (`documentId`),
  KEY `FK_testDetails_question` (`question`),
  CONSTRAINT `FK_testDetails_documentId` FOREIGN KEY (`documentId`) REFERENCES `dokumente` (`id`),
  CONSTRAINT `FK_testDetails_idTestVersuch` FOREIGN KEY (`idTestVersuch`) REFERENCES `testVersuch` (`id`),
  CONSTRAINT `FK_testDetails_idUser` FOREIGN KEY (`idUser`) REFERENCES `user` (`id`),
  CONSTRAINT `FK_testDetails_question` FOREIGN KEY (`question`) REFERENCES `testFrage` (`id`)
) ENGINE=InnoDB DEFAULT CHARSET=utf8mb4 COLLATE=utf8mb4_0900_ai_ci;

--
-- Dumping data for table `testDetails`
--


--
-- Table structure for table `testFrage`
--

CREATE TABLE `testFrage` (
  `id` int NOT NULL AUTO_INCREMENT,
  `FRAGENGRUPPE` int DEFAULT NULL,
  `POINTS` double DEFAULT NULL,
  `GRUPPEVONFRAGEN_ID` int DEFAULT NULL,
  `idQuestion` bigint DEFAULT NULL,
  `idTestGruppe` int DEFAULT NULL,
  `testFragen_ORDER` int DEFAULT NULL,
  PRIMARY KEY (`id`),
  KEY `FK_testFrage_GRUPPEVONFRAGEN_ID` (`GRUPPEVONFRAGEN_ID`),
  KEY `FK_testFrage_idTestGruppe` (`idTestGruppe`),
  KEY `FK_testFrage_idQuestion` (`idQuestion`),
  CONSTRAINT `FK_testFrage_GRUPPEVONFRAGEN_ID` FOREIGN KEY (`GRUPPEVONFRAGEN_ID`) REFERENCES `fragengruppe` (`id`),
  CONSTRAINT `FK_testFrage_idQuestion` FOREIGN KEY (`idQuestion`) REFERENCES `question` (`id`),
  CONSTRAINT `FK_testFrage_idTestGruppe` FOREIGN KEY (`idTestGruppe`) REFERENCES `testGruppe` (`id`)
) ENGINE=InnoDB DEFAULT CHARSET=utf8mb4 COLLATE=utf8mb4_0900_ai_ci;

--
-- Dumping data for table `testFrage`
--


--
-- Table structure for table `testGruppe`
--

CREATE TABLE `testGruppe` (
  `id` int NOT NULL AUTO_INCREMENT,
  `GRUPPENNAME` varchar(100) DEFAULT NULL,
  `PROZENTBEREICH` double DEFAULT NULL,
  `PROZENTFORPOSITIV` double DEFAULT NULL,
  `PARENT_ID` int DEFAULT NULL,
  `idTest` int DEFAULT NULL,
  PRIMARY KEY (`id`),
  KEY `FK_testGruppe_PARENT_ID` (`PARENT_ID`),
  KEY `FK_testGruppe_idTest` (`idTest`),
  CONSTRAINT `FK_testGruppe_idTest` FOREIGN KEY (`idTest`) REFERENCES `tests` (`id`),
  CONSTRAINT `FK_testGruppe_PARENT_ID` FOREIGN KEY (`PARENT_ID`) REFERENCES `testGruppe` (`id`)
) ENGINE=InnoDB DEFAULT CHARSET=utf8mb4 COLLATE=utf8mb4_0900_ai_ci;

--
-- Dumping data for table `testGruppe`
--


--
-- Table structure for table `testVersuch`
--

CREATE TABLE `testVersuch` (
  `id` int NOT NULL AUTO_INCREMENT,
  `FINISHED` tinyint(1) DEFAULT '0',
  `FOCUSLOST` tinyint(1) DEFAULT '0',
  `FOCUSLOSTCLEARED` tinyint(1) DEFAULT '0',
  `FOCUSLOSTPROTOKOLL` longtext,
  `INDEXSTARTQUESTION` varchar(50) DEFAULT NULL,
  `OPENTESTTIME` int DEFAULT NULL,
  `PUNKTEIST` double DEFAULT NULL,
  `PUNKTESOLL` double DEFAULT NULL,
  `REIHENFOLGE` longtext,
  `REMAININGTIME` int DEFAULT NULL,
  `Startdatum` timestamp NULL DEFAULT NULL,
  `STOPDATUM` timestamp NULL DEFAULT NULL,
  `USEDFORKATALOG` tinyint(1) DEFAULT '0',
  `idGruppe` int DEFAULT NULL,
  `idTest` int DEFAULT NULL,
  `idUser` int DEFAULT NULL,
  `idAnonym` int DEFAULT NULL,
  PRIMARY KEY (`id`),
  KEY `FK_testVersuch_idTest` (`idTest`),
  KEY `FK_testVersuch_idAnonym` (`idAnonym`),
  KEY `FK_testVersuch_idGruppe` (`idGruppe`),
  KEY `FK_testVersuch_idUser` (`idUser`),
  CONSTRAINT `FK_testVersuch_idAnonym` FOREIGN KEY (`idAnonym`) REFERENCES `testVersuch` (`id`),
  CONSTRAINT `FK_testVersuch_idGruppe` FOREIGN KEY (`idGruppe`) REFERENCES `testGruppe` (`id`),
  CONSTRAINT `FK_testVersuch_idTest` FOREIGN KEY (`idTest`) REFERENCES `tests` (`id`),
  CONSTRAINT `FK_testVersuch_idUser` FOREIGN KEY (`idUser`) REFERENCES `user` (`id`)
) ENGINE=InnoDB DEFAULT CHARSET=utf8mb4 COLLATE=utf8mb4_0900_ai_ci;

--
-- Dumping data for table `testVersuch`
--


--
-- Table structure for table `tests`
--

CREATE TABLE `tests` (
  `id` int NOT NULL AUTO_INCREMENT,
  `ABZUGBEIMEHRFACHANTWORT` tinyint(1) DEFAULT '0',
  `ANTWORTMISCHEN` tinyint(1) DEFAULT '0',
  `BEGRENZUNG` tinyint(1) DEFAULT '0',
  `BESCHREIBUNG` varchar(200) DEFAULT NULL,
  `DAUER` int DEFAULT NULL,
  `DONTLEAVE` tinyint(1) DEFAULT '0',
  `FEEDBACK` int DEFAULT NULL,
  `FIXREIHENFOLGE` tinyint(1) DEFAULT '0',
  `FOCUSLOSTONSIZECHANGE` tinyint(1) DEFAULT '0',
  `FRAGENMISCHEN` tinyint(1) DEFAULT '0',
  `GEWICHTUNG` double DEFAULT NULL,
  `GLOBALUNITS` tinyint(1) DEFAULT '0',
  `MODUS` int DEFAULT NULL,
  `ONRAMP` tinyint(1) DEFAULT '0',
  `PASSWORD` varchar(255) DEFAULT NULL,
  `PDFFORSTUDENT` tinyint(1) DEFAULT '0',
  `PUNKTE` int DEFAULT NULL,
  `SHOWUNITS` int DEFAULT NULL,
  `START` tinyint(1) DEFAULT '0',
  `STOP` tinyint(1) DEFAULT '0',
  `TESTDATUM` datetime DEFAULT NULL,
  `TESTNR` int DEFAULT NULL,
  `TESTRESULTS` int DEFAULT NULL,
  `TESTSTART` datetime DEFAULT NULL,
  `TESTSTOP` datetime DEFAULT NULL,
  `UNITGRADINGTYPE` int DEFAULT NULL,
  `UNITPENALTY` double DEFAULT NULL,
  `UNITSLEFT` int DEFAULT NULL,
  `BEURTEILUNGSART_ID` int DEFAULT NULL,
  `idGruppierung` int DEFAULT NULL,
  `MODE_ID` int DEFAULT NULL,
  `tests_ORDER` int DEFAULT NULL,
  PRIMARY KEY (`id`),
  KEY `FK_tests_MODE_ID` (`MODE_ID`),
  KEY `FK_tests_BEURTEILUNGSART_ID` (`BEURTEILUNGSART_ID`),
  KEY `FK_tests_idGruppierung` (`idGruppierung`),
  CONSTRAINT `FK_tests_BEURTEILUNGSART_ID` FOREIGN KEY (`BEURTEILUNGSART_ID`) REFERENCES `beurteilungsart` (`id`),
  CONSTRAINT `FK_tests_idGruppierung` FOREIGN KEY (`idGruppierung`) REFERENCES `gruppierung` (`id`),
  CONSTRAINT `FK_tests_MODE_ID` FOREIGN KEY (`MODE_ID`) REFERENCES `beurteilungsartGlobal` (`id`)
) ENGINE=InnoDB DEFAULT CHARSET=utf8mb4 COLLATE=utf8mb4_0900_ai_ci;

--
-- Dumping data for table `tests`
--


--
-- Table structure for table `user`
--

CREATE TABLE `user` (
  `id` int NOT NULL AUTO_INCREMENT,
  `IDABTEILUNG` int DEFAULT NULL,
  `SVNR` varchar(20) CHARACTER SET latin1 COLLATE latin1_swedish_ci DEFAULT NULL,
  `ACTIVEDIRECTORYNAME` varchar(255) CHARACTER SET latin1 COLLATE latin1_swedish_ci DEFAULT NULL,
  `BIRTHDATE` date DEFAULT NULL,
  `CHANGEABOSPOSSIBLE` tinyint(1) DEFAULT '0',
  `DISABLED` tinyint(1) DEFAULT '0',
  `EMAIL` varchar(100) CHARACTER SET latin1 COLLATE latin1_swedish_ci DEFAULT NULL,
  `HTLID` int DEFAULT NULL,
  `ISADMIN` tinyint(1) DEFAULT '0',
  `ISEXTERN` tinyint(1) DEFAULT '0',
  `ISGLOBAL` tinyint(1) DEFAULT '0',
  `ISMANN` tinyint(1) DEFAULT '0',
  `ISSTUDENT` tinyint(1) DEFAULT '0',
  `ISTEACHER` tinyint(1) DEFAULT '0',
  `LICENCE` varchar(255) CHARACTER SET latin1 COLLATE latin1_swedish_ci DEFAULT NULL,
  `MULTIPLELOGIN` tinyint(1) DEFAULT '0',
  `NACHNAME` varchar(70) CHARACTER SET utf8mb3 COLLATE utf8mb3_general_ci DEFAULT NULL,
  `NAME` varchar(150) CHARACTER SET utf8mb3 COLLATE utf8mb3_general_ci NOT NULL,
  `PASSWORD` varchar(255) CHARACTER SET latin1 COLLATE latin1_swedish_ci DEFAULT NULL,
  `PASSWORT` varchar(40) CHARACTER SET latin1 COLLATE latin1_swedish_ci NOT NULL,
  `PAYINGSTUDENT` tinyint(1) DEFAULT '0',
  `PERSNO` varchar(255) CHARACTER SET latin1 COLLATE latin1_swedish_ci DEFAULT NULL,
  `SASSID` bigint DEFAULT NULL,
  `SOKRATESID` varchar(255) CHARACTER SET latin1 COLLATE latin1_swedish_ci DEFAULT NULL,
  `SVNPASSWORT` varchar(255) CHARACTER SET latin1 COLLATE latin1_swedish_ci DEFAULT NULL,
  `TEL` varchar(40) CHARACTER SET latin1 COLLATE latin1_swedish_ci DEFAULT NULL,
  `TEMPPASSWORT` varchar(255) CHARACTER SET latin1 COLLATE latin1_swedish_ci DEFAULT NULL,
  `USEABOSCATEGORY` tinyint(1) DEFAULT '0',
  `USEABOSUSERS` tinyint(1) DEFAULT '0',
  `USECURRENTYEAR` tinyint(1) DEFAULT '0',
  `USESCHOOLLICENCE` tinyint(1) DEFAULT '0',
  `VORNAME` varchar(70) CHARACTER SET utf8mb3 COLLATE utf8mb3_general_ci DEFAULT NULL,
  `idSchule` int DEFAULT NULL,
  PRIMARY KEY (`id`),
  KEY `FK_user_idSchule` (`idSchule`),
  CONSTRAINT `FK_user_idSchule` FOREIGN KEY (`idSchule`) REFERENCES `schule` (`id`)
) ENGINE=InnoDB AUTO_INCREMENT=3 DEFAULT CHARSET=utf8mb3;

--
-- Dumping data for table `user`
--

INSERT INTO `user` VALUES (1,0,NULL,'',NULL,0,0,NULL,0,0,0,1,0,0,0,NULL,0,NULL,'admin',NULL,'21232f297a57a5a743894ae4a801fc3',0,NULL,0,NULL,'XBCyKZtA2iDaCv9',NULL,'',0,0,0,0,NULL,NULL),(2,0,'','',NULL,0,0,'',0,1,0,0,0,0,1,NULL,0,'adminschule','adminschule','','cb6836d9565bb285785ba9461ace3524',0,NULL,0,'','6scdOxY6itCnZPH',NULL,'adminschule',0,0,0,0,'',1);

--
-- Table structure for table `user_category`
--

CREATE TABLE `user_category` (
  `User_ID` int NOT NULL,
  `aboCategories_ID` int NOT NULL,
  PRIMARY KEY (`User_ID`,`aboCategories_ID`),
  KEY `FK_user_category_aboCategories_ID` (`aboCategories_ID`),
  CONSTRAINT `FK_user_category_aboCategories_ID` FOREIGN KEY (`aboCategories_ID`) REFERENCES `category` (`id`),
  CONSTRAINT `FK_user_category_User_ID` FOREIGN KEY (`User_ID`) REFERENCES `user` (`id`)
) ENGINE=InnoDB DEFAULT CHARSET=utf8mb4 COLLATE=utf8mb4_0900_ai_ci;

--
-- Dumping data for table `user_category`
--


--
-- Table structure for table `user_user`
--

CREATE TABLE `user_user` (
  `bookedAboUsers_ID` int NOT NULL,
  `aboUsers_ID` int NOT NULL,
  PRIMARY KEY (`bookedAboUsers_ID`,`aboUsers_ID`),
  KEY `FK_user_user_aboUsers_ID` (`aboUsers_ID`),
  CONSTRAINT `FK_user_user_aboUsers_ID` FOREIGN KEY (`aboUsers_ID`) REFERENCES `user` (`id`),
  CONSTRAINT `FK_user_user_bookedAboUsers_ID` FOREIGN KEY (`bookedAboUsers_ID`) REFERENCES `user` (`id`)
) ENGINE=InnoDB DEFAULT CHARSET=utf8mb4 COLLATE=utf8mb4_0900_ai_ci;

--
-- Dumping data for table `user_user`
--



